91.43.195.184 - - [28/Apr/2011:20:57:50 +0000] "GET /root/B__rgerservice--86.html HTTP/1.1" 200 19149 "http://www.google.de/search?q=kyffh%C3%A4userkreis&ie=UTF-8&oe=UTF-8&hl=de&client=safari" "Mozilla/5.0 (iPad; U; CPU OS 4_3_1 like Mac OS X; de-de) AppleWebKit/533.17.9 (KHTML, like Gecko) Version/5.0.2 Mobile/8G4 Safari/6533.18.5"
91.43.195.184 - - [28/Apr/2011:20:58:19 +0000] "GET /root/MENUE_RECHTS/Formulare--55.html HTTP/1.1" 200 44128 "http://www.kyffhaeuser.de/lrakyf/index.php?id=86" "Mozilla/5.0 (iPad; U; CPU OS 4_3_1 like Mac OS X; de-de) AppleWebKit/533.17.9 (KHTML, like Gecko) Version/5.0.2 Mobile/8G4 Safari/6533.18.5"
66.249.72.204 - - [28/Apr/2011:20:58:56 +0000] "GET /root/MENUE_RECHTS/Wirtschaft___Verkehr/Firmendatenbank/Firmendatenbank--195.html HTTP/1.1" 200 23131 "" "Mozilla/5.0 (compatible; Googlebot/2.1; +http://www.google.com/bot.html)"
188.138.94.12 - - [28/Apr/2011:21:00:57 +0000] "GET /root/MENUE_RECHTS/Formulare--55.html HTTP/1.1" 200 44128 "" "Mozilla/5.0 (X11; U; Linux i686; de; rv:1.9.0.1; compatible; iCjobs Stellenangebote Jobs; http://www.icjobs.de) Gecko/20100401 iCjobs/3.2.3"
188.138.94.12 - - [28/Apr/2011:21:01:50 +0000] "GET /root/MENUE_RECHTS/Notrufnummern--91.html HTTP/1.1" 200 19490 "" "Mozilla/5.0 (X11; U; Linux i686; de; rv:1.9.0.1; compatible; iCjobs Stellenangebote Jobs; http://www.icjobs.de) Gecko/20100401 iCjobs/3.2.3"
188.138.94.12 - - [28/Apr/2011:21:01:55 +0000] "GET /root/Kontakt--4.html HTTP/1.1" 200 14140 "http://www.kyffhaeuser.de/lrakyf/index.php?id=4&no_cache=1&tx_ricrotation_pi1[banneruid]=2" "Mozilla/5.0 (X11; U; Linux i686; de; rv:1.9.0.1; compatible; iCjobs Stellenangebote Jobs; http://www.icjobs.de) Gecko/20100401 iCjobs/3.2.3"
188.138.94.12 - - [28/Apr/2011:21:01:57 +0000] "GET /root/Kontakt--4.html HTTP/1.1" 200 14140 "http://www.kyffhaeuser.de/lrakyf/index.php?id=82&no_cache=1&tx_ricrotation_pi1[banneruid]=1" "Mozilla/5.0 (X11; U; Linux i686; de; rv:1.9.0.1; compatible; iCjobs Stellenangebote Jobs; http://www.icjobs.de) Gecko/20100401 iCjobs/3.2.3"
188.138.94.12 - - [28/Apr/2011:21:01:57 +0000] "GET /root/Aktuelles/Bekanntmachungen--66.html HTTP/1.1" 200 22649 "" "Mozilla/5.0 (X11; U; Linux i686; de; rv:1.9.0.1; compatible; iCjobs Stellenangebote Jobs; http://www.icjobs.de) Gecko/20100401 iCjobs/3.2.3"
188.138.94.12 - - [28/Apr/2011:21:01:59 +0000] "GET /root/Aktuelles/Bekanntmachungen/2._Quartal_2011--513.html HTTP/1.1" 200 16180 "" "Mozilla/5.0 (X11; U; Linux i686; de; rv:1.9.0.1; compatible; iCjobs Stellenangebote Jobs; http://www.icjobs.de) Gecko/20100401 iCjobs/3.2.3"
188.138.94.12 - - [28/Apr/2011:21:02:00 +0000] "GET /root/Aktuelles/Bekanntmachungen/1._Quartal_2011--509.html HTTP/1.1" 200 16682 "" "Mozilla/5.0 (X11; U; Linux i686; de; rv:1.9.0.1; compatible; iCjobs Stellenangebote Jobs; http://www.icjobs.de) Gecko/20100401 iCjobs/3.2.3"
207.46.13.50 - - [28/Apr/2011:21:02:22 +0000] "GET /root/Landkreis/Orte_von_A-Z/Seega--343.html HTTP/1.1" 200 15358 "" "Mozilla/5.0 (compatible; bingbot/2.0; +http://www.bing.com/bingbot.htm)"
66.249.72.204 - - [28/Apr/2011:21:02:57 +0000] "GET /root/Landkreis/Orte_von_A-Z/Strau__berg--346.html HTTP/1.1" 200 20267 "" "Mozilla/5.0 (compatible; Googlebot/2.1; +http://www.google.com/bot.html)"
88.72.172.72 - - [28/Apr/2011:21:03:29 +0000] "GET /root/Startseite--215.html HTTP/1.1" 200 39592 "" "Mozilla/5.0 (Windows NT 6.0; rv:2.0) Gecko/20100101 Firefox/4.0"
88.72.172.72 - - [28/Apr/2011:21:03:45 +0000] "GET /root/Tourismus___Kultur--12.html HTTP/1.1" 200 33113 "http://www.kyffhaeuser.de/lrakyf/index.php" "Mozilla/5.0 (Windows NT 6.0; rv:2.0) Gecko/20100101 Firefox/4.0"
88.72.172.72 - - [28/Apr/2011:21:03:59 +0000] "GET /root/B__rgerservice--86.html HTTP/1.1" 200 19149 "http://www.kyffhaeuser.de/lrakyf/index.php?id=12" "Mozilla/5.0 (Windows NT 6.0; rv:2.0) Gecko/20100101 Firefox/4.0"
67.195.115.40 - - [28/Apr/2011:21:04:39 +0000] "GET /root/Kontakt--4.html HTTP/1.1" 200 14140 "" "Mozilla/5.0 (compatible; Yahoo! Slurp; http://help.yahoo.com/help/us/ysearch/slurp)"
66.249.72.204 - - [28/Apr/2011:21:06:59 +0000] "GET /root/Landkreis/Orte_von_A-Z/Reinsdorf--332.html HTTP/1.1" 200 15408 "" "Mozilla/5.0 (compatible; Googlebot/2.1; +http://www.google.com/bot.html)"
188.138.94.12 - - [28/Apr/2011:21:07:47 +0000] "GET /root/Aktuelles/Bekanntmachungen/4._Quartal_2010--505.html HTTP/1.1" 200 16740 "" "Mozilla/5.0 (X11; U; Linux i686; de; rv:1.9.0.1; compatible; iCjobs Stellenangebote Jobs; http://www.icjobs.de) Gecko/20100401 iCjobs/3.2.3"
188.138.94.12 - - [28/Apr/2011:21:07:50 +0000] "GET /root/Aktuelles/Bekanntmachungen/3._Quartal_2010--498.html HTTP/1.1" 200 16316 "" "Mozilla/5.0 (X11; U; Linux i686; de; rv:1.9.0.1; compatible; iCjobs Stellenangebote Jobs; http://www.icjobs.de) Gecko/20100401 iCjobs/3.2.3"
188.138.94.12 - - [28/Apr/2011:21:07:52 +0000] "GET /root/Aktuelles/Bekanntmachungen/2._Quartal_2010--493.html HTTP/1.1" 200 14715 "" "Mozilla/5.0 (X11; U; Linux i686; de; rv:1.9.0.1; compatible; iCjobs Stellenangebote Jobs; http://www.icjobs.de) Gecko/20100401 iCjobs/3.2.3"
188.138.94.12 - - [28/Apr/2011:21:07:53 +0000] "GET /root/Aktuelles/Bekanntmachungen/1._Quartal_2010--486.html HTTP/1.1" 200 15870 "" "Mozilla/5.0 (X11; U; Linux i686; de; rv:1.9.0.1; compatible; iCjobs Stellenangebote Jobs; http://www.icjobs.de) Gecko/20100401 iCjobs/3.2.3"
188.138.94.12 - - [28/Apr/2011:21:07:54 +0000] "GET /root/Aktuelles/Vergaben--501.html HTTP/1.1" 200 13033 "" "Mozilla/5.0 (X11; U; Linux i686; de; rv:1.9.0.1; compatible; iCjobs Stellenangebote Jobs; http://www.icjobs.de) Gecko/20100401 iCjobs/3.2.3"
188.138.94.12 - - [28/Apr/2011:21:07:55 +0000] "GET /root/Aktuelles/Ausschreibungen--183.html HTTP/1.1" 200 16993 "" "Mozilla/5.0 (X11; U; Linux i686; de; rv:1.9.0.1; compatible; iCjobs Stellenangebote Jobs; http://www.icjobs.de) Gecko/20100401 iCjobs/3.2.3"
188.138.94.12 - - [28/Apr/2011:21:07:57 +0000] "GET /root/Aktuelles/Pressemitteilungen/Mai_2011--515.html HTTP/1.1" 200 13952 "" "Mozilla/5.0 (X11; U; Linux i686; de; rv:1.9.0.1; compatible; iCjobs Stellenangebote Jobs; http://www.icjobs.de) Gecko/20100401 iCjobs/3.2.3"
188.138.94.12 - - [28/Apr/2011:21:07:58 +0000] "GET /root/Aktuelles/Pressemitteilungen/M__rz_2011--511.html HTTP/1.1" 200 37245 "" "Mozilla/5.0 (X11; U; Linux i686; de; rv:1.9.0.1; compatible; iCjobs Stellenangebote Jobs; http://www.icjobs.de) Gecko/20100401 iCjobs/3.2.3"
188.138.94.12 - - [28/Apr/2011:21:08:00 +0000] "GET /root/Aktuelles/Pressemitteilungen/Februar_2011--510.html HTTP/1.1" 200 49675 "" "Mozilla/5.0 (X11; U; Linux i686; de; rv:1.9.0.1; compatible; iCjobs Stellenangebote Jobs; http://www.icjobs.de) Gecko/20100401 iCjobs/3.2.3"
188.138.94.12 - - [28/Apr/2011:21:08:05 +0000] "GET /root/Aktuelles/Pressemitteilungen/Januar_2011--508.html HTTP/1.1" 200 80999 "" "Mozilla/5.0 (X11; U; Linux i686; de; rv:1.9.0.1; compatible; iCjobs Stellenangebote Jobs; http://www.icjobs.de) Gecko/20100401 iCjobs/3.2.3"
188.138.94.12 - - [28/Apr/2011:21:08:13 +0000] "GET /root/Aktuelles/Pressemitteilungen/Archiv--65.html HTTP/1.1" 200 26406 "" "Mozilla/5.0 (X11; U; Linux i686; de; rv:1.9.0.1; compatible; iCjobs Stellenangebote Jobs; http://www.icjobs.de) Gecko/20100401 iCjobs/3.2.3"
188.138.94.12 - - [28/Apr/2011:21:08:15 +0000] "GET /root/Kreistag/B__rgerinfo--42.html HTTP/1.1" 200 0 "" "Mozilla/5.0 (X11; U; Linux i686; de; rv:1.9.0.1; compatible; iCjobs Stellenangebote Jobs; http://www.icjobs.de) Gecko/20100401 iCjobs/3.2.3"
188.138.94.12 - - [28/Apr/2011:21:08:16 +0000] "GET /root/Kreistag/Ratsinfo--495.html HTTP/1.1" 200 0 "" "Mozilla/5.0 (X11; U; Linux i686; de; rv:1.9.0.1; compatible; iCjobs Stellenangebote Jobs; http://www.icjobs.de) Gecko/20100401 iCjobs/3.2.3"
188.138.94.12 - - [28/Apr/2011:21:08:16 +0000] "GET /root/Kreistag/HH_Satzung_und_HH_Plan_2010_11--502.html HTTP/1.1" 200 31482 "" "Mozilla/5.0 (X11; U; Linux i686; de; rv:1.9.0.1; compatible; iCjobs Stellenangebote Jobs; http://www.icjobs.de) Gecko/20100401 iCjobs/3.2.3"
91.36.180.3 - - [28/Apr/2011:21:08:28 +0000] "GET /root/Aktuelles/Ausschreibungen--183.html HTTP/1.1" 200 16993 "" "Mozilla/4.0 (compatible; MSIE 7.0; Windows NT 6.0; GTB6.6; SLCC1; .NET CLR 2.0.50727; Media Center PC 5.0; .NET CLR 3.0.04506)"
91.36.180.3 - - [28/Apr/2011:21:08:35 +0000] "GET /root/Aktuelles/Stellenausschreibungen--436.html HTTP/1.1" 200 13864 "http://www.kyffhaeuser.de/lrakyf/index.php?id=183" "Mozilla/4.0 (compatible; MSIE 7.0; Windows NT 6.0; GTB6.6; SLCC1; .NET CLR 2.0.50727; Media Center PC 5.0; .NET CLR 3.0.04506)"
66.249.72.204 - - [28/Apr/2011:21:11:00 +0000] "GET /root/Landkreis/Orte_von_A-Z/Gro__furra--269.html HTTP/1.1" 200 17778 "" "Mozilla/5.0 (compatible; Googlebot/2.1; +http://www.google.com/bot.html)"
67.195.115.40 - - [28/Apr/2011:21:12:13 +0000] "GET /root/MENUE_RECHTS/Bildung___Schule/Ausbildung/Bildungstr__ger/EQUAL__KLAR--136.html HTTP/1.1" 200 16196 "" "Mozilla/5.0 (compatible; Yahoo! Slurp; http://help.yahoo.com/help/us/ysearch/slurp)"
65.52.110.65 - - [28/Apr/2011:21:12:22 +0000] "GET /root/MENUE_RECHTS/Wirtschaft___Verkehr/Gewerbe-_und_Indu.../IGG_Greussen--108.html HTTP/1.1" 200 27923 "" "Mozilla/5.0 (compatible; bingbot/2.0; +http://www.bing.com/bingbot.htm)"
109.46.242.20 - - [28/Apr/2011:21:14:02 +0000] "GET /root/Landkreis/Orte_von_A-Z/Immenrode--302.html HTTP/1.1" 200 19017 "http://www.google.de/search?sourceid=navclient&aq=4&oq=immenrode&hl=de&ie=UTF-8&rlz=1T4ADBS_deDE285DE298&q=immenrode+sondershausen" "Mozilla/4.0 (compatible; MSIE 8.0; Windows NT 6.0; Trident/4.0; GTB6.6; SLCC1; .NET CLR 2.0.50727; .NET CLR 3.5.30729; .NET CLR 3.0.30618; .NET4.0C)"
66.249.72.204 - - [28/Apr/2011:21:15:02 +0000] "GET /root/Landkreis/Orte_von_A-Z/Th__ringenhausen--353.html HTTP/1.1" 200 16953 "" "Mozilla/5.0 (compatible; Googlebot/2.1; +http://www.google.com/bot.html)"
87.182.118.10 - - [28/Apr/2011:21:16:00 +0000] "GET /root/Aktuelles/Stellenausschreibungen--436.html HTTP/1.1" 200 13864 "http://www.google.de/url?sa=t&source=web&cd=4&ved=0CC4QFjAD&url=http%3A%2F%2Fwww.kyffhaeuser.de%2Flrakyf%2Findex.php%3Fid%3D436&rct=j&q=Betriebsarzt%20Landratsamt%20Kyffh%C3%A4userkreis&ei=6Ly5TdfKCJDRsgaFrIDrAw&usg=AFQjCNH8SbgsXE8ib7IiJ8UdYTFa-zW8IA" "Mozilla/5.0 (compatible; MSIE 9.0; Windows NT 6.1; Win64; x64; Trident/5.0)"
87.182.118.10 - - [28/Apr/2011:21:16:04 +0000] "GET /root/B__rgerservice--86.html HTTP/1.1" 200 19149 "http://www.kyffhaeuser.de/lrakyf/index.php?id=436" "Mozilla/5.0 (compatible; MSIE 9.0; Windows NT 6.1; Win64; x64; Trident/5.0)"
87.182.118.10 - - [28/Apr/2011:21:16:11 +0000] "GET /root/B__rgerservice/Gesundheitsamt--162.html HTTP/1.1" 200 34082 "http://www.kyffhaeuser.de/lrakyf/index.php?id=86" "Mozilla/5.0 (compatible; MSIE 9.0; Windows NT 6.1; Win64; x64; Trident/5.0)"
66.249.72.204 - - [28/Apr/2011:21:19:04 +0000] "GET /root/MENUE_RECHTS/Wirtschaft___Verkehr/Firmendatenbank/Firmendatenbank--195.html HTTP/1.1" 200 17515 "" "Mozilla/5.0 (compatible; Googlebot/2.1; +http://www.google.com/bot.html)"
207.46.199.55 - - [28/Apr/2011:21:21:52 +0000] "GET /root/B__rgerservice/Ausbildung_im_LRA--49.html HTTP/1.1" 200 23979 "" "Mozilla/5.0 (compatible; bingbot/2.0; +http://www.bing.com/bingbot.htm)"
188.138.94.12 - - [28/Apr/2011:21:23:33 +0000] "GET /root/Kreistag/Kreissatzungen--110.html HTTP/1.1" 200 27946 "" "Mozilla/5.0 (X11; U; Linux i686; de; rv:1.9.0.1; compatible; iCjobs Stellenangebote Jobs; http://www.icjobs.de) Gecko/20100401 iCjobs/3.2.3"
67.195.115.40 - - [28/Apr/2011:21:25:17 +0000] "GET /root/B__rgerservice/Wunschkennzeichen--56.html HTTP/1.1" 200 16474 "" "Mozilla/5.0 (compatible; Yahoo! Slurp; http://help.yahoo.com/help/us/ysearch/slurp)"
139.18.13.202 - - [28/Apr/2011:21:26:47 +0000] "GET /root/MENUE_RECHTS/Jugend___Sport/ST__RKEN_vor_Ort--396.html HTTP/1.1" 200 19954 "" "findlinks/2.0.4 (+http://wortschatz.uni-leipzig.de/findlinks/)"
66.249.72.204 - - [28/Apr/2011:21:27:06 +0000] "GET /root/MENUE_RECHTS/Wirtschaft___Verkehr/Firmendatenbank/Firmendatenbank--195.html HTTP/1.1" 200 15700 "" "Mozilla/5.0 (compatible; Googlebot/2.1; +http://www.google.com/bot.html)"
67.195.115.40 - - [28/Apr/2011:21:27:14 +0000] "GET /root/MENUE_RECHTS/Formulare--55.html HTTP/1.1" 200 44128 "" "Mozilla/5.0 (compatible; Yahoo! Slurp; http://help.yahoo.com/help/us/ysearch/slurp)"
90.187.210.254 - - [28/Apr/2011:21:30:48 +0000] "GET /root/MENUE_RECHTS/Natur___Umwelt/Abfallwirtschaft/Abfallkalender--146.html HTTP/1.1" 200 18212 "http://www.google.de/url?sa=t&source=web&cd=1&ved=0CBkQFjAA&url=http%3A%2F%2Fwww.kyffhaeuser.de%2Flrakyf%2Findex.php%3Fid%3D146&rct=j&q=abfallfibel%20kyffh%C3%A4userkreis&ei=WMC5TY7NM5DfsgbO1LDrAw&usg=AFQjCNG0lHjhzqxeXZXoWtLCh6oqHYxy0g" "Mozilla/5.0 (Windows; U; Windows NT 5.1; de; rv:1.9.2.16) Gecko/20110319 Firefox/3.6.16 ( .NET CLR 3.5.30729)"
66.249.72.204 - - [28/Apr/2011:21:31:08 +0000] "GET /root/Landkreis/Orte_von_A-Z/Sch__nfeld--342.html HTTP/1.1" 200 16788 "" "Mozilla/5.0 (compatible; Googlebot/2.1; +http://www.google.com/bot.html)"
79.214.186.106 - - [28/Apr/2011:21:32:19 +0000] "GET /root/B__rgerservice/Kreismusikschule_--180.html HTTP/1.1" 200 20314 "http://www.google.de/search?q=Musikschue+Sondershausen" "Mozilla/4.0 (compatible; MSIE 8.0; Windows NT 5.1; Trident/4.0; .NET CLR 2.0.50727; .NET CLR 3.0.4506.2152; .NET CLR 3.5.30729)"
67.195.115.40 - - [28/Apr/2011:21:32:30 +0000] "GET /root/Aktuelles/Pressemitteilungen/Oktober_2008--422.html HTTP/1.1" 200 23815 "" "Mozilla/5.0 (compatible; Yahoo! Slurp; http://help.yahoo.com/help/us/ysearch/slurp)"
91.43.160.97 - - [28/Apr/2011:21:32:49 +0000] "GET /root/Tourismus___Kultur/Kulturvereine/Geschichts-__Heimatvereine--218.html HTTP/1.1" 200 21291 "http://www.google.de/url?sa=t&source=web&cd=1&ved=0CBkQFjAA&url=http%3A%2F%2Fwww.kyffhaeuser.de%2Flrakyf%2Findex.php%3Fid%3D218&rct=j&q=Tag%20der%20Vereine%20in%2006571%20Bottendorf%20&ei=4MC5TeDlFcvJsgay0Jm3Bg&usg=AFQjCNHmnHC20T_Rm_AgMS94Uj5ZC_G_Cg&cad=rjt" "Mozilla/5.0 (Windows; U; Windows NT 6.1; de; rv:1.9.2.16) Gecko/20110319 Firefox/3.6.16"
91.43.160.97 - - [28/Apr/2011:21:33:24 +0000] "GET /root/Tourismus___Kultur--12.html HTTP/1.1" 200 33113 "http://www.kyffhaeuser.de/lrakyf/index.php?id=218" "Mozilla/5.0 (Windows; U; Windows NT 6.1; de; rv:1.9.2.16) Gecko/20110319 Firefox/3.6.16"
67.195.115.40 - - [28/Apr/2011:21:34:07 +0000] "GET /root/Aktuelles/Bekanntmachungen/3._Quartal_2007--349.html HTTP/1.1" 200 27042 "" "Mozilla/5.0 (compatible; Yahoo! Slurp; http://help.yahoo.com/help/us/ysearch/slurp)"
91.43.160.97 - - [28/Apr/2011:21:34:22 +0000] "GET /root/Tourismus___Kultur/Aktuelle_Veranstaltungen--286.html HTTP/1.1" 200 26889 "http://www.kyffhaeuser.de/lrakyf/index.php?id=12" "Mozilla/5.0 (Windows; U; Windows NT 6.1; de; rv:1.9.2.16) Gecko/20110319 Firefox/3.6.16"
66.249.72.204 - - [28/Apr/2011:21:35:10 +0000] "GET /root/MENUE_RECHTS/Wirtschaft___Verkehr/Firmendatenbank/Firmendatenbank--195.html HTTP/1.1" 200 19904 "" "Mozilla/5.0 (compatible; Googlebot/2.1; +http://www.google.com/bot.html)"
188.138.94.12 - - [28/Apr/2011:21:35:57 +0000] "GET /root/Landkreis/Abgeordnete_MdB___MdL--252.html HTTP/1.1" 200 23978 "" "Mozilla/5.0 (X11; U; Linux i686; de; rv:1.9.0.1; compatible; iCjobs Stellenangebote Jobs; http://www.icjobs.de) Gecko/20100401 iCjobs/3.2.3"
188.138.94.12 - - [28/Apr/2011:21:36:19 +0000] "GET /root/Landkreis/St__dte_--48.html HTTP/1.1" 200 18378 "" "Mozilla/5.0 (X11; U; Linux i686; de; rv:1.9.0.1; compatible; iCjobs Stellenangebote Jobs; http://www.icjobs.de) Gecko/20100401 iCjobs/3.2.3"
188.138.94.12 - - [28/Apr/2011:21:36:24 +0000] "GET /root/Landkreis/St__dte_/Artern--231.html HTTP/1.1" 200 20017 "" "Mozilla/5.0 (X11; U; Linux i686; de; rv:1.9.0.1; compatible; iCjobs Stellenangebote Jobs; http://www.icjobs.de) Gecko/20100401 iCjobs/3.2.3"
188.138.94.12 - - [28/Apr/2011:21:36:29 +0000] "GET /root/Landkreis/St__dte_/Bad_Frankenhausen--236.html HTTP/1.1" 200 24165 "" "Mozilla/5.0 (X11; U; Linux i686; de; rv:1.9.0.1; compatible; iCjobs Stellenangebote Jobs; http://www.icjobs.de) Gecko/20100401 iCjobs/3.2.3"
188.138.94.12 - - [28/Apr/2011:21:36:35 +0000] "GET /root/Landkreis/St__dte_/Clingen--294.html HTTP/1.1" 200 17802 "" "Mozilla/5.0 (X11; U; Linux i686; de; rv:1.9.0.1; compatible; iCjobs Stellenangebote Jobs; http://www.icjobs.de) Gecko/20100401 iCjobs/3.2.3"
188.138.94.12 - - [28/Apr/2011:21:36:38 +0000] "GET /root/Landkreis/St__dte_/Ebeleben--295.html HTTP/1.1" 200 19454 "" "Mozilla/5.0 (X11; U; Linux i686; de; rv:1.9.0.1; compatible; iCjobs Stellenangebote Jobs; http://www.icjobs.de) Gecko/20100401 iCjobs/3.2.3"
188.138.94.12 - - [28/Apr/2011:21:36:41 +0000] "GET /root/Landkreis/St__dte_/Greu__en--288.html HTTP/1.1" 200 18882 "" "Mozilla/5.0 (X11; U; Linux i686; de; rv:1.9.0.1; compatible; iCjobs Stellenangebote Jobs; http://www.icjobs.de) Gecko/20100401 iCjobs/3.2.3"
188.138.94.12 - - [28/Apr/2011:21:36:46 +0000] "GET /root/Landkreis/St__dte_/Gro__enehrich--293.html HTTP/1.1" 200 23594 "" "Mozilla/5.0 (X11; U; Linux i686; de; rv:1.9.0.1; compatible; iCjobs Stellenangebote Jobs; http://www.icjobs.de) Gecko/20100401 iCjobs/3.2.3"
188.138.94.12 - - [28/Apr/2011:21:36:55 +0000] "GET /root/Landkreis/St__dte_/Heldrungen--289.html HTTP/1.1" 200 17620 "" "Mozilla/5.0 (X11; U; Linux i686; de; rv:1.9.0.1; compatible; iCjobs Stellenangebote Jobs; http://www.icjobs.de) Gecko/20100401 iCjobs/3.2.3"
188.138.94.12 - - [28/Apr/2011:21:37:00 +0000] "GET /root/Landkreis/St__dte_/Ro__leben--290.html HTTP/1.1" 200 25672 "" "Mozilla/5.0 (X11; U; Linux i686; de; rv:1.9.0.1; compatible; iCjobs Stellenangebote Jobs; http://www.icjobs.de) Gecko/20100401 iCjobs/3.2.3"
188.138.94.12 - - [28/Apr/2011:21:37:02 +0000] "GET /root/Landkreis/St__dte_/Sondershausen--291.html HTTP/1.1" 200 18672 "" "Mozilla/5.0 (X11; U; Linux i686; de; rv:1.9.0.1; compatible; iCjobs Stellenangebote Jobs; http://www.icjobs.de) Gecko/20100401 iCjobs/3.2.3"
188.138.94.12 - - [28/Apr/2011:21:37:10 +0000] "GET /root/Landkreis/St__dte_/Wiehe--292.html HTTP/1.1" 200 20090 "" "Mozilla/5.0 (X11; U; Linux i686; de; rv:1.9.0.1; compatible; iCjobs Stellenangebote Jobs; http://www.icjobs.de) Gecko/20100401 iCjobs/3.2.3"
188.138.94.12 - - [28/Apr/2011:21:37:13 +0000] "GET /root/Landkreis/Verwaltungsgemeinschaften--45.html HTTP/1.1" 200 15356 "" "Mozilla/5.0 (X11; U; Linux i686; de; rv:1.9.0.1; compatible; iCjobs Stellenangebote Jobs; http://www.icjobs.de) Gecko/20100401 iCjobs/3.2.3"
188.138.94.12 - - [28/Apr/2011:21:37:19 +0000] "GET /root/Landkreis/Verwaltungsgemein.../VG_Greu__en--314.html HTTP/1.1" 200 16026 "" "Mozilla/5.0 (X11; U; Linux i686; de; rv:1.9.0.1; compatible; iCjobs Stellenangebote Jobs; http://www.icjobs.de) Gecko/20100401 iCjobs/3.2.3"
188.138.94.12 - - [28/Apr/2011:21:37:25 +0000] "GET /root/Landkreis/Verwaltungsgemein.../VG_Kyffh__user--315.html HTTP/1.1" 200 17889 "" "Mozilla/5.0 (X11; U; Linux i686; de; rv:1.9.0.1; compatible; iCjobs Stellenangebote Jobs; http://www.icjobs.de) Gecko/20100401 iCjobs/3.2.3"
188.138.94.12 - - [28/Apr/2011:21:37:31 +0000] "GET /root/Landkreis/Verwaltungsgemein.../VG_Mittelzentrum--316.html HTTP/1.1" 200 16666 "" "Mozilla/5.0 (X11; U; Linux i686; de; rv:1.9.0.1; compatible; iCjobs Stellenangebote Jobs; http://www.icjobs.de) Gecko/20100401 iCjobs/3.2.3"
188.138.94.12 - - [28/Apr/2011:21:37:39 +0000] "GET /root/Landkreis/Verwaltungsgemein.../VG_An_der_Schm__cke--317.html HTTP/1.1" 200 17797 "" "Mozilla/5.0 (X11; U; Linux i686; de; rv:1.9.0.1; compatible; iCjobs Stellenangebote Jobs; http://www.icjobs.de) Gecko/20100401 iCjobs/3.2.3"
188.138.94.12 - - [28/Apr/2011:21:37:45 +0000] "GET /root/Landkreis/Orte_von_A-Z--47.html HTTP/1.1" 200 36162 "" "Mozilla/5.0 (X11; U; Linux i686; de; rv:1.9.0.1; compatible; iCjobs Stellenangebote Jobs; http://www.icjobs.de) Gecko/20100401 iCjobs/3.2.3"
188.138.94.12 - - [28/Apr/2011:21:37:46 +0000] "GET /root/Landkreis/Vorstellung_Landrat--111.html HTTP/1.1" 200 29446 "" "Mozilla/5.0 (X11; U; Linux i686; de; rv:1.9.0.1; compatible; iCjobs Stellenangebote Jobs; http://www.icjobs.de) Gecko/20100401 iCjobs/3.2.3"
188.138.94.12 - - [28/Apr/2011:21:37:53 +0000] "GET /root/Landkreis/Geschichte___Geog.../Wappen--9.html HTTP/1.1" 200 17087 "" "Mozilla/5.0 (X11; U; Linux i686; de; rv:1.9.0.1; compatible; iCjobs Stellenangebote Jobs; http://www.icjobs.de) Gecko/20100401 iCjobs/3.2.3"
188.138.94.12 - - [28/Apr/2011:21:37:56 +0000] "GET /root/Landkreis/Geschichte___Geog.../Wappen--9.html HTTP/1.1" 200 17087 "" "Mozilla/5.0 (X11; U; Linux i686; de; rv:1.9.0.1; compatible; iCjobs Stellenangebote Jobs; http://www.icjobs.de) Gecko/20100401 iCjobs/3.2.3"
188.138.94.12 - - [28/Apr/2011:21:37:57 +0000] "GET /root/Landkreis/Geschichte___Geog.../Geografie--8.html HTTP/1.1" 200 15540 "" "Mozilla/5.0 (X11; U; Linux i686; de; rv:1.9.0.1; compatible; iCjobs Stellenangebote Jobs; http://www.icjobs.de) Gecko/20100401 iCjobs/3.2.3"
188.138.94.12 - - [28/Apr/2011:21:38:00 +0000] "GET /root/Landkreis/Ber__hmte_Pers__nlichkeiten--418.html HTTP/1.1" 200 25471 "" "Mozilla/5.0 (X11; U; Linux i686; de; rv:1.9.0.1; compatible; iCjobs Stellenangebote Jobs; http://www.icjobs.de) Gecko/20100401 iCjobs/3.2.3"
188.138.94.12 - - [28/Apr/2011:21:38:02 +0000] "GET /root/B__rgerservice/Landratsamt--427.html HTTP/1.1" 200 26870 "" "Mozilla/5.0 (X11; U; Linux i686; de; rv:1.9.0.1; compatible; iCjobs Stellenangebote Jobs; http://www.icjobs.de) Gecko/20100401 iCjobs/3.2.3"
188.138.94.12 - - [28/Apr/2011:21:38:05 +0000] "GET /root/B__rgerservice/Organigramm_LRA--182.html HTTP/1.1" 200 25964 "" "Mozilla/5.0 (X11; U; Linux i686; de; rv:1.9.0.1; compatible; iCjobs Stellenangebote Jobs; http://www.icjobs.de) Gecko/20100401 iCjobs/3.2.3"
188.138.94.12 - - [28/Apr/2011:21:38:09 +0000] "GET /root/B__rgerservice/Amt_f__r_Kommunalaufsicht--176.html HTTP/1.1" 200 18523 "" "Mozilla/5.0 (X11; U; Linux i686; de; rv:1.9.0.1; compatible; iCjobs Stellenangebote Jobs; http://www.icjobs.de) Gecko/20100401 iCjobs/3.2.3"
188.138.94.12 - - [28/Apr/2011:21:38:16 +0000] "GET /root/B__rgerservice/Amt_f__r_Wirtschaftsf__rderung--175.html HTTP/1.1" 200 20233 "" "Mozilla/5.0 (X11; U; Linux i686; de; rv:1.9.0.1; compatible; iCjobs Stellenangebote Jobs; http://www.icjobs.de) Gecko/20100401 iCjobs/3.2.3"
188.138.94.12 - - [28/Apr/2011:21:38:18 +0000] "GET /root/B__rgerservice/Ausl__nderbeh__rde--169.html HTTP/1.1" 200 23517 "" "Mozilla/5.0 (X11; U; Linux i686; de; rv:1.9.0.1; compatible; iCjobs Stellenangebote Jobs; http://www.icjobs.de) Gecko/20100401 iCjobs/3.2.3"
188.138.94.12 - - [28/Apr/2011:21:38:24 +0000] "GET /root/B__rgerservice/Bauverwaltungsamt--156.html HTTP/1.1" 200 34146 "" "Mozilla/5.0 (X11; U; Linux i686; de; rv:1.9.0.1; compatible; iCjobs Stellenangebote Jobs; http://www.icjobs.de) Gecko/20100401 iCjobs/3.2.3"
66.249.72.204 - - [28/Apr/2011:21:39:11 +0000] "GET /root/MENUE_RECHTS/Wirtschaft___Verkehr/Firmendatenbank/Firmendatenbank--195.html HTTP/1.1" 200 15392 "" "Mozilla/5.0 (compatible; Googlebot/2.1; +http://www.google.com/bot.html)"
90.187.210.254 - - [28/Apr/2011:21:39:40 +0000] "GET /root/MENUE_RECHTS/Natur___Umwelt/Abfallwirtschaft--76.html HTTP/1.1" 200 16154 "http://www.kyffhaeuser.de/lrakyf/index.php?id=146" "Mozilla/5.0 (Windows; U; Windows NT 5.1; de; rv:1.9.2.16) Gecko/20110319 Firefox/3.6.16 ( .NET CLR 3.5.30729)"
67.195.115.40 - - [28/Apr/2011:21:39:53 +0000] "GET /root/Aktuelles/Bekanntmachungen/1._Quartal_2007/vom_01.03.2007--117.html HTTP/1.1" 200 20348 "" "Mozilla/5.0 (compatible; Yahoo! Slurp; http://help.yahoo.com/help/us/ysearch/slurp)"
80.130.243.75 - - [28/Apr/2011:21:41:37 +0000] "GET /root/Landkreis--85.html HTTP/1.1" 200 17985 "http://www.google.com/search?q=landkreis+kyffh%C3%A4user+kreis&ie=utf-8&oe=utf-8&aq=t&rls=org.mozilla:de:official&client=firefox-a" "Mozilla/5.0 (Windows; U; Windows NT 5.1; de; rv:1.9.0.10) Gecko/2009042316 Firefox/3.0.10 (.NET CLR 3.5.30729)"
87.171.127.124 - - [28/Apr/2011:21:41:53 +0000] "GET /root/Startseite--215.html HTTP/1.1" 200 39592 "" "Mozilla/5.0 (Windows; U; Windows NT 6.1; de; rv:1.9.2.16) Gecko/20110319 Firefox/3.6.16"
87.171.127.124 - - [28/Apr/2011:21:42:00 +0000] "GET /root/MENUE_RECHTS/Formulare--55.html HTTP/1.1" 200 44128 "http://www.kyffhaeuser.de/lrakyf/index.php" "Mozilla/5.0 (Windows; U; Windows NT 6.1; de; rv:1.9.2.16) Gecko/20110319 Firefox/3.6.16"
80.130.243.75 - - [28/Apr/2011:21:42:08 +0000] "GET /root/Kontakt--4.html HTTP/1.1" 200 14140 "http://www.kyffhaeuser.de/lrakyf/index.php?id=85" "Mozilla/5.0 (Windows; U; Windows NT 5.1; de; rv:1.9.0.10) Gecko/2009042316 Firefox/3.0.10 (.NET CLR 3.5.30729)"
80.130.243.75 - - [28/Apr/2011:21:42:17 +0000] "GET /root/Landkreis--85.html HTTP/1.1" 200 17985 "http://www.kyffhaeuser.de/lrakyf/index.php?id=4" "Mozilla/5.0 (Windows; U; Windows NT 5.1; de; rv:1.9.0.10) Gecko/2009042316 Firefox/3.0.10 (.NET CLR 3.5.30729)"
80.130.243.75 - - [28/Apr/2011:21:42:39 +0000] "GET /root/Landkreis/Vorstellung_Landrat--111.html HTTP/1.1" 200 29446 "http://www.kyffhaeuser.de/lrakyf/index.php?id=85" "Mozilla/5.0 (Windows; U; Windows NT 5.1; de; rv:1.9.0.10) Gecko/2009042316 Firefox/3.0.10 (.NET CLR 3.5.30729)"
87.171.127.124 - - [28/Apr/2011:21:44:31 +0000] "GET /root/Kontakt--4.html HTTP/1.1" 200 14140 "http://www.kyffhaeuser.de/lrakyf/index.php?id=55" "Mozilla/5.0 (Windows; U; Windows NT 6.1; de; rv:1.9.2.16) Gecko/20110319 Firefox/3.6.16"
87.171.127.124 - - [28/Apr/2011:21:44:54 +0000] "GET /root/MENUE_RECHTS/Wirtschaft___Verkehr--5.html HTTP/1.1" 200 18958 "http://www.kyffhaeuser.de/lrakyf/index.php?id=4" "Mozilla/5.0 (Windows; U; Windows NT 6.1; de; rv:1.9.2.16) Gecko/20110319 Firefox/3.6.16"
77.21.146.8 - - [28/Apr/2011:21:45:00 +0000] "GET /root/Kontakt--4.html HTTP/1.1" 200 14140 "" "findlinks/2.0.2 (+http://wortschatz.uni-leipzig.de/findlinks/)"
87.171.127.124 - - [28/Apr/2011:21:45:07 +0000] "GET /root/Kontakt--4.html HTTP/1.1" 200 14140 "http://www.kyffhaeuser.de/lrakyf/index.php?id=5" "Mozilla/5.0 (Windows; U; Windows NT 6.1; de; rv:1.9.2.16) Gecko/20110319 Firefox/3.6.16"
87.171.127.124 - - [28/Apr/2011:21:45:09 +0000] "GET /root/MENUE_OBEN/Impressum--83.html HTTP/1.1" 200 22573 "http://www.kyffhaeuser.de/lrakyf/index.php?id=84" "Mozilla/5.0 (Windows; U; Windows NT 6.1; de; rv:1.9.2.16) Gecko/20110319 Firefox/3.6.16"
88.75.167.141 - - [28/Apr/2011:21:45:57 +0000] "GET /root/MENUE_RECHTS/Wirtschaft___Verkehr/Firmendatenbank/Firmendatenbank--195.html HTTP/1.1" 200 39604 "http://www.bing.com/search?q=gr%C3%BCndungsjahr+schindler+gmbh+sondershausen+&go=&form=QBRE&qs=n&sk=" "Mozilla/4.0 (compatible; MSIE 7.0; Windows NT 6.0; GTB6.6; SLCC1; .NET CLR 2.0.50727; Media Center PC 5.0; InfoPath.1; .NET CLR 3.5.30729; .NET CLR 3.0.30618)"
90.187.210.254 - - [28/Apr/2011:21:47:11 +0000] "GET /root/MENUE_RECHTS/Natur___Umwelt/Abfallwirtschaft/Schadstoffkleinmengen--189.html HTTP/1.1" 200 13907 "http://www.kyffhaeuser.de/lrakyf/index.php?id=76" "Mozilla/5.0 (Windows; U; Windows NT 5.1; de; rv:1.9.2.16) Gecko/20110319 Firefox/3.6.16 ( .NET CLR 3.5.30729)"
66.249.72.204 - - [28/Apr/2011:21:47:14 +0000] "GET /root/Tourismus___Kultur/KULTouren/Burgen_und_Schl__sser--380.html HTTP/1.1" 200 14886 "" "Mozilla/5.0 (compatible; Googlebot/2.1; +http://www.google.com/bot.html)"
90.187.210.254 - - [28/Apr/2011:21:47:34 +0000] "GET /root/MENUE_RECHTS/Natur___Umwelt--75.html HTTP/1.1" 200 15982 "http://www.kyffhaeuser.de/lrakyf/index.php?id=189" "Mozilla/5.0 (Windows; U; Windows NT 5.1; de; rv:1.9.2.16) Gecko/20110319 Firefox/3.6.16 ( .NET CLR 3.5.30729)"
90.187.210.254 - - [28/Apr/2011:21:48:09 +0000] "GET /root/MENUE_RECHTS/Natur___Umwelt/Abfallwirtschaft/Abfallkalender--146.html HTTP/1.1" 200 18212 "http://www.kyffhaeuser.de/lrakyf/index.php?id=75" "Mozilla/5.0 (Windows; U; Windows NT 5.1; de; rv:1.9.2.16) Gecko/20110319 Firefox/3.6.16 ( .NET CLR 3.5.30729)"
88.75.167.141 - - [28/Apr/2011:21:48:27 +0000] "GET /root/MENUE_RECHTS/Wirtschaft___Verkehr/Firmendatenbank/Firmendatenbank--195.html HTTP/1.1" 200 22872 "http://www.bing.com/search?q=gr%C3%BCndungsjahr+schindler+gmbh+sondershausen+&go=&form=QBRE&qs=n&sk=" "Mozilla/4.0 (compatible; MSIE 7.0; Windows NT 6.0; GTB6.6; SLCC1; .NET CLR 2.0.50727; Media Center PC 5.0; InfoPath.1; .NET CLR 3.5.30729; .NET CLR 3.0.30618)"
84.184.53.187 - - [28/Apr/2011:21:51:30 +0000] "GET /root/Aktuelles/Stellenausschreibungen--436.html HTTP/1.1" 200 13864 "" "Mozilla/5.0 (Windows NT 6.1; WOW64; rv:2.0) Gecko/20100101 Firefox/4.0"
77.20.40.115 - - [28/Apr/2011:21:55:18 +0000] "GET /root/MENUE_RECHTS/Jugend___Sport/Formulare_Jugendarbeit--388.html HTTP/1.1" 200 14966 "" "findlinks/2.0.2 (+http://wortschatz.uni-leipzig.de/findlinks/)"
66.249.72.204 - - [28/Apr/2011:21:55:18 +0000] "GET /root/Tourismus___Kultur/KULTouren/Parkanlagen--381.html HTTP/1.1" 200 14830 "" "Mozilla/5.0 (compatible; Googlebot/2.1; +http://www.google.com/bot.html)"
66.249.72.204 - - [28/Apr/2011:21:59:19 +0000] "GET /root/Landkreis/Wahlen_2009/Kommunalwahl--456.html HTTP/1.1" 200 16169 "" "Mozilla/5.0 (compatible; Googlebot/2.1; +http://www.google.com/bot.html)"
178.202.75.175 - - [28/Apr/2011:22:02:21 +0000] "GET /root/Aktuelles/Pressemitteilungen/Mai_2007--277.html HTTP/1.1" 200 568 "http://www.google.de/search?hl=de&client=firefox-a&rls=org.mozilla%3Ade%3Aofficial&channel=s&biw=1440&bih=686&q=wo+kann+ich+milchs%C3%A4ure+15%25+beziehen&btnG=Suche&aq=f&aqi=&aql=&oq=" "Mozilla/5.0 (Windows; U; Windows NT 6.1; de; rv:1.9.2.16) Gecko/20110319 Firefox/3.6.16"
178.202.75.175 - - [28/Apr/2011:22:02:20 +0000] "GET /root/Aktuelles/Pressemitteilungen/Mai_2007--277.html HTTP/1.1" 200 61562 "http://www.google.de/search?hl=de&client=firefox-a&rls=org.mozilla%3Ade%3Aofficial&channel=s&biw=1440&bih=686&q=wo+kann+ich+milchs%C3%A4ure+15%25+beziehen&btnG=Suche&aq=f&aqi=&aql=&oq=" "Mozilla/5.0 (Windows; U; Windows NT 6.1; de; rv:1.9.2.16) Gecko/20110319 Firefox/3.6.16"
188.103.35.165 - - [28/Apr/2011:22:12:37 +0000] "GET /root/Startseite--215.html HTTP/1.1" 200 39592 "" "Mozilla/4.0 (compatible; MSIE 8.0; Windows NT 6.1; WOW64; Trident/4.0; GTB6.6; SLCC2; .NET CLR 2.0.50727; .NET CLR 3.5.30729; .NET CLR 3.0.30729; Media Center PC 6.0; .NET4.0C)"
67.195.115.40 - - [28/Apr/2011:22:15:16 +0000] "GET /root/MENUE_RECHTS/Wirtschaft___Verkehr/Firmendatenbank/Firmendatenbank--195.html HTTP/1.1" 200 15389 "" "Mozilla/5.0 (compatible; Yahoo! Slurp; http://help.yahoo.com/help/us/ysearch/slurp)"
66.249.72.204 - - [28/Apr/2011:22:15:25 +0000] "GET /root/Aktuelles/Pressemitteilungen/April_2007--249.html HTTP/1.1" 200 48716 "" "Mozilla/5.0 (compatible; Googlebot/2.1; +http://www.google.com/bot.html)"
82.98.104.65 - - [28/Apr/2011:22:19:48 +0000] "GET /root/Landkreis/Abgeordnete_MdB___MdL--252.html HTTP/1.1" 200 23978 "" "Mozilla/5.0 (Windows; U; Windows NT 6.1; en-US) AppleWebKit/533.20.25 (KHTML, like Gecko) Version/5.0.4 Safari/533.20.27"
67.195.115.40 - - [28/Apr/2011:22:23:19 +0000] "GET /root/MENUE_RECHTS/Wirtschaft___Verkehr/Firmendarstellungen--398.html HTTP/1.1" 200 21000 "" "Mozilla/5.0 (compatible; Yahoo! Slurp; http://help.yahoo.com/help/us/ysearch/slurp)"
87.171.119.159 - - [28/Apr/2011:22:23:20 +0000] "GET /root/Aktuelles/Stellenausschreibungen--436.html HTTP/1.1" 200 13864 "http://www.google.de/url?sa=t&source=web&cd=1&ved=0CCwQFjAA&url=http%3A%2F%2Fwww.kyffhaeuser.de%2Flrakyf%2Findex.php%3Fid%3D436&rct=j&q=landratsamt%20sondershausen%20stellenausschreibung&ei=wcy5TeK9AobKswa0mqnrAw&usg=AFQjCNH8SbgsXE8ib7IiJ8UdYTFa-zW8IA" "Mozilla/5.0 (Windows; U; Windows NT 6.1; de; rv:1.9.2.16) Gecko/20110319 Firefox/3.6.16"
87.171.119.159 - - [28/Apr/2011:22:23:25 +0000] "GET /root/Aktuelles/Stellenausschreibungen--436.html HTTP/1.1" 200 13864 "http://www.kyffhaeuser.de/lrakyf/index.php?id=436" "Mozilla/5.0 (Windows; U; Windows NT 6.1; de; rv:1.9.2.16) Gecko/20110319 Firefox/3.6.16"
87.171.119.159 - - [28/Apr/2011:22:23:34 +0000] "GET /root/Aktuelles/Stellenausschreibungen--436.html HTTP/1.1" 200 13864 "http://www.kyffhaeuser.de/lrakyf/index.php?id=436" "Mozilla/5.0 (Windows; U; Windows NT 6.1; de; rv:1.9.2.16) Gecko/20110319 Firefox/3.6.16"
87.171.119.159 - - [28/Apr/2011:22:24:08 +0000] "GET /root/Aktuelles/Ausschreibungen--183.html HTTP/1.1" 200 16993 "http://www.kyffhaeuser.de/lrakyf/index.php?id=436" "Mozilla/5.0 (Windows; U; Windows NT 6.1; de; rv:1.9.2.16) Gecko/20110319 Firefox/3.6.16"
87.171.119.159 - - [28/Apr/2011:22:24:11 +0000] "GET /root/Soziales___Gesundheit--32.html HTTP/1.1" 200 17526 "http://www.kyffhaeuser.de/lrakyf/index.php?id=183" "Mozilla/5.0 (Windows; U; Windows NT 6.1; de; rv:1.9.2.16) Gecko/20110319 Firefox/3.6.16"
87.171.119.159 - - [28/Apr/2011:22:24:18 +0000] "GET /root/Soziales___Gesund.../Soziale_Projekte--138.html HTTP/1.1" 200 28136 "http://www.kyffhaeuser.de/lrakyf/index.php?id=32" "Mozilla/5.0 (Windows; U; Windows NT 6.1; de; rv:1.9.2.16) Gecko/20110319 Firefox/3.6.16"
87.171.119.159 - - [28/Apr/2011:22:24:44 +0000] "GET /root/Soziales___Gesundheit--32.html HTTP/1.1" 200 17526 "http://www.kyffhaeuser.de/lrakyf/index.php?id=138" "Mozilla/5.0 (Windows; U; Windows NT 6.1; de; rv:1.9.2.16) Gecko/20110319 Firefox/3.6.16"
87.171.119.159 - - [28/Apr/2011:22:24:48 +0000] "GET /root/Soziales___Gesund.../Familie___Kinder--38.html HTTP/1.1" 200 23881 "http://www.kyffhaeuser.de/lrakyf/index.php?id=32" "Mozilla/5.0 (Windows; U; Windows NT 6.1; de; rv:1.9.2.16) Gecko/20110319 Firefox/3.6.16"
87.171.119.159 - - [28/Apr/2011:22:25:01 +0000] "GET /root/Soziales___Gesund.../Soziale_Einrichtu.../Kindertagesst__tten--303.html HTTP/1.1" 200 14030 "http://www.kyffhaeuser.de/lrakyf/index.php?id=32" "Mozilla/5.0 (Windows; U; Windows NT 6.1; de; rv:1.9.2.16) Gecko/20110319 Firefox/3.6.16"
87.171.119.159 - - [28/Apr/2011:22:25:18 +0000] "GET /root/MENUE_RECHTS/Bildung___Schule--67.html HTTP/1.1" 200 21602 "http://www.kyffhaeuser.de/lrakyf/index.php?id=33" "Mozilla/5.0 (Windows; U; Windows NT 6.1; de; rv:1.9.2.16) Gecko/20110319 Firefox/3.6.16"
87.171.119.159 - - [28/Apr/2011:22:25:23 +0000] "GET /root/MENUE_RECHTS/Bildung___Schule/Ausbildung/Freie_Tr__ger--153.html HTTP/1.1" 200 15567 "http://www.kyffhaeuser.de/lrakyf/index.php?id=67" "Mozilla/5.0 (Windows; U; Windows NT 6.1; de; rv:1.9.2.16) Gecko/20110319 Firefox/3.6.16"
157.55.112.203 - - [28/Apr/2011:22:25:29 +0000] "GET /root/Startseite--215.html HTTP/1.1" 200 39592 "" "Mozilla/4.0 (compatible; MSIE 8.0; Windows NT 5.1; Trident/5.0; SV1; .NET CLR 1.1.4325; .NET CLR 2.0.50727; .NET CLR 3.0.30729; .NET CLR 3.5.30707; MS-RTC LM 8)"
66.249.72.204 - - [28/Apr/2011:22:27:31 +0000] "GET /root/MENUE_RECHTS/Wirtschaft___Verkehr/Firmendatenbank/Firmendatenbank--195.html HTTP/1.1" 200 15314 "" "Mozilla/5.0 (compatible; Googlebot/2.1; +http://www.google.com/bot.html)"
188.103.83.254 - - [28/Apr/2011:22:30:37 +0000] "GET /root/MENUE_RECHTS/Wirtschaft___Verkehr/Autobahnbau_A_38___A_71_--296.html HTTP/1.1" 200 17932 "http://www.google.de/search?hl=de&client=firefox-a&hs=bMt&rls=org.mozilla%3Ade%3Aofficial&q=a71+auf+a38&aq=f&aqi=&aql=&oq=" "Mozilla/5.0 (Windows; U; Windows NT 5.1; de; rv:1.9.2.13) Gecko/20101203 Firefox/3.6.13 ( .NET CLR 3.5.30729; .NET4.0C)"
84.181.78.189 - - [28/Apr/2011:22:35:06 +0000] "GET /root/Landkreis--85.html HTTP/1.1" 200 17985 "http://www.google.de/url?sa=t&source=web&cd=1&ved=0CCIQqwMoAjAA&url=http%3A%2F%2Fwww.kyffhaeuser.de%2Flrakyf%2Findex.php%3Fid%3D85&rct=j&q=Kyffh%C3%A4userkreis&ei=f8-5Tb7pOYTBswalpfHqAw&usg=AFQjCNGwIB6lzh9TYOC3G1iWb9mr43YUHQ" "Mozilla/4.0 (compatible; MSIE 8.0; Windows NT 6.1; WOW64; Trident/4.0; SLCC2; .NET CLR 2.0.50727; .NET CLR 3.5.30729; .NET CLR 3.0.30729; Media Center PC 6.0; InfoPath.2)"
84.181.78.189 - - [28/Apr/2011:22:35:20 +0000] "GET /root/Landkreis/Vorstellung_Landrat--111.html HTTP/1.1" 200 29446 "http://www.kyffhaeuser.de/lrakyf/index.php?id=85" "Mozilla/4.0 (compatible; MSIE 8.0; Windows NT 6.1; WOW64; Trident/4.0; SLCC2; .NET CLR 2.0.50727; .NET CLR 3.5.30729; .NET CLR 3.0.30729; Media Center PC 6.0; InfoPath.2)"
84.181.78.189 - - [28/Apr/2011:22:36:03 +0000] "GET /root/Landkreis/Ber__hmte_Pers__nlichkeiten--418.html HTTP/1.1" 200 25471 "http://www.kyffhaeuser.de/lrakyf/index.php?id=111" "Mozilla/4.0 (compatible; MSIE 8.0; Windows NT 6.1; WOW64; Trident/4.0; SLCC2; .NET CLR 2.0.50727; .NET CLR 3.5.30729; .NET CLR 3.0.30729; Media Center PC 6.0; InfoPath.2)"
84.181.78.189 - - [28/Apr/2011:22:36:42 +0000] "GET /root/Aktuelles--79.html HTTP/1.1" 200 26602 "http://www.kyffhaeuser.de/lrakyf/index.php?id=418" "Mozilla/4.0 (compatible; MSIE 8.0; Windows NT 6.1; WOW64; Trident/4.0; SLCC2; .NET CLR 2.0.50727; .NET CLR 3.5.30729; .NET CLR 3.0.30729; Media Center PC 6.0; InfoPath.2)"
84.181.78.189 - - [28/Apr/2011:22:36:47 +0000] "GET /root/Aktuelles/Stellenausschreibungen--436.html HTTP/1.1" 200 13864 "http://www.kyffhaeuser.de/lrakyf/index.php?id=79" "Mozilla/4.0 (compatible; MSIE 8.0; Windows NT 6.1; WOW64; Trident/4.0; SLCC2; .NET CLR 2.0.50727; .NET CLR 3.5.30729; .NET CLR 3.0.30729; Media Center PC 6.0; InfoPath.2)"
84.181.78.189 - - [28/Apr/2011:22:36:52 +0000] "GET /root/Aktuelles/Ausschreibungen--183.html HTTP/1.1" 200 16993 "http://www.kyffhaeuser.de/lrakyf/index.php?id=436" "Mozilla/4.0 (compatible; MSIE 8.0; Windows NT 6.1; WOW64; Trident/4.0; SLCC2; .NET CLR 2.0.50727; .NET CLR 3.5.30729; .NET CLR 3.0.30729; Media Center PC 6.0; InfoPath.2)"
84.181.78.189 - - [28/Apr/2011:22:38:09 +0000] "GET /root/Aktuelles/Stellenausschreibungen--436.html HTTP/1.1" 200 13864 "http://www.kyffhaeuser.de/lrakyf/index.php?id=183" "Mozilla/4.0 (compatible; MSIE 8.0; Windows NT 6.1; WOW64; Trident/4.0; SLCC2; .NET CLR 2.0.50727; .NET CLR 3.5.30729; .NET CLR 3.0.30729; Media Center PC 6.0; InfoPath.2)"
84.181.78.189 - - [28/Apr/2011:22:38:42 +0000] "GET /root/Kreistag--39.html HTTP/1.1" 200 15091 "http://www.kyffhaeuser.de/lrakyf/index.php?id=436" "Mozilla/4.0 (compatible; MSIE 8.0; Windows NT 6.1; WOW64; Trident/4.0; SLCC2; .NET CLR 2.0.50727; .NET CLR 3.5.30729; .NET CLR 3.0.30729; Media Center PC 6.0; InfoPath.2)"
84.181.78.189 - - [28/Apr/2011:22:38:48 +0000] "GET /root/Kreistag/Ratsinfo--495.html HTTP/1.1" 200 0 "http://www.kyffhaeuser.de/lrakyf/index.php?id=39" "Mozilla/4.0 (compatible; MSIE 8.0; Windows NT 6.1; WOW64; Trident/4.0; SLCC2; .NET CLR 2.0.50727; .NET CLR 3.5.30729; .NET CLR 3.0.30729; Media Center PC 6.0; InfoPath.2)"
84.181.78.189 - - [28/Apr/2011:22:39:08 +0000] "GET /root/Kreistag/Kreissatzungen--110.html HTTP/1.1" 200 27946 "http://www.kyffhaeuser.de/lrakyf/index.php?id=39" "Mozilla/4.0 (compatible; MSIE 8.0; Windows NT 6.1; WOW64; Trident/4.0; SLCC2; .NET CLR 2.0.50727; .NET CLR 3.5.30729; .NET CLR 3.0.30729; Media Center PC 6.0; InfoPath.2)"
84.181.78.189 - - [28/Apr/2011:22:39:20 +0000] "GET /root/Kreistag/HH_Satzung_und_HH_Plan_2010_11--502.html HTTP/1.1" 200 31482 "http://www.kyffhaeuser.de/lrakyf/index.php?id=110" "Mozilla/4.0 (compatible; MSIE 8.0; Windows NT 6.1; WOW64; Trident/4.0; SLCC2; .NET CLR 2.0.50727; .NET CLR 3.5.30729; .NET CLR 3.0.30729; Media Center PC 6.0; InfoPath.2)"
65.52.110.13 - - [28/Apr/2011:22:41:09 +0000] "GET /root/Kontakt--4.html HTTP/1.1" 200 14140 "" "Mozilla/5.0 (compatible; bingbot/2.0; +http://www.bing.com/bingbot.htm)"
84.181.78.189 - - [28/Apr/2011:22:41:21 +0000] "GET /root/Kreistag--39.html HTTP/1.1" 200 15091 "http://www.kyffhaeuser.de/lrakyf/index.php?id=436" "Mozilla/4.0 (compatible; MSIE 8.0; Windows NT 6.1; WOW64; Trident/4.0; SLCC2; .NET CLR 2.0.50727; .NET CLR 3.5.30729; .NET CLR 3.0.30729; Media Center PC 6.0; InfoPath.2)"
84.181.78.189 - - [28/Apr/2011:22:41:22 +0000] "GET /root/Aktuelles/Stellenausschreibungen--436.html HTTP/1.1" 200 13864 "http://www.kyffhaeuser.de/lrakyf/index.php?id=183" "Mozilla/4.0 (compatible; MSIE 8.0; Windows NT 6.1; WOW64; Trident/4.0; SLCC2; .NET CLR 2.0.50727; .NET CLR 3.5.30729; .NET CLR 3.0.30729; Media Center PC 6.0; InfoPath.2)"
67.195.115.40 - - [28/Apr/2011:22:45:38 +0000] "GET /root/Landkreis/Orte_von_A-Z/Strau__berg--346.html HTTP/1.1" 200 20267 "" "Mozilla/5.0 (compatible; Yahoo! Slurp; http://help.yahoo.com/help/us/ysearch/slurp)"
77.20.40.148 - - [28/Apr/2011:22:46:03 +0000] "GET /root/Landkreis/Verwaltungsgemeinschaften--45.html HTTP/1.1" 200 15356 "" "findlinks/2.0.2 (+http://wortschatz.uni-leipzig.de/findlinks/)"
66.249.72.204 - - [28/Apr/2011:22:48:05 +0000] "GET /root/B__rgerservice/Dienststelle_Artern--164.html HTTP/1.1" 200 27937 "" "Mozilla/5.0 (compatible; Googlebot/2.1; +http://www.google.com/bot.html)"
67.195.115.40 - - [28/Apr/2011:22:49:49 +0000] "GET /root/Aktuelles/Pressemitteilungen/Juni_2007--312.html HTTP/1.1" 200 50446 "" "Mozilla/5.0 (compatible; Yahoo! Slurp; http://help.yahoo.com/help/us/ysearch/slurp)"
66.249.72.204 - - [28/Apr/2011:22:51:39 +0000] "GET /root/MENUE_RECHTS/Wirtschaft___Verkehr/Firmendatenbank/Firmendatenbank--195.html HTTP/1.1" 200 16523 "" "Mozilla/5.0 (compatible; Googlebot/2.1; +http://www.google.com/bot.html)"
95.64.12.34 - - [28/Apr/2011:23:07:22 +0000] "GET /root/Startseite--215.html HTTP/1.1" 200 39592 "http://www.kyffhaeuser.de/lrakyf/index.php" "Mozilla/4.0 (compatible; MSIE 5.0; Windows NT; DigExt)"
67.195.115.40 - - [28/Apr/2011:23:08:01 +0000] "GET /root/Kontakt--4.html HTTP/1.1" 200 14140 "" "Mozilla/5.0 (compatible; Yahoo! Slurp; http://help.yahoo.com/help/us/ysearch/slurp)"
91.43.195.184 - - [28/Apr/2011:23:09:35 +0000] "GET /root/B__rgerservice--86.html HTTP/1.1" 200 19149 "" "Mozilla/5.0 (iPad; U; CPU OS 4_3_1 like Mac OS X; de-de) AppleWebKit/533.17.9 (KHTML, like Gecko) Version/5.0.2 Mobile/8G4 Safari/6533.18.5"
188.138.90.169 - - [28/Apr/2011:23:09:49 +0000] "GET /root/MENUE_RECHTS/Jugend___Sport/Freizeitangebote--73.html HTTP/1.1" 200 19245 "" "findlinks/2.0.4 (+http://wortschatz.uni-leipzig.de/findlinks/)"
66.249.72.204 - - [28/Apr/2011:23:12:06 +0000] "GET /root/MENUE_OBEN/Sitemap--82.html HTTP/1.1" 200 63147 "" "Mozilla/5.0 (compatible; Googlebot/2.1; +http://www.google.com/bot.html)"
207.46.195.241 - - [28/Apr/2011:23:16:32 +0000] "GET /root/Kontakt--4.html HTTP/1.1" 200 14140 "" "Mozilla/5.0 (compatible; bingbot/2.0; +http://www.bing.com/bingbot.htm)"
178.5.198.163 - - [28/Apr/2011:23:23:03 +0000] "GET /root/Aktuelles/Baustellen_im_Landkreis--264.html HTTP/1.1" 200 18986 "http://www.google.de/url?sa=t&source=web&cd=1&ved=0CCAQFjAA&url=http%3A%2F%2Fwww.kyffhaeuser.de%2Flrakyf%2Findex.php%3Fid%3D264&rct=j&q=sperrung%20zwischen%20sachsenburg%20und%20k%C3%B6lleda&ei=utq5TdbEKIzwsgaW5ujqAw&usg=AFQjCNF9LZAyNWeAk-xrQSG_00Ur1cVASQ" "Mozilla/4.0 (compatible; MSIE 8.0; Windows NT 6.1; WOW64; Trident/4.0; SLCC2; .NET CLR 2.0.50727; .NET CLR 3.5.30729; .NET CLR 3.0.30729; Media Center PC 6.0; HPNTDF; .NET4.0C)"
67.195.115.40 - - [28/Apr/2011:23:34:05 +0000] "GET /root/Tourismus___Kultur/Kulturvereine/Theater-__Musikvereine--221.html HTTP/1.1" 200 15606 "" "Mozilla/5.0 (compatible; Yahoo! Slurp; http://help.yahoo.com/help/us/ysearch/slurp)"
207.46.204.236 - - [28/Apr/2011:23:40:00 +0000] "GET /root/B__rgerservice/Sozialamt--161.html HTTP/1.1" 200 22575 "" "Mozilla/5.0 (compatible; bingbot/2.0; +http://www.bing.com/bingbot.htm)"
66.249.72.204 - - [28/Apr/2011:23:47:08 +0000] "GET /root/Startseite--215.html HTTP/1.1" 200 39592 "" "Mozilla/5.0 (compatible; Googlebot/2.1; +http://www.google.com/bot.html)"
67.195.115.40 - - [28/Apr/2011:23:49:02 +0000] "GET /root/Landkreis/Orte_von_A-Z/Ringleben--333.html HTTP/1.1" 200 15277 "" "Mozilla/5.0 (compatible; Yahoo! Slurp; http://help.yahoo.com/help/us/ysearch/slurp)"
50.17.108.179 - - [28/Apr/2011:23:49:06 +0000] "GET /root/MENUE_RECHTS/Wirtschaft___Verkehr/Firmendatenbank/Firmendatenbank--195.html HTTP/1.1" 200 16115 "" "Mozilla/5.0 (compatible; woriobot support [at] worio [dot] com +http://worio.com)"
67.195.115.40 - - [28/Apr/2011:23:51:11 +0000] "GET /root/MENUE_RECHTS/Wirtschaft___Verkehr/Firmendatenbank/Firmendatenbank--195.html HTTP/1.1" 200 16052 "" "Mozilla/5.0 (compatible; Yahoo! Slurp; http://help.yahoo.com/help/us/ysearch/slurp)"
85.25.184.24 - - [28/Apr/2011:23:56:22 +0000] "GET /root/Startseite--215.html HTTP/1.1" 200 39592 "http://www.kyffhaeuser.de" "Mozilla/5.0 (X11; U; Linux i686; de; rv:1.9.0.1; compatible; iCjobs Stellenangebote Jobs; http://www.icjobs.de) Gecko/20100401 iCjobs/3.2.3"
85.25.184.24 - - [28/Apr/2011:23:56:23 +0000] "GET /root/Startseite--215.html HTTP/1.1" 200 39592 "" "Mozilla/5.0 (X11; U; Linux i686; de; rv:1.9.0.1; compatible; iCjobs Stellenangebote Jobs; http://www.icjobs.de) Gecko/20100401 iCjobs/3.2.3"
85.25.184.24 - - [28/Apr/2011:23:56:27 +0000] "GET /root/Kontakt--4.html HTTP/1.1" 200 14140 "" "Mozilla/5.0 (X11; U; Linux i686; de; rv:1.9.0.1; compatible; iCjobs Stellenangebote Jobs; http://www.icjobs.de) Gecko/20100401 iCjobs/3.2.3"
85.25.184.24 - - [28/Apr/2011:23:56:28 +0000] "GET /root/MENUE_OBEN/Sitemap--82.html HTTP/1.1" 200 63147 "" "Mozilla/5.0 (X11; U; Linux i686; de; rv:1.9.0.1; compatible; iCjobs Stellenangebote Jobs; http://www.icjobs.de) Gecko/20100401 iCjobs/3.2.3"
85.25.184.24 - - [28/Apr/2011:23:56:40 +0000] "GET /root/B__rgerservice/Ausbildung_im_LRA--49.html HTTP/1.1" 200 23979 "" "Mozilla/5.0 (X11; U; Linux i686; de; rv:1.9.0.1; compatible; iCjobs Stellenangebote Jobs; http://www.icjobs.de) Gecko/20100401 iCjobs/3.2.3"
85.25.184.24 - - [28/Apr/2011:23:56:49 +0000] "GET /root/Aktuelles/Stellenausschreibungen--436.html HTTP/1.1" 200 13864 "" "Mozilla/5.0 (X11; U; Linux i686; de; rv:1.9.0.1; compatible; iCjobs Stellenangebote Jobs; http://www.icjobs.de) Gecko/20100401 iCjobs/3.2.3"
65.52.110.80 - - [28/Apr/2011:23:59:02 +0000] "GET /root/Kontakt--4.html HTTP/1.1" 200 14140 "" "Mozilla/5.0 (compatible; bingbot/2.0; +http://www.bing.com/bingbot.htm)"
66.249.72.204 - - [28/Apr/2011:23:59:46 +0000] "GET /root/MENUE_RECHTS/Wirtschaft___Verkehr/Firmendatenbank/Firmendatenbank--195.html HTTP/1.1" 200 15314 "" "Mozilla/5.0 (compatible; Googlebot/2.1; +http://www.google.com/bot.html)"
65.52.110.86 - - [28/Apr/2011:23:59:58 +0000] "GET /root/Startseite--215.html HTTP/1.1" 200 39592 "" "Mozilla/5.0 (compatible; bingbot/2.0; +http://www.bing.com/bingbot.htm)"
85.25.184.24 - - [29/Apr/2011:00:02:06 +0000] "GET /root/B__rgerservice/Gleichstellungsbeauftragte--179.html HTTP/1.1" 200 18741 "" "Mozilla/5.0 (X11; U; Linux i686; de; rv:1.9.0.1; compatible; iCjobs Stellenangebote Jobs; http://www.icjobs.de) Gecko/20100401 iCjobs/3.2.3"
85.25.184.24 - - [29/Apr/2011:00:02:07 +0000] "GET /root/Tourismus___Kultur/K__nstler_--428.html HTTP/1.1" 200 16452 "" "Mozilla/5.0 (X11; U; Linux i686; de; rv:1.9.0.1; compatible; iCjobs Stellenangebote Jobs; http://www.icjobs.de) Gecko/20100401 iCjobs/3.2.3"
85.25.184.24 - - [29/Apr/2011:00:02:08 +0000] "GET /root/Aktuelles/Baustellen_im_Landkreis--264.html HTTP/1.1" 200 18986 "" "Mozilla/5.0 (X11; U; Linux i686; de; rv:1.9.0.1; compatible; iCjobs Stellenangebote Jobs; http://www.icjobs.de) Gecko/20100401 iCjobs/3.2.3"
85.25.184.24 - - [29/Apr/2011:00:02:09 +0000] "GET /root/B__rgerservice/Jobcenter--361.html HTTP/1.1" 200 20923 "" "Mozilla/5.0 (X11; U; Linux i686; de; rv:1.9.0.1; compatible; iCjobs Stellenangebote Jobs; http://www.icjobs.de) Gecko/20100401 iCjobs/3.2.3"
85.25.184.24 - - [29/Apr/2011:00:02:10 +0000] "GET /root/B__rgerservice/Dienststelle_Artern--164.html HTTP/1.1" 200 27937 "" "Mozilla/5.0 (X11; U; Linux i686; de; rv:1.9.0.1; compatible; iCjobs Stellenangebote Jobs; http://www.icjobs.de) Gecko/20100401 iCjobs/3.2.3"
85.25.184.24 - - [29/Apr/2011:00:02:12 +0000] "GET /root/B__rgerservice/B__rgerservice__F__hrerscheins--172.html HTTP/1.1" 200 19856 "" "Mozilla/5.0 (X11; U; Linux i686; de; rv:1.9.0.1; compatible; iCjobs Stellenangebote Jobs; http://www.icjobs.de) Gecko/20100401 iCjobs/3.2.3"
85.25.184.24 - - [29/Apr/2011:00:02:14 +0000] "GET /root/Aktuelles--79.html HTTP/1.1" 200 26602 "" "Mozilla/5.0 (X11; U; Linux i686; de; rv:1.9.0.1; compatible; iCjobs Stellenangebote Jobs; http://www.icjobs.de) Gecko/20100401 iCjobs/3.2.3"
85.25.184.24 - - [29/Apr/2011:00:02:20 +0000] "GET /root/Kontakt--4.html HTTP/1.1" 200 14140 "" "Mozilla/5.0 (X11; U; Linux i686; de; rv:1.9.0.1; compatible; iCjobs Stellenangebote Jobs; http://www.icjobs.de) Gecko/20100401 iCjobs/3.2.3"
85.25.184.24 - - [29/Apr/2011:00:02:21 +0000] "GET /root/B__rgerservice/Veterin__ramt___Lebensmittel__--167.html HTTP/1.1" 200 22102 "" "Mozilla/5.0 (X11; U; Linux i686; de; rv:1.9.0.1; compatible; iCjobs Stellenangebote Jobs; http://www.icjobs.de) Gecko/20100401 iCjobs/3.2.3"
85.25.184.24 - - [29/Apr/2011:00:02:22 +0000] "GET /root/Tourismus___Kultur/Herbergen____bernachtungen--225.html HTTP/1.1" 200 16667 "" "Mozilla/5.0 (X11; U; Linux i686; de; rv:1.9.0.1; compatible; iCjobs Stellenangebote Jobs; http://www.icjobs.de) Gecko/20100401 iCjobs/3.2.3"
85.25.184.24 - - [29/Apr/2011:00:02:23 +0000] "GET /root/Soziales___Gesund.../Soziale_Projekte--138.html HTTP/1.1" 200 28136 "" "Mozilla/5.0 (X11; U; Linux i686; de; rv:1.9.0.1; compatible; iCjobs Stellenangebote Jobs; http://www.icjobs.de) Gecko/20100401 iCjobs/3.2.3"
85.25.184.24 - - [29/Apr/2011:00:02:26 +0000] "GET /root/Kontakt--4.html HTTP/1.1" 200 14140 "http://www.kyffhaeuser.de/lrakyf/index.php?id=215&no_cache=1&tx_ricrotation_pi1[banneruid]=9" "Mozilla/5.0 (X11; U; Linux i686; de; rv:1.9.0.1; compatible; iCjobs Stellenangebote Jobs; http://www.icjobs.de) Gecko/20100401 iCjobs/3.2.3"
85.25.184.24 - - [29/Apr/2011:00:02:27 +0000] "GET /root/Startseite--215.html HTTP/1.1" 200 39592 "" "Mozilla/5.0 (X11; U; Linux i686; de; rv:1.9.0.1; compatible; iCjobs Stellenangebote Jobs; http://www.icjobs.de) Gecko/20100401 iCjobs/3.2.3"
85.25.184.24 - - [29/Apr/2011:00:02:28 +0000] "GET /root/Kreistag--39.html HTTP/1.1" 200 15091 "" "Mozilla/5.0 (X11; U; Linux i686; de; rv:1.9.0.1; compatible; iCjobs Stellenangebote Jobs; http://www.icjobs.de) Gecko/20100401 iCjobs/3.2.3"
85.25.184.24 - - [29/Apr/2011:00:02:29 +0000] "GET /root/Landkreis--85.html HTTP/1.1" 200 17985 "" "Mozilla/5.0 (X11; U; Linux i686; de; rv:1.9.0.1; compatible; iCjobs Stellenangebote Jobs; http://www.icjobs.de) Gecko/20100401 iCjobs/3.2.3"
