65.52.108.14 - - [29/Apr/2011:03:06:21 +0000] "GET /root/Aktuelles/Pressemitteilungen/M__rz_2011--511.html HTTP/1.1" 200 37245 "" "Mozilla/5.0 (compatible; bingbot/2.0; +http://www.bing.com/bingbot.htm)"
77.20.40.148 - - [29/Apr/2011:03:10:00 +0000] "GET /root/Kontakt--4.html HTTP/1.1" 200 14140 "" "findlinks/2.0.2 (+http://wortschatz.uni-leipzig.de/findlinks/)"
77.21.146.8 - - [29/Apr/2011:03:11:07 +0000] "GET /root/MENUE_RECHTS/Jugend___Sport/Bereichsjugendpfleger--74.html HTTP/1.1" 200 15611 "" "findlinks/2.0.2 (+http://wortschatz.uni-leipzig.de/findlinks/)"
66.249.72.204 - - [29/Apr/2011:03:16:38 +0000] "GET /root/MENUE_RECHTS/Wirtschaft___Verkehr/Firmendatenbank/Firmendatenbank--195.html HTTP/1.1" 200 14302 "" "Mozilla/5.0 (compatible; Googlebot/2.1; +http://www.google.com/bot.html)"
77.20.40.148 - - [29/Apr/2011:03:16:55 +0000] "GET /root/Soziales___Gesund.../Soziale_Einrichtu.../Krankenh__user--34.html HTTP/1.1" 200 17698 "" "findlinks/2.0.2 (+http://wortschatz.uni-leipzig.de/findlinks/)"
67.195.115.40 - - [29/Apr/2011:03:20:13 +0000] "GET /root/Landkreis/Orte_von_A-Z/Keula--285.html HTTP/1.1" 200 17237 "" "Mozilla/5.0 (compatible; Yahoo! Slurp; http://help.yahoo.com/help/us/ysearch/slurp)"
67.195.115.40 - - [29/Apr/2011:03:25:52 +0000] "GET /root/Landkreis/Orte_von_A-Z/Kleinbr__chter--306.html HTTP/1.1" 200 20800 "" "Mozilla/5.0 (compatible; Yahoo! Slurp; http://help.yahoo.com/help/us/ysearch/slurp)"
77.21.146.8 - - [29/Apr/2011:03:34:47 +0000] "GET /root/Kontakt--4.html HTTP/1.1" 200 14140 "" "findlinks/2.0.2 (+http://wortschatz.uni-leipzig.de/findlinks/)"
67.195.115.40 - - [29/Apr/2011:03:36:19 +0000] "GET /root/B__rgerservice/Gesundheitsamt--162.html HTTP/1.1" 200 34082 "" "Mozilla/5.0 (compatible; Yahoo! Slurp; http://help.yahoo.com/help/us/ysearch/slurp)"
66.249.72.204 - - [29/Apr/2011:03:41:09 +0000] "GET /root/Aktuelles/Pressemitteilungen/August_2008--416.html HTTP/1.1" 200 30145 "" "Mozilla/5.0 (compatible; Googlebot/2.1; +http://www.google.com/bot.html)"
67.195.115.40 - - [29/Apr/2011:03:45:25 +0000] "GET /root/Aktuelles/Pressemitteilungen--63.html HTTP/1.1" 200 14000 "" "Mozilla/5.0 (compatible; Yahoo! Slurp; http://help.yahoo.com/help/us/ysearch/slurp)"
207.46.204.168 - - [29/Apr/2011:03:55:52 +0000] "GET /root/Startseite--215.html HTTP/1.1" 200 39592 "" "Mozilla/4.0 (compatible; MSIE 8.0; Windows NT 5.1; Trident/5.0; SV1; .NET CLR 1.1.4325; .NET CLR 2.0.50727; .NET CLR 3.0.30729; .NET CLR 3.5.30707; MS-RTC LM 8)"
67.195.115.40 - - [29/Apr/2011:03:58:48 +0000] "GET /root/MENUE_RECHTS/Bildung___Schule/F__rderschulen--68.html HTTP/1.1" 200 15768 "" "Mozilla/5.0 (compatible; Yahoo! Slurp; http://help.yahoo.com/help/us/ysearch/slurp)"
78.46.3.154 - - [29/Apr/2011:04:00:31 +0000] "GET /root/Landkreis/St__dte_--48.html HTTP/1.1" 200 18378 "" "Mozilla/4.0 (compatible; MSIE 6.0; Windows NT 5.1)"
67.195.115.40 - - [29/Apr/2011:04:01:15 +0000] "GET /root/Kontakt--4.html HTTP/1.1" 200 14140 "" "Mozilla/5.0 (compatible; Yahoo! Slurp; http://help.yahoo.com/help/us/ysearch/slurp)"
67.195.115.40 - - [29/Apr/2011:04:14:27 +0000] "GET /root/Aktuelles/Bekanntmachungen/1._Quartal_2007/vom_16.02.2007-6--126.html HTTP/1.1" 200 17204 "" "Mozilla/5.0 (compatible; Yahoo! Slurp; http://help.yahoo.com/help/us/ysearch/slurp)"
207.46.204.178 - - [29/Apr/2011:04:17:30 +0000] "GET /root/Kontakt--4.html HTTP/1.1" 200 14140 "" "Mozilla/5.0 (compatible; bingbot/2.0; +http://www.bing.com/bingbot.htm)"
95.108.245.252 - - [29/Apr/2011:04:19:24 +0000] "GET /root/Startseite--215.html HTTP/1.1" 200 39592 "" "Mozilla/5.0 (compatible; YandexBot/3.0; +http://yandex.com/bots)"
66.249.72.204 - - [29/Apr/2011:04:22:02 +0000] "GET /root/MENUE_RECHTS/Wirtschaft___Verkehr/Firmendatenbank/Firmendatenbank--195.html HTTP/1.1" 200 16121 "" "Mozilla/5.0 (compatible; Googlebot/2.1; +http://www.google.com/bot.html)"
67.195.115.40 - - [29/Apr/2011:04:22:14 +0000] "GET /root/Aktuelles/Bekanntmachungen--66.html HTTP/1.1" 200 22649 "" "Mozilla/5.0 (compatible; Yahoo! Slurp; http://help.yahoo.com/help/us/ysearch/slurp)"
65.52.110.77 - - [29/Apr/2011:04:25:29 +0000] "GET /root/MENUE_RECHTS/Wirtschaft___Verkehr/IHK___HWK-_Inform.../Existenzgr__ndung--408.html HTTP/1.1" 200 24081 "" "Mozilla/5.0 (compatible; bingbot/2.0; +http://www.bing.com/bingbot.htm)"
67.195.115.40 - - [29/Apr/2011:04:26:51 +0000] "GET /root/Landkreis/Orte_von_A-Z/Oberspier--323.html HTTP/1.1" 200 19432 "" "Mozilla/5.0 (compatible; Yahoo! Slurp; http://help.yahoo.com/help/us/ysearch/slurp)"
207.46.204.189 - - [29/Apr/2011:04:36:59 +0000] "GET /root/MENUE_RECHTS/Jugend___Sport/Kyffh__userkreis_f__r_Demokrat--390.html HTTP/1.1" 200 23983 "" "Mozilla/5.0 (compatible; bingbot/2.0; +http://www.bing.com/bingbot.htm)"
88.131.106.8 - - [29/Apr/2011:04:39:20 +0000] "GET /root/Kontakt--4.html HTTP/1.1" 200 14140 "" "Mozilla/5.0 (Windows; U; Windows NT 5.1; en-US) Speedy Spider (http://www.entireweb.com/about/search_tech/speedy_spider/)"
67.195.115.40 - - [29/Apr/2011:04:41:24 +0000] "GET /root/Landkreis/Orte_von_A-Z/Oldisleben--325.html HTTP/1.1" 200 20130 "" "Mozilla/5.0 (compatible; Yahoo! Slurp; http://help.yahoo.com/help/us/ysearch/slurp)"
65.52.108.60 - - [29/Apr/2011:04:46:29 +0000] "GET /root/Startseite--215.html HTTP/1.1" 200 39592 "" "Mozilla/5.0 (compatible; bingbot/2.0; +http://www.bing.com/bingbot.htm)"
67.195.115.40 - - [29/Apr/2011:04:46:34 +0000] "GET /root/Aktuelles/Pressemitteilungen/Februar_2011--510.html HTTP/1.1" 200 49675 "" "Mozilla/5.0 (compatible; Yahoo! Slurp; http://help.yahoo.com/help/us/ysearch/slurp)"
207.46.204.238 - - [29/Apr/2011:04:47:59 +0000] "GET /root/Landkreis/Verwaltungsgemein.../VG_Greu__en--314.html HTTP/1.1" 200 16026 "" "Mozilla/5.0 (compatible; bingbot/2.0; +http://www.bing.com/bingbot.htm)"
66.249.72.204 - - [29/Apr/2011:04:50:39 +0000] "GET /root/MENUE_RECHTS/Wirtschaft___Verkehr/Treffpunkt_Wirtschaft--347.html HTTP/1.1" 200 17001 "" "Mozilla/5.0 (compatible; Googlebot/2.1; +http://www.google.com/bot.html)"
88.131.106.2 - - [29/Apr/2011:04:51:48 +0000] "GET /root/Soziales___Gesund.../Selbsthilfegruppen/Sucht_Drogen_Angeh__rige--214.html HTTP/1.1" 200 14664 "" "Mozilla/5.0 (Windows; U; Windows NT 5.1; en-US) Speedy Spider (http://www.entireweb.com/about/search_tech/speedy_spider/)"
207.46.13.43 - - [29/Apr/2011:04:55:05 +0000] "GET /root/Kontakt--4.html HTTP/1.1" 200 14140 "" "Mozilla/5.0 (compatible; bingbot/2.0; +http://www.bing.com/bingbot.htm)"
66.249.72.204 - - [29/Apr/2011:05:02:55 +0000] "GET /root/Landkreis/Orte_von_A-Z/Langenroda--304.html HTTP/1.1" 200 20671 "" "Mozilla/5.0 (compatible; Googlebot/2.1; +http://www.google.com/bot.html)"
67.195.115.40 - - [29/Apr/2011:05:04:33 +0000] "GET /root/B__rgerservice/B__rgerservice__KFZ-_Zulassung--268.html HTTP/1.1" 200 18183 "" "Mozilla/5.0 (compatible; Yahoo! Slurp; http://help.yahoo.com/help/us/ysearch/slurp)"
67.195.115.40 - - [29/Apr/2011:05:18:36 +0000] "GET /root/B__rgerservice/Beh__rdenwegweiser--59.html HTTP/1.1" 200 15445 "" "Mozilla/5.0 (compatible; Yahoo! Slurp; http://help.yahoo.com/help/us/ysearch/slurp)"
67.195.115.40 - - [29/Apr/2011:05:24:29 +0000] "GET /root/MENUE_RECHTS/Jugend___Sport/Jugendhilfepreis_2008--426.html HTTP/1.1" 200 18811 "" "Mozilla/5.0 (compatible; Yahoo! Slurp; http://help.yahoo.com/help/us/ysearch/slurp)"
207.46.204.191 - - [29/Apr/2011:05:30:30 +0000] "GET /root/MENUE_RECHTS/Wirtschaft___Verkehr/Firmendatenbank/Firmendatenbank--195.html HTTP/1.1" 200 15390 "" "Mozilla/5.0 (compatible; bingbot/2.0; +http://www.bing.com/bingbot.htm)"
207.46.13.46 - - [29/Apr/2011:05:33:28 +0000] "GET /root/Startseite--215.html HTTP/1.1" 200 39592 "" "Mozilla/5.0 (compatible; bingbot/2.0; +http://www.bing.com/bingbot.htm)"
94.181.204.82 - - [29/Apr/2011:05:33:35 +0000] "GET /root/Startseite--215.html HTTP/1.1" 200 39592 "http://www.kyffhaeuser.de/lrakyf/index.php" "Mozilla/4.0 (compatible; MSIE 6.0; Windows NT 5.1; FREE; .NET CLR 1.1.4322)"
207.46.195.107 - - [29/Apr/2011:05:33:59 +0000] "GET /root/Aktuelles/Pressemitteilungen--63.html HTTP/1.1" 200 14000 "" "Mozilla/5.0 (compatible; bingbot/2.0; +http://www.bing.com/bingbot.htm)"
67.195.115.40 - - [29/Apr/2011:05:45:38 +0000] "GET /root/Landkreis/Orte_von_A-Z/Immenrode--302.html HTTP/1.1" 200 19017 "" "Mozilla/5.0 (compatible; Yahoo! Slurp; http://help.yahoo.com/help/us/ysearch/slurp)"
66.249.72.204 - - [29/Apr/2011:06:08:23 +0000] "GET /root/Kontakt--4.html HTTP/1.1" 200 14140 "" "Mozilla/5.0 (compatible; Googlebot/2.1; +http://www.google.com/bot.html)"
95.108.245.252 - - [29/Apr/2011:06:09:05 +0000] "GET /root/Aktuelles/Pressemitteilungen/Januar_2011--508.html HTTP/1.1" 200 80999 "" "Mozilla/5.0 (compatible; YandexBot/3.0; +http://yandex.com/bots)"
65.52.110.85 - - [29/Apr/2011:06:18:58 +0000] "GET /root/Startseite--215.html HTTP/1.1" 200 39592 "" "Mozilla/5.0 (compatible; bingbot/2.0; +http://www.bing.com/bingbot.htm)"
67.195.115.40 - - [29/Apr/2011:06:22:59 +0000] "GET /root/Aktuelles/Pressemitteilungen/Januar_2007--113.html HTTP/1.1" 200 31670 "" "Mozilla/5.0 (compatible; Yahoo! Slurp; http://help.yahoo.com/help/us/ysearch/slurp)"
65.52.110.13 - - [29/Apr/2011:06:29:30 +0000] "GET /root/Aktuelles/Pressemitteilungen/August_2008--416.html HTTP/1.1" 200 30145 "" "Mozilla/5.0 (compatible; bingbot/2.0; +http://www.bing.com/bingbot.htm)"
67.195.115.40 - - [29/Apr/2011:06:32:03 +0000] "GET /root/Landkreis/Orte_von_A-Z/Allmenhausen--232.html HTTP/1.1" 200 17006 "" "Mozilla/5.0 (compatible; Yahoo! Slurp; http://help.yahoo.com/help/us/ysearch/slurp)"
67.195.115.40 - - [29/Apr/2011:06:33:54 +0000] "GET /root/Landkreis/Orte_von_A-Z/Rockstedt--336.html HTTP/1.1" 200 23353 "" "Mozilla/5.0 (compatible; Yahoo! Slurp; http://help.yahoo.com/help/us/ysearch/slurp)"
67.195.115.40 - - [29/Apr/2011:06:39:31 +0000] "GET /root/Tourismus___Kultur/K__nstler_--428.html HTTP/1.1" 200 16452 "" "Mozilla/5.0 (compatible; Yahoo! Slurp; http://help.yahoo.com/help/us/ysearch/slurp)"
188.110.89.238 - - [29/Apr/2011:06:40:43 +0000] "GET /root/Aktuelles/Ausschreibungen--183.html HTTP/1.1" 200 16993 "" "Mozilla/4.0 (compatible; MSIE 8.0; Windows NT 6.1)"
145.254.180.253 - - [29/Apr/2011:06:40:56 +0000] "GET /root/Landkreis/Orte_von_A-Z/Esperstedt--245.html HTTP/1.1" 200 18985 "http://www.google.de/url?sa=t&source=web&cd=1&ved=0CBsQFjAA&url=http%3A%2F%2Fwww.kyffhaeuser.de%2Flrakyf%2Findex.php%3Fid%3D245&rct=j&q=esperstedt%20kyffh%C3%A4userkreis&ei=SkG6TeHGDIf3sgbxieFw&usg=AFQjCNEToD3AT9dMj_fDdvi71pMnvhw7hg" "Mozilla/4.0 (compatible; MSIE 8.0; Windows NT 6.1; WOW64; Trident/4.0; SLCC2; .NET CLR 2.0.50727; .NET CLR 3.5.30729; .NET CLR 3.0.30729; Media Center PC 6.0; CMNTDF; BRI/1; .NET4.0C)"
66.249.72.204 - - [29/Apr/2011:06:49:13 +0000] "GET /root/Tourismus___Kultur--12.html HTTP/1.1" 200 33113 "" "Mozilla/5.0 (compatible; Googlebot/2.1; +http://www.google.com/bot.html)"
139.18.2.209 - - [29/Apr/2011:06:52:28 +0000] "GET /root/Landkreis/Abgeordnete_MdB___MdL--252.html HTTP/1.1" 200 23978 "" "findlinks/2.0.1 (+http://wortschatz.uni-leipzig.de/findlinks/)"
66.249.72.204 - - [29/Apr/2011:06:53:18 +0000] "GET /root/Startseite--215.html HTTP/1.1" 200 39592 "" "Mozilla/5.0 (compatible; Googlebot/2.1; +http://www.google.com/bot.html)"
67.195.115.40 - - [29/Apr/2011:07:00:07 +0000] "GET /root/MENUE_RECHTS/Jugend___Sport/Formulare_Jugendarbeit--388.html HTTP/1.1" 200 14966 "" "Mozilla/5.0 (compatible; Yahoo! Slurp; http://help.yahoo.com/help/us/ysearch/slurp)"
66.249.72.204 - - [29/Apr/2011:07:01:28 +0000] "GET /root/Landkreis/Geschichte___Geog.../Wappen--9.html HTTP/1.1" 200 17087 "" "Mozilla/5.0 (compatible; Googlebot/2.1; +http://www.google.com/bot.html)"
67.195.115.40 - - [29/Apr/2011:07:02:39 +0000] "GET /root/Kontakt--4.html HTTP/1.1" 200 14140 "" "Mozilla/5.0 (compatible; Yahoo! Slurp; http://help.yahoo.com/help/us/ysearch/slurp)"
67.195.115.40 - - [29/Apr/2011:07:03:09 +0000] "GET /root/Soziales___Gesund.../Familie___Kinder/Handlungsempfehlungen_Kindersc--357.html HTTP/1.1" 200 17795 "" "Mozilla/5.0 (compatible; Yahoo! Slurp; http://help.yahoo.com/help/us/ysearch/slurp)"
207.46.13.100 - - [29/Apr/2011:07:08:29 +0000] "GET /root/Tourismus___Kultur/Funkenburg_Westgreussen--21.html HTTP/1.1" 200 19717 "" "Mozilla/5.0 (compatible; bingbot/2.0; +http://www.bing.com/bingbot.htm)"
66.249.72.204 - - [29/Apr/2011:07:09:39 +0000] "GET /root/MENUE_RECHTS/Wirtschaft___Verkehr--5.html HTTP/1.1" 200 18958 "" "Mozilla/5.0 (compatible; Googlebot/2.1; +http://www.google.com/bot.html)"
77.20.40.148 - - [29/Apr/2011:07:09:52 +0000] "GET /root/Soziales___Gesundheit--32.html HTTP/1.1" 200 17526 "" "findlinks/2.0.2 (+http://wortschatz.uni-leipzig.de/findlinks/)"
46.137.44.108 - - [29/Apr/2011:07:11:18 +0000] "GET /root/Startseite--215.html HTTP/1.1" 200 39592 "" "Mozilla/5.0 (Windows; U; Windows NT 6.1; en-US; rv:1.9.2.13) Gecko/20101203 Firefox/3.6.13"
66.249.72.204 - - [29/Apr/2011:07:13:44 +0000] "GET /root/Tourismus___Kultur/K__nstler_--428.html HTTP/1.1" 200 16452 "" "Mozilla/5.0 (compatible; Googlebot/2.1; +http://www.google.com/bot.html)"
139.18.2.209 - - [29/Apr/2011:07:15:03 +0000] "GET /root/Aktuelles/Vergaben--501.html HTTP/1.1" 200 13033 "" "findlinks/2.0.1 (+http://wortschatz.uni-leipzig.de/findlinks/)"
66.249.72.204 - - [29/Apr/2011:07:17:49 +0000] "GET /root/MENUE_RECHTS/Jugend___Sport--72.html HTTP/1.1" 200 17257 "" "Mozilla/5.0 (compatible; Googlebot/2.1; +http://www.google.com/bot.html)"
66.249.72.204 - - [29/Apr/2011:07:18:01 +0000] "GET /root/B__rgerservice--86.html HTTP/1.1" 200 19149 "" "Mozilla/5.0 (compatible; Googlebot/2.1; +http://www.google.com/bot.html)"
66.249.72.204 - - [29/Apr/2011:07:22:08 +0000] "GET /root/MENUE_RECHTS/Jugend___Sport/Sport--379.html HTTP/1.1" 200 22547 "" "Mozilla/5.0 (compatible; Googlebot/2.1; +http://www.google.com/bot.html)"
79.213.49.187 - - [29/Apr/2011:07:23:17 +0000] "GET /root/B__rgerservice/Dienststelle_Artern--164.html HTTP/1.1" 200 27937 "http://www.google.de/search?hl=de&source=hp&biw=1074&bih=571&q=b%C3%BCrgerb%C3%BCro+artern&aq=0&aqi=g7&aql=&oq=B%C3%BCrgerb%C3%BCro+Ar" "Mozilla/4.0 (compatible; MSIE 7.0; Windows NT 5.1)"
95.108.245.252 - - [29/Apr/2011:07:24:57 +0000] "GET /root/Aktuelles/Pressemitteilungen/Archiv--65.html HTTP/1.1" 200 26406 "" "Mozilla/5.0 (compatible; YandexBot/3.0; +http://yandex.com/bots)"
66.249.72.204 - - [29/Apr/2011:07:25:59 +0000] "GET /root/Landkreis/Geschichte___Geog.../Wappen--9.html HTTP/1.1" 200 17087 "" "Mozilla/5.0 (compatible; Googlebot/2.1; +http://www.google.com/bot.html)"
66.249.72.204 - - [29/Apr/2011:07:30:04 +0000] "GET /root/MENUE_RECHTS/Wirtschaft___Verkehr--5.html HTTP/1.1" 200 18958 "" "Mozilla/5.0 (compatible; Googlebot/2.1; +http://www.google.com/bot.html)"
66.249.72.204 - - [29/Apr/2011:07:34:10 +0000] "GET /root/Landkreis/St__dte_/Gro__enehrich--293.html HTTP/1.1" 200 23594 "" "Mozilla/5.0 (compatible; Googlebot/2.1; +http://www.google.com/bot.html)"
195.145.245.81 - - [29/Apr/2011:07:37:29 +0000] "GET /root/MENUE_RECHTS/Bildung___Schule/Grundschulen--31.html HTTP/1.1" 200 20982 "http://www.google.de/search?hl=de&source=hp&biw=1260&bih=864&q=GS+Artern&btnG=Google-Suche&aq=f&aqi=&aql=&oq=" "Mozilla/4.0 (compatible; MSIE 7.0; Windows NT 5.1; .NET CLR 2.0.50727; .NET CLR 3.0.4506.2152; .NET CLR 3.5.30729; .NET4.0C; .NET4.0E)"
66.249.72.204 - - [29/Apr/2011:07:38:15 +0000] "GET /root/MENUE_RECHTS/Wirtschaft___Verkehr/Gewerbe-_und_Indu.../IGG_Artern--106.html HTTP/1.1" 200 27338 "" "Mozilla/5.0 (compatible; Googlebot/2.1; +http://www.google.com/bot.html)"
77.20.40.148 - - [29/Apr/2011:07:40:19 +0000] "GET /root/MENUE_RECHTS/Jugend___Sport/Jugendhilfepreis_2010--506.html HTTP/1.1" 200 15887 "" "findlinks/2.0.2 (+http://wortschatz.uni-leipzig.de/findlinks/)"
195.145.245.92 - - [29/Apr/2011:07:41:28 +0000] "GET /root/Startseite--215.html HTTP/1.1" 200 39592 "" "Mozilla/4.0 (compatible; MSIE 6.0; Windows NT 5.1; SV1; .NET CLR 2.0.50727; .NET CLR 3.0.4506.2152; .NET CLR 3.5.30729)"
195.145.245.92 - - [29/Apr/2011:07:45:53 +0000] "GET /root/Startseite--215.html HTTP/1.1" 200 39592 "" "Mozilla/4.0 (compatible; MSIE 6.0; Windows NT 5.1; SV1; .NET CLR 1.1.4322)"
66.249.72.204 - - [29/Apr/2011:07:46:26 +0000] "GET /root/B__rgerservice/Ausbildung_im_LRA--49.html HTTP/1.1" 200 23979 "" "Mozilla/5.0 (compatible; Googlebot/2.1; +http://www.google.com/bot.html)"
195.145.245.92 - - [29/Apr/2011:07:47:01 +0000] "GET /root/Startseite--215.html HTTP/1.1" 200 39592 "" "Mozilla/4.0 (compatible; MSIE 6.0; Windows NT 5.0; .NET CLR 1.1.4322)"
195.145.245.92 - - [29/Apr/2011:07:48:05 +0000] "GET /root/Startseite--215.html HTTP/1.1" 200 39592 "" "Mozilla/4.0 (compatible; MSIE 8.0; Windows NT 5.1; Trident/4.0; .NET CLR 1.1.4322; MSN OptimizedIE8;DEDE)"
66.249.72.204 - - [29/Apr/2011:07:50:31 +0000] "GET /root/Landkreis/St__dte_/Bad_Frankenhausen--236.html HTTP/1.1" 200 24165 "" "Mozilla/5.0 (compatible; Googlebot/2.1; +http://www.google.com/bot.html)"
93.193.243.179 - - [29/Apr/2011:07:51:39 +0000] "GET /root/B__rgerservice--86.html HTTP/1.1" 200 19149 "http://www.google.de/url?sa=t&source=web&cd=3&ved=0CDEQFjAC&url=http%3A%2F%2Fwww.kyffhaeuser.de%2Flrakyf%2Findex.php%3Fid%3D86&rct=j&q=kyffh%C3%A4userkreis&ei=6VG6TZTGLIvysgb-kO1o&usg=AFQjCNEBBXUA6x25kBm7qYrcf584anNR6Q" "Mozilla/4.0 (compatible; MSIE 8.0; Windows NT 5.1; Trident/4.0; .NET CLR 1.1.4322; .NET CLR 2.0.50727; .NET CLR 3.0.04506.30; .NET CLR 3.0.4506.2152; .NET CLR 3.5.30729)"
195.145.245.92 - - [29/Apr/2011:07:53:59 +0000] "GET /root/Startseite--215.html HTTP/1.1" 200 39592 "" "Mozilla/4.0 (compatible; MSIE 6.0; Windows NT 5.1; SV1; .NET CLR 1.1.4322)"
195.145.245.92 - - [29/Apr/2011:07:54:14 +0000] "GET /root/Aktuelles/Pressemitteilungen/April_2011--514.html HTTP/1.1" 200 78431 "http://www.kyffhaeuser.de/lrakyf/index.php" "Mozilla/4.0 (compatible; MSIE 6.0; Windows NT 5.1; SV1; .NET CLR 1.1.4322)"
66.249.72.204 - - [29/Apr/2011:07:54:36 +0000] "GET /root/Landkreis/St__dte_/Clingen--294.html HTTP/1.1" 200 17802 "" "Mozilla/5.0 (compatible; Googlebot/2.1; +http://www.google.com/bot.html)"
80.156.187.54 - - [29/Apr/2011:07:54:57 +0000] "GET /root/Startseite--215.html HTTP/1.1" 200 39592 "" "Mozilla/4.0 (compatible; MSIE 8.0; Windows NT 5.2; Trident/4.0; .NET CLR 1.1.4322; .NET CLR 2.0.50727; .NET CLR 3.0.4506.2152; .NET CLR 3.5.30729; .NET4.0C; .NET4.0E)"
80.156.187.54 - - [29/Apr/2011:07:55:27 +0000] "GET /root/Landkreis--85.html HTTP/1.1" 200 17985 "http://www.kyffhaeuser.de/lrakyf/index.php" "Mozilla/4.0 (compatible; MSIE 8.0; Windows NT 5.2; Trident/4.0; .NET CLR 1.1.4322; .NET CLR 2.0.50727; .NET CLR 3.0.4506.2152; .NET CLR 3.5.30729; .NET4.0C; .NET4.0E)"
80.156.187.54 - - [29/Apr/2011:07:55:38 +0000] "GET /root/B__rgerservice--86.html HTTP/1.1" 200 19149 "http://www.kyffhaeuser.de/lrakyf/index.php?id=85" "Mozilla/4.0 (compatible; MSIE 8.0; Windows NT 5.2; Trident/4.0; .NET CLR 1.1.4322; .NET CLR 2.0.50727; .NET CLR 3.0.4506.2152; .NET CLR 3.5.30729; .NET4.0C; .NET4.0E)"
80.156.187.54 - - [29/Apr/2011:07:55:45 +0000] "GET /root/B__rgerservice/B__rgerservice__F__hrerscheins--172.html HTTP/1.1" 200 19856 "http://www.kyffhaeuser.de/lrakyf/index.php?id=86" "Mozilla/4.0 (compatible; MSIE 8.0; Windows NT 5.2; Trident/4.0; .NET CLR 1.1.4322; .NET CLR 2.0.50727; .NET CLR 3.0.4506.2152; .NET CLR 3.5.30729; .NET4.0C; .NET4.0E)"
65.52.110.34 - - [29/Apr/2011:07:57:03 +0000] "GET /root/Kontakt--4.html HTTP/1.1" 200 14140 "" "Mozilla/5.0 (compatible; bingbot/2.0; +http://www.bing.com/bingbot.htm)"
195.145.245.92 - - [29/Apr/2011:07:57:07 +0000] "GET /root/Startseite--215.html HTTP/1.1" 200 39592 "" "Mozilla/4.0 (compatible; MSIE 6.0; Windows NT 5.1; SV1; .NET CLR 2.0.50727; .NET CLR 3.0.4506.2152; .NET CLR 3.5.30729)"
66.249.72.204 - - [29/Apr/2011:07:58:42 +0000] "GET /root/MENUE_RECHTS/Jugend___Sport/Sport--379.html HTTP/1.1" 200 22547 "" "Mozilla/5.0 (compatible; Googlebot/2.1; +http://www.google.com/bot.html)"
207.46.204.229 - - [29/Apr/2011:07:59:31 +0000] "GET /root/Aktuelles/Pressemitteilungen--63.html HTTP/1.1" 200 14000 "" "Mozilla/5.0 (compatible; bingbot/2.0; +http://www.bing.com/bingbot.htm)"
195.145.245.92 - - [29/Apr/2011:08:00:54 +0000] "GET /root/Startseite--215.html HTTP/1.1" 200 39592 "" "Mozilla/4.0 (compatible; MSIE 6.0; Windows NT 5.1; SV1; .NET CLR 2.0.50727; .NET CLR 3.0.4506.2152; .NET CLR 3.5.30729)"
91.221.59.5 - - [29/Apr/2011:08:01:02 +0000] "GET /root/Startseite--215.html HTTP/1.1" 200 39592 "" "Mozilla/4.0 (compatible; MSIE 7.0; Windows NT 5.1; .NET CLR 2.0.50727; InfoPath.1; .NET CLR 3.0.4506.2152; .NET CLR 3.5.30729)"
195.145.245.92 - - [29/Apr/2011:08:01:41 +0000] "GET /root/Startseite--215.html HTTP/1.1" 200 39592 "" "Mozilla/4.0 (compatible; MSIE 6.0; Windows NT 5.0; .NET CLR 1.1.4322)"
207.46.194.118 - - [29/Apr/2011:08:03:02 +0000] "GET /root/Landkreis/Orte_von_A-Z/Langenroda--304.html HTTP/1.1" 200 20671 "" "msnbot-media/1.1 (+http://search.msn.com/msnbot.htm)"
195.145.245.92 - - [29/Apr/2011:08:04:32 +0000] "GET /root/Startseite--215.html HTTP/1.1" 200 39592 "" "Mozilla/4.0 (compatible; MSIE 6.0; Windows NT 5.1; SV1; .NET CLR 2.0.50727; .NET CLR 3.0.4506.2152; .NET CLR 3.5.30729)"
195.145.245.92 - - [29/Apr/2011:08:04:46 +0000] "GET /root/Startseite--215.html HTTP/1.1" 200 39592 "" "Mozilla/4.0 (compatible; MSIE 6.0; Windows NT 5.1; SV1; .NET CLR 2.0.50727; .NET CLR 3.0.4506.2152; .NET CLR 3.5.30729)"
212.91.253.130 - - [29/Apr/2011:08:05:16 +0000] "GET /root/Aktuelles/Ausschreibungen--183.html HTTP/1.1" 200 16993 "" "Mozilla/5.0 (Windows; U; Windows NT 5.2; en-GB; rv:1.9.2.9) Gecko/20100824 Firefox/3.6.9"
217.92.210.171 - - [29/Apr/2011:08:06:44 +0000] "GET /root/B__rgerservice--86.html HTTP/1.1" 200 19149 "http://www.google.de/search?hl=de&source=hp&q=landratsamt+kyffh%C3%A4userkreis&meta=&aq=0&aqi=g9&aql=&oq=Landratsamt+Kyff" "Mozilla/4.0 (compatible; MSIE 6.0; Windows NT 5.0)"
66.249.72.204 - - [29/Apr/2011:08:06:52 +0000] "GET /root/Landkreis--85.html HTTP/1.1" 200 17985 "" "Mozilla/5.0 (compatible; Googlebot/2.1; +http://www.google.com/bot.html)"
217.92.210.171 - - [29/Apr/2011:08:08:39 +0000] "GET /root/MENUE_RECHTS/Bildung___Schule--67.html HTTP/1.1" 200 21602 "http://www.kyffhaeuser.de/lrakyf/index.php?id=86" "Mozilla/4.0 (compatible; MSIE 6.0; Windows NT 5.0)"
217.92.210.171 - - [29/Apr/2011:08:08:58 +0000] "GET /root/B__rgerservice/Organigramm_LRA--182.html HTTP/1.1" 200 25964 "http://www.kyffhaeuser.de/lrakyf/index.php?id=86" "Mozilla/4.0 (compatible; MSIE 6.0; Windows NT 5.0)"
217.92.210.171 - - [29/Apr/2011:08:09:41 +0000] "GET /root/B__rgerservice/Bauverwaltungsamt--156.html HTTP/1.1" 200 34146 "http://www.kyffhaeuser.de/lrakyf/index.php?id=182" "Mozilla/4.0 (compatible; MSIE 6.0; Windows NT 5.0)"
66.249.72.204 - - [29/Apr/2011:08:10:58 +0000] "GET /root/MENUE_RECHTS/Wirtschaft___Verkehr/Firmendatenbank/Firmendatenbank--195.html HTTP/1.1" 200 19592 "" "Mozilla/5.0 (compatible; Googlebot/2.1; +http://www.google.com/bot.html)"
217.92.210.171 - - [29/Apr/2011:08:12:12 +0000] "GET /root/B__rgerservice/Kreisvolkshochschule--181.html HTTP/1.1" 200 19364 "http://www.kyffhaeuser.de/lrakyf/index.php?id=156" "Mozilla/4.0 (compatible; MSIE 6.0; Windows NT 5.0)"
217.92.210.171 - - [29/Apr/2011:08:12:37 +0000] "GET /root/B__rgerservice/Gewerbe-_und_Ordnungsamt--159.html HTTP/1.1" 200 21551 "http://www.kyffhaeuser.de/lrakyf/index.php?id=181" "Mozilla/4.0 (compatible; MSIE 6.0; Windows NT 5.0)"
80.226.29.199 - - [29/Apr/2011:08:13:05 +0000] "GET /root/MENUE_RECHTS/Wirtschaft___Verkehr/Gewerbe-_und_Indu.../GG_Ringleben--101.html HTTP/1.1" 200 27043 "http://www.google.de/url?sa=t&source=web&cd=4&ved=0CC0QFjAD&url=http%3A%2F%2Fwww.kyffhaeuser.de%2Flrakyf%2Findex.php%3Fid%3D101&rct=j&q=kyffh%C3%A4user%20hoch%20tief%20ringleben&ei=z1a6TYSCKsnUsgbKrb1y&usg=AFQjCNEjbodoydTUeCx747y67Fu-4fnSmQ" "Mozilla/5.0 (Windows; U; Windows NT 6.1; de; rv:1.9.2.3) Gecko/20100401 Firefox/3.6.3"
67.195.115.40 - - [29/Apr/2011:08:13:47 +0000] "GET /root/Aktuelles/Bekanntmachungen/3._Quartal_2010--498.html HTTP/1.1" 200 16316 "" "Mozilla/5.0 (compatible; Yahoo! Slurp; http://help.yahoo.com/help/us/ysearch/slurp)"
66.249.72.204 - - [29/Apr/2011:08:15:03 +0000] "GET /root/MENUE_RECHTS/Jugend___Sport--72.html HTTP/1.1" 200 17257 "" "Mozilla/5.0 (compatible; Googlebot/2.1; +http://www.google.com/bot.html)"
66.249.72.204 - - [29/Apr/2011:08:19:08 +0000] "GET /root/Landkreis/St__dte_/Greu__en--288.html HTTP/1.1" 200 18882 "" "Mozilla/5.0 (compatible; Googlebot/2.1; +http://www.google.com/bot.html)"
141.35.1.57 - - [29/Apr/2011:08:21:28 +0000] "GET /root/Startseite--215.html HTTP/1.1" 200 39592 "" "Mozilla/4.0 (compatible; MSIE 6.0; Windows NT 5.1; SV1)"
91.1.205.35 - - [29/Apr/2011:08:21:38 +0000] "GET /root/Aktuelles--79.html HTTP/1.1" 200 26602 "http://www.google.de/search?hl=de&client=firefox-a&hs=9wh&rls=org.mozilla%3Ade%3Aofficial&channel=np&q=LK+kyffh%C3%A4userkreis&aq=f&aqi=&aql=&oq=" "Mozilla/5.0 (Windows NT 6.1; WOW64; rv:2.0) Gecko/20100101 Firefox/4.0"
91.1.226.133 - - [29/Apr/2011:08:21:42 +0000] "GET /root/MENUE_RECHTS/Bildung___Schule--67.html HTTP/1.1" 200 21602 "http://www.kyffhaeuser.de/lrakyf/index.php" "Mozilla/4.0 (compatible; MSIE 6.0; Windows NT 5.1; SV1)"
91.1.226.133 - - [29/Apr/2011:08:21:56 +0000] "GET /root/Soziales___Gesundheit--32.html HTTP/1.1" 200 17526 "http://www.kyffhaeuser.de/lrakyf/index.php?id=67" "Mozilla/4.0 (compatible; MSIE 6.0; Windows NT 5.1; SV1)"
91.1.205.35 - - [29/Apr/2011:08:22:07 +0000] "GET /root/Soziales___Gesundheit--32.html HTTP/1.1" 200 17526 "http://www.kyffhaeuser.de/lrakyf/index.php?id=79" "Mozilla/5.0 (Windows NT 6.1; WOW64; rv:2.0) Gecko/20100101 Firefox/4.0"
91.1.205.35 - - [29/Apr/2011:08:22:21 +0000] "GET /root/Aktuelles--79.html HTTP/1.1" 200 26602 "http://www.kyffhaeuser.de/lrakyf/index.php?id=32" "Mozilla/5.0 (Windows NT 6.1; WOW64; rv:2.0) Gecko/20100101 Firefox/4.0"
91.1.205.35 - - [29/Apr/2011:08:22:26 +0000] "GET /root/Aktuelles/Stellenausschreibungen--436.html HTTP/1.1" 200 13864 "http://www.kyffhaeuser.de/lrakyf/index.php?id=79" "Mozilla/5.0 (Windows NT 6.1; WOW64; rv:2.0) Gecko/20100101 Firefox/4.0"
91.1.205.35 - - [29/Apr/2011:08:22:29 +0000] "GET /root/Aktuelles/Ausschreibungen--183.html HTTP/1.1" 200 16993 "http://www.kyffhaeuser.de/lrakyf/index.php?id=436" "Mozilla/5.0 (Windows NT 6.1; WOW64; rv:2.0) Gecko/20100101 Firefox/4.0"
66.249.72.204 - - [29/Apr/2011:08:23:14 +0000] "GET /root/Aktuelles/Pressemitteilungen--63.html HTTP/1.1" 200 14000 "" "Mozilla/5.0 (compatible; Googlebot/2.1; +http://www.google.com/bot.html)"
91.1.205.35 - - [29/Apr/2011:08:23:14 +0000] "GET /root/Kontakt--4.html HTTP/1.1" 200 14140 "http://www.kyffhaeuser.de/lrakyf/index.php?id=183" "Mozilla/5.0 (Windows NT 6.1; WOW64; rv:2.0) Gecko/20100101 Firefox/4.0"
91.1.205.35 - - [29/Apr/2011:08:23:19 +0000] "GET /root/Startseite--215.html HTTP/1.1" 200 39592 "http://www.kyffhaeuser.de/lrakyf/index.php?id=4" "Mozilla/5.0 (Windows NT 6.1; WOW64; rv:2.0) Gecko/20100101 Firefox/4.0"
91.1.205.35 - - [29/Apr/2011:08:23:26 +0000] "GET /root/Landkreis--85.html HTTP/1.1" 200 17985 "http://www.kyffhaeuser.de/lrakyf/index.php?id=215" "Mozilla/5.0 (Windows NT 6.1; WOW64; rv:2.0) Gecko/20100101 Firefox/4.0"
91.1.205.35 - - [29/Apr/2011:08:23:46 +0000] "GET /root/MENUE_OBEN/Suche--2.html HTTP/1.1" 200 26012 "http://www.kyffhaeuser.de/lrakyf/index.php?id=85" "Mozilla/5.0 (Windows NT 6.1; WOW64; rv:2.0) Gecko/20100101 Firefox/4.0"
91.1.226.133 - - [29/Apr/2011:08:24:07 +0000] "GET /root/MENUE_OBEN/Suche--2.html HTTP/1.1" 200 13498 "http://www.kyffhaeuser.de/lrakyf/index.php?id=32" "Mozilla/4.0 (compatible; MSIE 6.0; Windows NT 5.1; SV1)"
91.1.226.133 - - [29/Apr/2011:08:24:44 +0000] "GET /root/MENUE_RECHTS/Bildung___Schule--67.html HTTP/1.1" 200 21602 "http://www.google.de/search?q=landratsamt+sondershausen+schulessen&hl=de&source=hp&aq=f&aqi=&aql=&oq=" "Mozilla/4.0 (compatible; MSIE 6.0; Windows NT 5.1; SV1)"
91.1.226.133 - - [29/Apr/2011:08:24:59 +0000] "GET /root/MENUE_RECHTS/Bildung___Schule/Grundschulen--31.html HTTP/1.1" 200 20982 "http://www.kyffhaeuser.de/lrakyf/index.php?id=67" "Mozilla/4.0 (compatible; MSIE 6.0; Windows NT 5.1; SV1)"
80.146.206.50 - - [29/Apr/2011:08:25:21 +0000] "GET /root/Startseite--215.html HTTP/1.1" 200 39592 "" "Mozilla/4.0 (compatible; MSIE 8.0; Windows NT 6.1; Trident/4.0; SLCC2; .NET CLR 2.0.50727; .NET CLR 3.5.30729; .NET CLR 3.0.30729; Media Center PC 6.0; InfoPath.2; .NET4.0C; .NET4.0E)"
80.146.206.50 - - [29/Apr/2011:08:25:31 +0000] "GET /root/Tourismus___Kultur--12.html HTTP/1.1" 200 33113 "http://www.kyffhaeuser.de/lrakyf/index.php" "Mozilla/4.0 (compatible; MSIE 8.0; Windows NT 6.1; Trident/4.0; SLCC2; .NET CLR 2.0.50727; .NET CLR 3.5.30729; .NET CLR 3.0.30729; Media Center PC 6.0; InfoPath.2; .NET4.0C; .NET4.0E)"
91.1.205.35 - - [29/Apr/2011:08:25:52 +0000] "GET /root/B__rgerservice/Gesundheitsamt--162.html HTTP/1.1" 200 34082 "http://www.google.de/search?q=gesundheitsamt%20kyffh%C3%A4userkreis&ie=utf-8&oe=utf-8&aq=t&rls=org.mozilla:de:official&client=firefox-a&source=hp&channel=np" "Mozilla/5.0 (Windows NT 6.1; WOW64; rv:2.0) Gecko/20100101 Firefox/4.0"
66.249.72.204 - - [29/Apr/2011:08:27:20 +0000] "GET /root/Landkreis/Geschichte___Geog.../Wappen--9.html HTTP/1.1" 200 17087 "" "Mozilla/5.0 (compatible; Googlebot/2.1; +http://www.google.com/bot.html)"
2.206.0.17 - - [29/Apr/2011:08:28:19 +0000] "GET /root/Startseite--215.html HTTP/1.1" 200 39592 "http://www.kyffhaeuser.de/" "Mozilla/5.0 (iPhone; U; CPU iPhone OS 4_3_2 like Mac OS X; de-de) AppleWebKit/533.17.9 (KHTML, like Gecko) Mobile/8H7"
193.158.40.146 - - [29/Apr/2011:08:30:10 +0000] "GET /root/B__rgerservice--86.html HTTP/1.1" 200 19149 "http://www.google.de/search?sourceid=ie7&q=landratsamt+kyffh%C3%A4userkreis&rls=com.microsoft:de:IE-SearchBox&ie=UTF-8&oe=UTF-8&rlz=1I7ACAW_deDE372&redir_esc=&ei=91q6TaKgJsTrsgbfuZVi" "Mozilla/4.0 (compatible; MSIE 8.0; Windows NT 6.1; Trident/4.0; SLCC2; .NET CLR 2.0.50727; .NET CLR 3.5.30729; .NET CLR 3.0.30729; Media Center PC 6.0; eSobiSubscriber 2.0.4.16; Tablet PC 2.0; InfoPath.1; .NET4.0C; AskTB5.5)"
193.158.40.146 - - [29/Apr/2011:08:30:28 +0000] "GET /root/B__rgerservice/Amt_f__r_Umwelt__Natur__Wasser--158.html HTTP/1.1" 200 22479 "http://www.kyffhaeuser.de/lrakyf/index.php?id=86" "Mozilla/4.0 (compatible; MSIE 8.0; Windows NT 6.1; Trident/4.0; SLCC2; .NET CLR 2.0.50727; .NET CLR 3.5.30729; .NET CLR 3.0.30729; Media Center PC 6.0; eSobiSubscriber 2.0.4.16; Tablet PC 2.0; InfoPath.1; .NET4.0C; AskTB5.5)"
2.206.0.17 - - [29/Apr/2011:08:30:34 +0000] "GET /root/Kontakt--4.html HTTP/1.1" 200 14140 "http://www.kyffhaeuser.de/lrakyf/index.php" "Mozilla/5.0 (iPhone; U; CPU iPhone OS 4_3_2 like Mac OS X; de-de) AppleWebKit/533.17.9 (KHTML, like Gecko) Mobile/8H7"
2.206.0.17 - - [29/Apr/2011:08:32:44 +0000] "GET /root/Kreistag--39.html HTTP/1.1" 200 15091 "http://www.kyffhaeuser.de/lrakyf/index.php?id=4&no_cache=0" "Mozilla/5.0 (iPhone; U; CPU iPhone OS 4_3_2 like Mac OS X; de-de) AppleWebKit/533.17.9 (KHTML, like Gecko) Mobile/8H7"
2.206.0.17 - - [29/Apr/2011:08:33:07 +0000] "GET /root/Startseite--215.html HTTP/1.1" 200 39592 "http://www.kyffhaeuser.de/" "Mozilla/5.0 (iPhone; U; CPU iPhone OS 4_3_2 like Mac OS X; de-de) AppleWebKit/533.17.9 (KHTML, like Gecko) Mobile/8H7"
195.145.245.92 - - [29/Apr/2011:08:33:32 +0000] "GET /root/Startseite--215.html HTTP/1.1" 200 39592 "" "Mozilla/5.0 (Windows; U; Windows NT 5.1; de; rv:1.9.1.3) Gecko/20090824 Firefox/3.5.3"
95.82.233.17 - - [29/Apr/2011:08:34:03 +0000] "GET /root/Startseite--215.html HTTP/1.1" 200 39592 "http://www.kyffhaeuser.de/lrakyf/index.php" "Mozilla/4.0 (compatible; MSIE 6.0; Windows NT 5.1)"
79.226.212.234 - - [29/Apr/2011:08:36:32 +0000] "GET /root/Startseite--215.html HTTP/1.1" 200 39592 "" "Mozilla/5.0 (Windows; U; Windows NT 6.0; de; rv:1.9.2.16) Gecko/20110319 Firefox/3.6.16 ( .NET CLR 3.5.30729; .NET4.0C)"
79.226.212.234 - - [29/Apr/2011:08:36:45 +0000] "GET /root/B__rgerservice--86.html HTTP/1.1" 200 19149 "http://www.kyffhaeuser.de/lrakyf/index.php" "Mozilla/5.0 (Windows; U; Windows NT 6.0; de; rv:1.9.2.16) Gecko/20110319 Firefox/3.6.16 ( .NET CLR 3.5.30729; .NET4.0C)"
79.226.212.234 - - [29/Apr/2011:08:36:55 +0000] "GET /root/B__rgerservice/Landratsamt--427.html HTTP/1.1" 200 26870 "http://www.kyffhaeuser.de/lrakyf/index.php?id=86" "Mozilla/5.0 (Windows; U; Windows NT 6.0; de; rv:1.9.2.16) Gecko/20110319 Firefox/3.6.16 ( .NET CLR 3.5.30729; .NET4.0C)"
79.226.212.234 - - [29/Apr/2011:08:37:12 +0000] "GET /root/B__rgerservice/Jugendamt--157.html HTTP/1.1" 200 22723 "http://www.kyffhaeuser.de/lrakyf/index.php?id=427" "Mozilla/5.0 (Windows; U; Windows NT 6.0; de; rv:1.9.2.16) Gecko/20110319 Firefox/3.6.16 ( .NET CLR 3.5.30729; .NET4.0C)"
62.153.75.253 - - [29/Apr/2011:08:37:16 +0000] "GET /root/Startseite--215.html HTTP/1.1" 200 39592 "" "Mozilla/4.0 (compatible; MSIE 7.0; Windows NT 5.1; GTB0.0; .NET CLR 2.0.50727; .NET CLR 3.0.4506.2152; .NET CLR 3.5.30729)"
62.153.75.253 - - [29/Apr/2011:08:37:45 +0000] "GET /root/Landkreis--85.html HTTP/1.1" 200 17985 "http://www.kyffhaeuser.de/lrakyf/index.php" "Mozilla/4.0 (compatible; MSIE 7.0; Windows NT 5.1; GTB0.0; .NET CLR 2.0.50727; .NET CLR 3.0.4506.2152; .NET CLR 3.5.30729)"
62.153.75.253 - - [29/Apr/2011:08:37:56 +0000] "GET /root/Landkreis/Orte_von_A-Z--47.html HTTP/1.1" 200 36162 "http://www.kyffhaeuser.de/lrakyf/index.php?id=85" "Mozilla/4.0 (compatible; MSIE 7.0; Windows NT 5.1; GTB0.0; .NET CLR 2.0.50727; .NET CLR 3.0.4506.2152; .NET CLR 3.5.30729)"
79.226.212.234 - - [29/Apr/2011:08:38:01 +0000] "GET /root/MENUE_OBEN/Suche--2.html HTTP/1.1" 200 16772 "http://www.kyffhaeuser.de/lrakyf/index.php?id=157" "Mozilla/5.0 (Windows; U; Windows NT 6.0; de; rv:1.9.2.16) Gecko/20110319 Firefox/3.6.16 ( .NET CLR 3.5.30729; .NET4.0C)"
79.226.212.234 - - [29/Apr/2011:08:38:12 +0000] "GET /root/B__rgerservice/Dienststelle_Artern--164.html HTTP/1.1" 200 27937 "http://www.kyffhaeuser.de/lrakyf/index.php?id=2" "Mozilla/5.0 (Windows; U; Windows NT 6.0; de; rv:1.9.2.16) Gecko/20110319 Firefox/3.6.16 ( .NET CLR 3.5.30729; .NET4.0C)"
62.153.75.253 - - [29/Apr/2011:08:38:22 +0000] "GET /root/Landkreis/St__dte_--48.html HTTP/1.1" 200 18378 "http://www.kyffhaeuser.de/lrakyf/index.php?id=47" "Mozilla/4.0 (compatible; MSIE 7.0; Windows NT 5.1; GTB0.0; .NET CLR 2.0.50727; .NET CLR 3.0.4506.2152; .NET CLR 3.5.30729)"
62.153.75.253 - - [29/Apr/2011:08:38:32 +0000] "GET /root/Landkreis/Geschichte___Geog.../Wappen--9.html HTTP/1.1" 200 17087 "http://www.kyffhaeuser.de/lrakyf/index.php?id=85" "Mozilla/4.0 (compatible; MSIE 7.0; Windows NT 5.1; GTB0.0; .NET CLR 2.0.50727; .NET CLR 3.0.4506.2152; .NET CLR 3.5.30729)"
62.153.75.253 - - [29/Apr/2011:08:39:01 +0000] "GET /root/Startseite--215.html HTTP/1.1" 200 39592 "http://www.kyffhaeuser.de/lrakyf/index.php?id=6" "Mozilla/4.0 (compatible; MSIE 7.0; Windows NT 5.1; GTB0.0; .NET CLR 2.0.50727; .NET CLR 3.0.4506.2152; .NET CLR 3.5.30729)"
91.1.225.90 - - [29/Apr/2011:08:39:04 +0000] "GET /root/B__rgerservice/Dienststelle_Artern--164.html HTTP/1.1" 200 27937 "http://suche.t-online.de/fast-cgi/tsc?q=b%C3%BCrgerb%C3%BCro+artern&encQuery=b%C3%BCrgerb%C3%BCro+artern&lang=any&adtest=&mandant=toi&device=html&dia=suche&context=internet-tab&tpc=internet&ptl=std&classification=internet-tab_internet_std&plug_id=&start=0&num=10&ocr=yes&language=&q_opt=&q_not=&pageSection=&searchSite=&excludeSite=&comprisedLink=&fmt=&imtype=&mf=&ms=&q_cat=&src=&tax=&tax_max=&category=&ocontext=&type=all&sort=&sortdir=&wh=531&cr=&sb=top&more=none&x=48&y=15" "Mozilla/4.0 (compatible; MSIE 8.0; Windows NT 5.1; Trident/4.0; .NET CLR 1.1.4322; InfoPath.1; .NET CLR 2.0.50727; .NET CLR 3.0.4506.2152; .NET CLR 3.5.30729)"
91.1.225.90 - - [29/Apr/2011:08:39:19 +0000] "GET /root/B__rgerservice/B__rgerservice__KFZ-_Zulassung--268.html HTTP/1.1" 200 18183 "http://www.kyffhaeuser.de/lrakyf/index.php?id=164" "Mozilla/4.0 (compatible; MSIE 8.0; Windows NT 5.1; Trident/4.0; .NET CLR 1.1.4322; InfoPath.1; .NET CLR 2.0.50727; .NET CLR 3.0.4506.2152; .NET CLR 3.5.30729)"
91.43.247.252 - - [29/Apr/2011:08:39:30 +0000] "GET /root/MENUE_RECHTS/Bildung___Schule/Volkshochschule--446.html HTTP/1.1" 200 19305 "http://www.google.de/url?sa=t&source=web&cd=1&ved=0CBkQFjAA&url=http%3A%2F%2Fwww.kyffhaeuser.de%2Flrakyf%2Findex.php%3Fid%3D446&rct=j&q=vhs%20artern&ei=KV26Tf2REYzCswbcgrlu&usg=AFQjCNHymvV1c2VoEC6gdiVL4hiIKLVzNQ" "Mozilla/5.0 (Windows NT 6.0; rv:2.0) Gecko/20100101 Firefox/4.0"
91.1.225.90 - - [29/Apr/2011:08:39:38 +0000] "GET /root/B__rgerservice--86.html HTTP/1.1" 200 19149 "http://www.kyffhaeuser.de/lrakyf/index.php?id=268" "Mozilla/4.0 (compatible; MSIE 8.0; Windows NT 5.1; Trident/4.0; .NET CLR 1.1.4322; InfoPath.1; .NET CLR 2.0.50727; .NET CLR 3.0.4506.2152; .NET CLR 3.5.30729)"
79.226.212.234 - - [29/Apr/2011:08:39:40 +0000] "GET /root/Startseite--215.html HTTP/1.1" 200 39592 "" "Mozilla/5.0 (Windows; U; Windows NT 6.0; de; rv:1.9.2.16) Gecko/20110319 Firefox/3.6.16 ( .NET CLR 3.5.30729; .NET4.0C)"
91.1.225.90 - - [29/Apr/2011:08:39:45 +0000] "GET /root/B__rgerservice/B__rgerservice__KFZ-_Zulassung--268.html HTTP/1.1" 200 18183 "http://www.kyffhaeuser.de/lrakyf/index.php?id=86" "Mozilla/4.0 (compatible; MSIE 8.0; Windows NT 5.1; Trident/4.0; .NET CLR 1.1.4322; InfoPath.1; .NET CLR 2.0.50727; .NET CLR 3.0.4506.2152; .NET CLR 3.5.30729)"
91.1.225.90 - - [29/Apr/2011:08:39:55 +0000] "GET /root/B__rgerservice/Wunschkennzeichen--56.html HTTP/1.1" 200 16474 "http://www.kyffhaeuser.de/lrakyf/index.php?id=268" "Mozilla/4.0 (compatible; MSIE 8.0; Windows NT 5.1; Trident/4.0; .NET CLR 1.1.4322; InfoPath.1; .NET CLR 2.0.50727; .NET CLR 3.0.4506.2152; .NET CLR 3.5.30729)"
79.226.212.234 - - [29/Apr/2011:08:40:15 +0000] "GET /root/Startseite--215.html HTTP/1.1" 200 39592 "" "Mozilla/5.0 (Windows; U; Windows NT 6.0; de; rv:1.9.2.16) Gecko/20110319 Firefox/3.6.16 ( .NET CLR 3.5.30729; .NET4.0C)"
188.106.168.169 - - [29/Apr/2011:08:43:50 +0000] "GET /root/B__rgerservice/Rechtsamt--173.html HTTP/1.1" 200 21480 "http://www.google.de/url?sa=t&source=web&cd=37&ved=0CDsQFjAGOB4&url=http%3A%2F%2Fwww.kyffhaeuser.de%2Flrakyf%2Findex.php%3Fid%3D173&rct=j&q=andreas%20r%C3%A4uber&ei=H166Tfj2GcbVsgbP88hw&usg=AFQjCNFPU81BtmwSD_ITmjKeFwTx9EDtaA" "Mozilla/4.0 (compatible; MSIE 8.0; Windows NT 6.0; Trident/4.0; GTB6.6; SLCC1; .NET CLR 2.0.50727; Media Center PC 5.0; InfoPath.2; .NET CLR 3.5.30729; .NET CLR 3.0.30618; .NET4.0C)"
62.153.75.253 - - [29/Apr/2011:08:46:50 +0000] "GET /root/Aktuelles/Baustellen_im_Landkreis--264.html HTTP/1.1" 200 18986 "http://www.google.de/search?hl=de&source=hp&biw=772&bih=434&q=Stra%C3%9Fensperrung+badra&btnG=Google-Suche&aq=f&aqi=&aql=&oq=" "Mozilla/4.0 (compatible; MSIE 7.0; Windows NT 5.1; .NET CLR 2.0.50727; .NET CLR 3.0.04506.648; .NET CLR 3.5.21022)"
88.72.60.52 - - [29/Apr/2011:08:48:03 +0000] "GET /root/Startseite--215.html HTTP/1.1" 200 39592 "" "Mozilla/5.0 (Windows; U; Windows NT 5.1; de; rv:1.9.2.16) Gecko/20110319 Firefox/3.6.16 (.NET CLR 3.5.30729)"
88.72.60.52 - - [29/Apr/2011:08:48:13 +0000] "GET /root/Aktuelles/Pressemitteilungen/April_2011--514.html HTTP/1.1" 200 78431 "http://www.kyffhaeuser.de/lrakyf/index.php" "Mozilla/5.0 (Windows; U; Windows NT 5.1; de; rv:1.9.2.16) Gecko/20110319 Firefox/3.6.16 (.NET CLR 3.5.30729)"
79.214.255.110 - - [29/Apr/2011:08:48:21 +0000] "GET /root/B__rgerservice/Jugendamt--157.html HTTP/1.1" 200 22723 "http://www.google.de/search?q=jugendamt+sondershausen&hl=de&source=hp&rlz=1R2ADRA_deDE396&aq=0&aqi=g1&aql=&oq=jugendamt+sonder" "Mozilla/4.0 (compatible; MSIE 6.0; Windows NT 5.1; SV1; GTB6.6; .NET CLR 1.1.4322; AskTB5.6)"
79.214.255.110 - - [29/Apr/2011:08:48:28 +0000] "GET /root/Aktuelles--79.html HTTP/1.1" 200 26602 "http://www.kyffhaeuser.de/lrakyf/index.php?id=157" "Mozilla/4.0 (compatible; MSIE 6.0; Windows NT 5.1; SV1; GTB6.6; .NET CLR 1.1.4322; AskTB5.6)"
79.214.255.110 - - [29/Apr/2011:08:48:31 +0000] "GET /root/Aktuelles/Stellenausschreibungen--436.html HTTP/1.1" 200 13864 "http://www.kyffhaeuser.de/lrakyf/index.php?id=79" "Mozilla/4.0 (compatible; MSIE 6.0; Windows NT 5.1; SV1; GTB6.6; .NET CLR 1.1.4322; AskTB5.6)"
88.72.60.52 - - [29/Apr/2011:08:48:44 +0000] "GET /root/Aktuelles/Stellenausschreibungen--436.html HTTP/1.1" 200 13864 "http://www.kyffhaeuser.de/lrakyf/index.php?id=514" "Mozilla/5.0 (Windows; U; Windows NT 5.1; de; rv:1.9.2.16) Gecko/20110319 Firefox/3.6.16 (.NET CLR 3.5.30729)"
77.7.217.30 - - [29/Apr/2011:08:48:56 +0000] "GET /root/B__rgerservice/Schulverwaltungsamt--163.html HTTP/1.1" 200 19154 "http://www.google.de/url?sa=t&source=web&cd=1&ved=0CBkQFjAA&url=http%3A%2F%2Fwww.kyffhaeuser.de%2Flrakyf%2Findex.php%3Fid%3D163&rct=j&q=landratsamt%20kyffh%C3%A4userkreis%20schulverwaltung&ei=VV-6TZPNOMbBtAbfhbRx&usg=AFQjCNFs9pZaX6i3jNvMBzeJLE7LhI0ypg" "Mozilla/5.0 (Windows; U; Windows NT 6.1; en-US) AppleWebKit/534.16 (KHTML, like Gecko) Chrome/10.0.648.204 Safari/534.16"
77.7.217.30 - - [29/Apr/2011:08:49:22 +0000] "GET /root/Aktuelles--79.html HTTP/1.1" 200 26602 "http://www.kyffhaeuser.de/lrakyf/index.php?id=163" "Mozilla/5.0 (Windows; U; Windows NT 6.1; en-US) AppleWebKit/534.16 (KHTML, like Gecko) Chrome/10.0.648.204 Safari/534.16"
77.7.217.30 - - [29/Apr/2011:08:49:25 +0000] "GET /root/MENUE_RECHTS/Jugend___Sport--72.html HTTP/1.1" 200 17257 "http://www.kyffhaeuser.de/lrakyf/index.php?id=79" "Mozilla/5.0 (Windows; U; Windows NT 6.1; en-US) AppleWebKit/534.16 (KHTML, like Gecko) Chrome/10.0.648.204 Safari/534.16"
77.7.217.30 - - [29/Apr/2011:08:49:32 +0000] "GET /root/MENUE_RECHTS/Bildung___Schule--67.html HTTP/1.1" 200 21602 "http://www.kyffhaeuser.de/lrakyf/index.php?id=72" "Mozilla/5.0 (Windows; U; Windows NT 6.1; en-US) AppleWebKit/534.16 (KHTML, like Gecko) Chrome/10.0.648.204 Safari/534.16"
77.7.217.30 - - [29/Apr/2011:08:49:36 +0000] "GET /root/MENUE_RECHTS/Bildung___Schule/Grundschulen--31.html HTTP/1.1" 200 20982 "http://www.kyffhaeuser.de/lrakyf/index.php?id=67" "Mozilla/5.0 (Windows; U; Windows NT 6.1; en-US) AppleWebKit/534.16 (KHTML, like Gecko) Chrome/10.0.648.204 Safari/534.16"
77.7.217.30 - - [29/Apr/2011:08:49:49 +0000] "GET /root/MENUE_OBEN/Suche--2.html HTTP/1.1" 200 32184 "http://www.kyffhaeuser.de/lrakyf/index.php?id=31" "Mozilla/5.0 (Windows; U; Windows NT 6.1; en-US) AppleWebKit/534.16 (KHTML, like Gecko) Chrome/10.0.648.204 Safari/534.16"
77.7.217.30 - - [29/Apr/2011:08:50:08 +0000] "GET /root/MENUE_RECHTS/Bildung___Schule--67.html HTTP/1.1" 200 21602 "http://www.kyffhaeuser.de/lrakyf/index.php?id=2" "Mozilla/5.0 (Windows; U; Windows NT 6.1; en-US) AppleWebKit/534.16 (KHTML, like Gecko) Chrome/10.0.648.204 Safari/534.16"
90.187.56.19 - - [29/Apr/2011:08:53:15 +0000] "GET /root/MENUE_RECHTS/Bildung___Schule/Grundschulen--31.html HTTP/1.1" 200 20982 "http://www.google.de/search?hl=de&sa=X&ei=WmC6TcLnJo6WswackYTvBQ&ved=0CCcQBSgA&q=Grundschule+Udersleben&spell=1" "Mozilla/5.0 (Windows; U; Windows NT 5.1; de; rv:1.9.2.16) Gecko/20110319 Firefox/3.6.16"
207.46.13.138 - - [29/Apr/2011:08:55:38 +0000] "GET /root/Landkreis/Orte_von_A-Z/Harras--274.html HTTP/1.1" 200 16010 "" "Mozilla/5.0 (compatible; bingbot/2.0; +http://www.bing.com/bingbot.htm)"
90.186.179.194 - - [29/Apr/2011:08:55:59 +0000] "GET /root/Startseite--215.html HTTP/1.1" 200 39592 "" "Mozilla/5.0 (Windows NT 6.1; rv:2.0) Gecko/20100101 Firefox/4.0"
67.195.115.40 - - [29/Apr/2011:08:56:31 +0000] "GET /root/Tourismus___Kultur/Tag_der_Heimatgeschichte--25.html HTTP/1.1" 200 24720 "" "Mozilla/5.0 (compatible; Yahoo! Slurp; http://help.yahoo.com/help/us/ysearch/slurp)"
84.184.160.186 - - [29/Apr/2011:08:59:42 +0000] "GET /root/Startseite--215.html HTTP/1.1" 200 39592 "" "Mozilla/4.0 (compatible; MSIE 8.0; Windows NT 6.0; WOW64; Trident/4.0; SLCC1; .NET CLR 2.0.50727; .NET CLR 3.5.30729; .NET CLR 3.0.30729; .NET CLR 1.1.4322)"
84.184.160.186 - - [29/Apr/2011:08:59:49 +0000] "GET /root/Soziales___Gesundheit--32.html HTTP/1.1" 200 17526 "http://www.kyffhaeuser.de/lrakyf/index.php" "Mozilla/4.0 (compatible; MSIE 8.0; Windows NT 6.0; WOW64; Trident/4.0; SLCC1; .NET CLR 2.0.50727; .NET CLR 3.5.30729; .NET CLR 3.0.30729; .NET CLR 1.1.4322)"
84.184.160.186 - - [29/Apr/2011:08:59:58 +0000] "GET /root/Soziales___Gesund.../Psychiatrieangebote--216.html HTTP/1.1" 200 18437 "http://www.kyffhaeuser.de/lrakyf/index.php?id=32" "Mozilla/4.0 (compatible; MSIE 8.0; Windows NT 6.0; WOW64; Trident/4.0; SLCC1; .NET CLR 2.0.50727; .NET CLR 3.5.30729; .NET CLR 3.0.30729; .NET CLR 1.1.4322)"
84.184.160.186 - - [29/Apr/2011:09:00:23 +0000] "GET /root/Soziales___Gesund.../Soziale_Einrichtu.../Kindertagesst__tten--303.html HTTP/1.1" 200 14030 "http://www.kyffhaeuser.de/lrakyf/index.php?id=216" "Mozilla/4.0 (compatible; MSIE 8.0; Windows NT 6.0; WOW64; Trident/4.0; SLCC1; .NET CLR 2.0.50727; .NET CLR 3.5.30729; .NET CLR 3.0.30729; .NET CLR 1.1.4322)"
84.184.160.186 - - [29/Apr/2011:09:00:36 +0000] "GET /root/Soziales___Gesund.../Behindertenbeauftragte--36.html HTTP/1.1" 200 15234 "http://www.kyffhaeuser.de/lrakyf/index.php?id=33" "Mozilla/4.0 (compatible; MSIE 8.0; Windows NT 6.0; WOW64; Trident/4.0; SLCC1; .NET CLR 2.0.50727; .NET CLR 3.5.30729; .NET CLR 3.0.30729; .NET CLR 1.1.4322)"
84.184.160.186 - - [29/Apr/2011:09:00:39 +0000] "GET /root/Soziales___Gesund.../Infos_zur_Schweinegrippe--287.html HTTP/1.1" 200 23819 "http://www.kyffhaeuser.de/lrakyf/index.php?id=36" "Mozilla/4.0 (compatible; MSIE 8.0; Windows NT 6.0; WOW64; Trident/4.0; SLCC1; .NET CLR 2.0.50727; .NET CLR 3.5.30729; .NET CLR 3.0.30729; .NET CLR 1.1.4322)"
84.184.160.186 - - [29/Apr/2011:09:00:44 +0000] "GET /root/Soziales___Gesund.../Soziale_Einrichtu.../Kindertagesst__tten--303.html HTTP/1.1" 200 14030 "http://www.kyffhaeuser.de/lrakyf/index.php?id=287" "Mozilla/4.0 (compatible; MSIE 8.0; Windows NT 6.0; WOW64; Trident/4.0; SLCC1; .NET CLR 2.0.50727; .NET CLR 3.5.30729; .NET CLR 3.0.30729; .NET CLR 1.1.4322)"
84.184.160.186 - - [29/Apr/2011:09:00:47 +0000] "GET /root/Soziales___Gesund.../Soziale_Einrichtu.../Kindertagesst__tten--303.html HTTP/1.1" 200 14030 "http://www.kyffhaeuser.de/lrakyf/index.php?id=33" "Mozilla/4.0 (compatible; MSIE 8.0; Windows NT 6.0; WOW64; Trident/4.0; SLCC1; .NET CLR 2.0.50727; .NET CLR 3.5.30729; .NET CLR 3.0.30729; .NET CLR 1.1.4322)"
84.184.160.186 - - [29/Apr/2011:09:00:50 +0000] "GET /root/Soziales___Gesund.../Soziale_Einrichtu.../Alten-_und_Pflegeheime--202.html HTTP/1.1" 200 18964 "http://www.kyffhaeuser.de/lrakyf/index.php?id=33" "Mozilla/4.0 (compatible; MSIE 8.0; Windows NT 6.0; WOW64; Trident/4.0; SLCC1; .NET CLR 2.0.50727; .NET CLR 3.5.30729; .NET CLR 3.0.30729; .NET CLR 1.1.4322)"
84.184.160.186 - - [29/Apr/2011:09:01:17 +0000] "GET /root/Soziales___Gesund.../Selbsthilfegruppen--87.html HTTP/1.1" 200 20833 "http://www.kyffhaeuser.de/lrakyf/index.php?id=202" "Mozilla/4.0 (compatible; MSIE 8.0; Windows NT 6.0; WOW64; Trident/4.0; SLCC1; .NET CLR 2.0.50727; .NET CLR 3.5.30729; .NET CLR 3.0.30729; .NET CLR 1.1.4322)"
84.184.160.186 - - [29/Apr/2011:09:02:01 +0000] "GET /root/Soziales___Gesund.../Soziale_Einrichtu.../Kindertagesst__tten--303.html HTTP/1.1" 200 14030 "http://www.kyffhaeuser.de/lrakyf/index.php?id=87" "Mozilla/4.0 (compatible; MSIE 8.0; Windows NT 6.0; WOW64; Trident/4.0; SLCC1; .NET CLR 2.0.50727; .NET CLR 3.5.30729; .NET CLR 3.0.30729; .NET CLR 1.1.4322)"
84.184.160.186 - - [29/Apr/2011:09:02:05 +0000] "GET /root/Soziales___Gesund.../Soziale_Einrichtu.../Krankenh__user--34.html HTTP/1.1" 200 17698 "http://www.kyffhaeuser.de/lrakyf/index.php?id=33" "Mozilla/4.0 (compatible; MSIE 8.0; Windows NT 6.0; WOW64; Trident/4.0; SLCC1; .NET CLR 2.0.50727; .NET CLR 3.5.30729; .NET CLR 3.0.30729; .NET CLR 1.1.4322)"
84.184.160.186 - - [29/Apr/2011:09:02:09 +0000] "GET /root/Soziales___Gesund.../Soziale_Einrichtu.../Kindertagesst__tten--303.html HTTP/1.1" 200 14030 "http://www.kyffhaeuser.de/lrakyf/index.php?id=34" "Mozilla/4.0 (compatible; MSIE 8.0; Windows NT 6.0; WOW64; Trident/4.0; SLCC1; .NET CLR 2.0.50727; .NET CLR 3.5.30729; .NET CLR 3.0.30729; .NET CLR 1.1.4322)"
84.184.160.186 - - [29/Apr/2011:09:02:21 +0000] "GET /root/Soziales___Gesund.../Psychiatrieangebote--216.html HTTP/1.1" 200 18437 "http://www.kyffhaeuser.de/lrakyf/index.php?id=32" "Mozilla/4.0 (compatible; MSIE 8.0; Windows NT 6.0; WOW64; Trident/4.0; SLCC1; .NET CLR 2.0.50727; .NET CLR 3.5.30729; .NET CLR 3.0.30729; .NET CLR 1.1.4322)"
84.184.160.186 - - [29/Apr/2011:09:02:23 +0000] "GET /root/Soziales___Gesundheit--32.html HTTP/1.1" 200 17526 "http://www.kyffhaeuser.de/lrakyf/index.php" "Mozilla/4.0 (compatible; MSIE 8.0; Windows NT 6.0; WOW64; Trident/4.0; SLCC1; .NET CLR 2.0.50727; .NET CLR 3.5.30729; .NET CLR 3.0.30729; .NET CLR 1.1.4322)"
90.186.179.194 - - [29/Apr/2011:09:02:35 +0000] "GET /root/MENUE_RECHTS/Formulare--55.html HTTP/1.1" 200 44128 "http://www.kyffhaeuser.de/lrakyf/index.php" "Mozilla/5.0 (Windows NT 6.1; rv:2.0) Gecko/20100101 Firefox/4.0"
109.73.20.27 - - [29/Apr/2011:09:03:41 +0000] "GET /root/Aktuelles/Stellenausschreibungen--436.html HTTP/1.1" 200 13864 "http://1newjob.wordpress.com/" "Mozilla/5.0 (Windows; U; Windows NT 6.1; de; rv:1.9.2.16) Gecko/20110319 Firefox/3.6.16"
65.52.110.81 - - [29/Apr/2011:09:04:09 +0000] "GET /root/Tourismus___Kultur/Museen__Galerien--188.html HTTP/1.1" 200 19640 "" "Mozilla/5.0 (compatible; bingbot/2.0; +http://www.bing.com/bingbot.htm)"
213.83.49.59 - - [29/Apr/2011:09:04:57 +0000] "GET /root/MENUE_RECHTS/Wirtschaft___Verkehr/Firmendatenbank/Firmendatenbank--195.html HTTP/1.1" 200 28561 "" "Mozilla/5.0 (X11; Linux x86_64; rv:2.0b9pre) Gecko/20110111 Firefox/4.0b9pre"
213.83.49.59 - - [29/Apr/2011:09:04:57 +0000] "GET /root/MENUE_RECHTS/Wirtschaft___Verkehr/Firmendatenbank/Firmendatenbank--195.html HTTP/1.1" 200 16231 "" "Mozilla/5.0 (X11; Linux x86_64; rv:2.0b9pre) Gecko/20110111 Firefox/4.0b9pre"
65.52.110.27 - - [29/Apr/2011:09:06:08 +0000] "GET /root/B__rgerservice/Ausbildung_im_LRA--49.html HTTP/1.1" 200 23979 "" "Mozilla/5.0 (compatible; bingbot/2.0; +http://www.bing.com/bingbot.htm)"
