87.182.118.10 - - [28/Apr/2011:18:44:44 +0000] "GET /root/Startseite--215.html HTTP/1.1" 200 36063 "http://www.kyffhaeuser.de/lrakyf/index.php?id=5" "Mozilla/5.0 (compatible; MSIE 9.0; Windows NT 6.1; Win64; x64; Trident/5.0)"
87.182.118.10 - - [28/Apr/2011:18:45:03 +0000] "GET /root/MENUE_RECHTS/Wirtschaft___Verkehr--5.html HTTP/1.1" 200 18958 "http://www.kyffhaeuser.de/lrakyf/index.php?id=215" "Mozilla/5.0 (compatible; MSIE 9.0; Windows NT 6.1; Win64; x64; Trident/5.0)"
87.182.118.10 - - [28/Apr/2011:18:45:05 +0000] "GET /root/MENUE_RECHTS/Wirtschaft___Verkehr/IHK___HWK-_Informationen--97.html HTTP/1.1" 200 41746 "http://www.kyffhaeuser.de/lrakyf/index.php?id=5" "Mozilla/5.0 (compatible; MSIE 9.0; Windows NT 6.1; Win64; x64; Trident/5.0)"
87.182.118.10 - - [28/Apr/2011:18:45:17 +0000] "GET /root/MENUE_RECHTS/Wirtschaft___Verkehr/IHK___HWK-_Inform.../Existenzgr__ndung--408.html HTTP/1.1" 200 21627 "http://www.kyffhaeuser.de/lrakyf/index.php?id=97" "Mozilla/5.0 (compatible; MSIE 9.0; Windows NT 6.1; Win64; x64; Trident/5.0)"
87.182.118.10 - - [28/Apr/2011:18:45:25 +0000] "GET /root/MENUE_RECHTS/Wirtschaft___Verkehr/IHK___HWK-_Inform.../Weiterbildung--407.html HTTP/1.1" 200 23727 "http://www.kyffhaeuser.de/lrakyf/index.php?id=408" "Mozilla/5.0 (compatible; MSIE 9.0; Windows NT 6.1; Win64; x64; Trident/5.0)"
87.182.118.10 - - [28/Apr/2011:18:45:30 +0000] "GET /root/MENUE_RECHTS/Wirtschaft___Verkehr/IHK___HWK-_Informationen--97.html HTTP/1.1" 200 41746 "http://www.kyffhaeuser.de/lrakyf/index.php?id=407" "Mozilla/5.0 (compatible; MSIE 9.0; Windows NT 6.1; Win64; x64; Trident/5.0)"
66.249.72.204 - - [28/Apr/2011:18:46:18 +0000] "GET /root/Landkreis/Orte_von_A-Z/Westerengel--370.html HTTP/1.1" 200 17433 "" "Mozilla/5.0 (compatible; Googlebot/2.1; +http://www.google.com/bot.html)"
67.195.115.40 - - [28/Apr/2011:18:49:11 +0000] "GET /root/Landkreis/St__dte_/Ro__leben--290.html HTTP/1.1" 200 25672 "" "Mozilla/5.0 (compatible; Yahoo! Slurp; http://help.yahoo.com/help/us/ysearch/slurp)"
66.249.72.204 - - [28/Apr/2011:18:50:19 +0000] "GET /root/Landkreis/Orte_von_A-Z/Bliederstedt--238.html HTTP/1.1" 200 18908 "" "Mozilla/5.0 (compatible; Googlebot/2.1; +http://www.google.com/bot.html)"
91.1.221.244 - - [28/Apr/2011:18:51:06 +0000] "GET /root/Startseite--215.html HTTP/1.1" 200 36063 "" "Mozilla/5.0 (Windows NT 6.1; WOW64; rv:2.0) Gecko/20100101 Firefox/4.0"
67.195.115.40 - - [28/Apr/2011:18:53:39 +0000] "GET /root/Soziales___Gesund.../Behindertenbeauftragte--36.html HTTP/1.1" 200 15234 "" "Mozilla/5.0 (compatible; Yahoo! Slurp; http://help.yahoo.com/help/us/ysearch/slurp)"
87.182.118.10 - - [28/Apr/2011:18:54:09 +0000] "GET /root/MENUE_RECHTS/Wirtschaft___Verkehr/IHK___HWK-_Informationen--97.html HTTP/1.1" 200 42839 "http://www.kyffhaeuser.de/lrakyf/index.php?id=407" "Mozilla/5.0 (compatible; MSIE 9.0; Windows NT 6.1; Win64; x64; Trident/5.0)"
66.249.72.204 - - [28/Apr/2011:18:54:21 +0000] "GET /root/Landkreis/Orte_von_A-Z/Ritteburg--334.html HTTP/1.1" 200 15157 "" "Mozilla/5.0 (compatible; Googlebot/2.1; +http://www.google.com/bot.html)"
87.182.118.10 - - [28/Apr/2011:18:55:13 +0000] "GET /root/MENUE_RECHTS/Wirtschaft___Verkehr/IHK___HWK-_Informationen--97.html HTTP/1.1" 200 42834 "http://www.kyffhaeuser.de/lrakyf/index.php?id=407" "Mozilla/5.0 (compatible; MSIE 9.0; Windows NT 6.1; Win64; x64; Trident/5.0)"
87.182.118.10 - - [28/Apr/2011:18:55:43 +0000] "GET /root/MENUE_RECHTS/Wirtschaft___Verkehr/IHK___HWK-_Inform.../Existenzgr__ndung--408.html HTTP/1.1" 200 21627 "http://www.kyffhaeuser.de/lrakyf/index.php?id=97" "Mozilla/5.0 (compatible; MSIE 9.0; Windows NT 6.1; Win64; x64; Trident/5.0)"
87.182.118.10 - - [28/Apr/2011:18:55:48 +0000] "GET /root/MENUE_RECHTS/Wirtschaft___Verkehr/IHK___HWK-_Informationen--97.html HTTP/1.1" 200 42834 "http://www.kyffhaeuser.de/lrakyf/index.php?id=408" "Mozilla/5.0 (compatible; MSIE 9.0; Windows NT 6.1; Win64; x64; Trident/5.0)"
87.182.118.10 - - [28/Apr/2011:18:56:52 +0000] "GET /root/MENUE_RECHTS/Wirtschaft___Verkehr/IHK___HWK-_Inform.../Existenzgr__ndung--408.html HTTP/1.1" 200 24081 "http://www.kyffhaeuser.de/lrakyf/index.php?id=97" "Mozilla/5.0 (compatible; MSIE 9.0; Windows NT 6.1; Win64; x64; Trident/5.0)"
87.182.118.10 - - [28/Apr/2011:18:57:50 +0000] "GET /root/Startseite--215.html HTTP/1.1" 200 36063 "http://www.kyffhaeuser.de/lrakyf/index.php?id=408" "Mozilla/5.0 (compatible; MSIE 9.0; Windows NT 6.1; Win64; x64; Trident/5.0)"
66.249.72.204 - - [28/Apr/2011:18:58:22 +0000] "GET /root/MENUE_RECHTS/Wirtschaft___Verkehr/Gewerbe-_und_Indu.../GG_Ringleben--101.html HTTP/1.1" 200 27043 "" "Mozilla/5.0 (compatible; Googlebot/2.1; +http://www.google.com/bot.html)"
84.135.154.178 - - [28/Apr/2011:19:00:24 +0000] "GET /root/Startseite--215.html HTTP/1.1" 200 36299 "" "Mozilla/5.0 (Windows NT 6.1; WOW64; rv:2.0) Gecko/20100101 Firefox/4.0"
87.182.118.10 - - [28/Apr/2011:19:00:30 +0000] "GET /root/Startseite--215.html HTTP/1.1" 200 37186 "http://www.kyffhaeuser.de/lrakyf/index.php?id=408" "Mozilla/5.0 (compatible; MSIE 9.0; Windows NT 6.1; Win64; x64; Trident/5.0)"
84.135.154.178 - - [28/Apr/2011:19:00:35 +0000] "GET /root/Kreistag--39.html HTTP/1.1" 200 15091 "http://www.kyffhaeuser.de/lrakyf/index.php" "Mozilla/5.0 (Windows NT 6.1; WOW64; rv:2.0) Gecko/20100101 Firefox/4.0"
84.135.154.178 - - [28/Apr/2011:19:00:40 +0000] "GET /root/Landkreis--85.html HTTP/1.1" 200 17985 "http://www.kyffhaeuser.de/lrakyf/index.php?id=39" "Mozilla/5.0 (Windows NT 6.1; WOW64; rv:2.0) Gecko/20100101 Firefox/4.0"
84.135.154.178 - - [28/Apr/2011:19:00:46 +0000] "GET /root/Landkreis/St__dte_--48.html HTTP/1.1" 200 18378 "http://www.kyffhaeuser.de/lrakyf/index.php?id=85" "Mozilla/5.0 (Windows NT 6.1; WOW64; rv:2.0) Gecko/20100101 Firefox/4.0"
178.202.171.237 - - [28/Apr/2011:19:01:14 +0000] "GET /root/Startseite--215.html HTTP/1.1" 200 37186 "" "Mozilla/5.0 (Windows NT 6.0; rv:2.0) Gecko/20100101 Firefox/4.0"
178.202.171.237 - - [28/Apr/2011:19:01:20 +0000] "GET /root/Tourismus___Kultur--12.html HTTP/1.1" 200 33113 "http://www.kyffhaeuser.de/lrakyf/index.php" "Mozilla/5.0 (Windows NT 6.0; rv:2.0) Gecko/20100101 Firefox/4.0"
178.202.171.237 - - [28/Apr/2011:19:01:37 +0000] "GET /root/Landkreis--85.html HTTP/1.1" 200 17985 "http://www.kyffhaeuser.de/lrakyf/index.php?id=12" "Mozilla/5.0 (Windows NT 6.0; rv:2.0) Gecko/20100101 Firefox/4.0"
87.182.118.10 - - [28/Apr/2011:19:01:43 +0000] "GET /root/Startseite--215.html HTTP/1.1" 200 37312 "http://www.kyffhaeuser.de/lrakyf/index.php?id=408" "Mozilla/5.0 (compatible; MSIE 9.0; Windows NT 6.1; Win64; x64; Trident/5.0)"
87.182.118.10 - - [28/Apr/2011:19:01:46 +0000] "GET /root/Startseite--215.html HTTP/1.1" 200 37312 "http://www.kyffhaeuser.de/lrakyf/index.php?id=408" "Mozilla/5.0 (compatible; MSIE 9.0; Windows NT 6.1; Win64; x64; Trident/5.0)"
178.202.171.237 - - [28/Apr/2011:19:01:45 +0000] "GET /root/Landkreis/Orte_von_A-Z--47.html HTTP/1.1" 200 36162 "http://www.kyffhaeuser.de/lrakyf/index.php?id=85" "Mozilla/5.0 (Windows NT 6.0; rv:2.0) Gecko/20100101 Firefox/4.0"
204.236.226.210 - - [28/Apr/2011:19:01:54 +0000] "GET /root/MENUE_RECHTS/Natur___Umwelt/Abfallwirtschaft/Abfallkalender--146.html HTTP/1.1" 200 18212 "" "ia_archiver (+http://www.alexa.com/site/help/webmasters; crawler@alexa.com)"
87.182.118.10 - - [28/Apr/2011:19:02:15 +0000] "GET /root/MENUE_RECHTS/Wirtschaft___Verkehr/IHK___HWK-_Inform.../Existenzgr__ndung--408.html HTTP/1.1" 200 24081 "http://www.kyffhaeuser.de/lrakyf/index.php?id=215" "Mozilla/5.0 (compatible; MSIE 9.0; Windows NT 6.1; Win64; x64; Trident/5.0)"
66.249.72.204 - - [28/Apr/2011:19:02:24 +0000] "GET /root/MENUE_RECHTS/Wirtschaft___Verkehr/Wirtschaftsstruktur/Erwerbst__tigkeit___Arbeitslos--139.html HTTP/1.1" 200 19066 "" "Mozilla/5.0 (compatible; Googlebot/2.1; +http://www.google.com/bot.html)"
67.195.115.40 - - [28/Apr/2011:19:02:26 +0000] "GET /root/Kontakt--4.html HTTP/1.1" 200 14140 "" "Mozilla/5.0 (compatible; Yahoo! Slurp; http://help.yahoo.com/help/us/ysearch/slurp)"
178.202.171.237 - - [28/Apr/2011:19:02:50 +0000] "GET /root/Landkreis/St__dte_--48.html HTTP/1.1" 200 18378 "http://www.kyffhaeuser.de/lrakyf/index.php?id=85" "Mozilla/5.0 (Windows NT 6.0; rv:2.0) Gecko/20100101 Firefox/4.0"
93.128.167.129 - - [28/Apr/2011:19:05:17 +0000] "GET /root/Tourismus___Kultur--12.html HTTP/1.1" 200 33113 "http://www.google.de/imgres?imgurl=http://www.kyffhaeuser.de/lrakyf/typo3temp/pics/966695c011.jpg&imgrefurl=http://www.kyffhaeuser.de/lrakyf/index.php%3Fid%3D12&usg=__ijTsx-OCkZQ7_SqGaUBe3ABBEfo=&h=128&w=170&sz=32&hl=de&start=9&zoom=0&itbs=1&tbnid=CDzT3MntCygYJM:&tbnh=75&tbnw=99&prev=/search%3Fq%3Dkyffh%25C3%25A4user%2Bkultur%26hl%3Dde%26rlz%3D1W1ASUS_de%26biw%3D1419%26bih%3D730%26tbm%3Disch&ei=Sp65TfilGYbXsgbO54zrAw" "Mozilla/4.0 (compatible; MSIE 7.0; Windows NT 6.0; GoogleT5; SLCC1; .NET CLR 2.0.50727; Media Center PC 5.0; .NET CLR 3.0.04506)"
66.249.72.204 - - [28/Apr/2011:19:06:25 +0000] "GET /root/Tourismus___Kultur/KULTouren/Klosteranlagen--383.html HTTP/1.1" 200 15158 "" "Mozilla/5.0 (compatible; Googlebot/2.1; +http://www.google.com/bot.html)"
93.128.167.129 - - [28/Apr/2011:19:06:32 +0000] "GET /root/MENUE_RECHTS/Wirtschaft___Verkehr/Modellregion_S__dharz-Kyffh__u--362.html HTTP/1.1" 200 593 "http://www.google.de/imgres?imgurl=http://www.kyffhaeuser.de/lrakyf/typo3temp/pics/3f1bf8f882.gif&imgrefurl=http://www.kyffhaeuser.de/lrakyf/index.php%3Fid%3D362&usg=__6E2bnieGcPqr2xsoYnifNllGWXY=&h=108&w=147&sz=15&hl=de&start=13&zoom=0&itbs=1&tbnid=SNQSKPpeUT_wnM:&tbnh=70&tbnw=95&prev=/search%3Fq%3Dkyffh%25C3%25A4user%2Bkultur%26hl%3Dde%26rlz%3D1W1ASUS_de%26biw%3D1419%26bih%3D730%26tbm%3Disch&ei=Sp65TfilGYbXsgbO54zrAw" "Mozilla/4.0 (compatible; MSIE 7.0; Windows NT 6.0; GoogleT5; SLCC1; .NET CLR 2.0.50727; Media Center PC 5.0; .NET CLR 3.0.04506)"
93.128.167.129 - - [28/Apr/2011:19:06:51 +0000] "GET /root/MENUE_RECHTS/Wirtschaft___Verkehr/Modellregion_S__dharz-Kyffh__u--362.html HTTP/1.1" 200 25778 "http://www.google.de/imgres?imgurl=http://www.kyffhaeuser.de/lrakyf/typo3temp/pics/3f1bf8f882.gif&imgrefurl=http://www.kyffhaeuser.de/lrakyf/index.php%3Fid%3D362&usg=__6E2bnieGcPqr2xsoYnifNllGWXY=&h=108&w=147&sz=15&hl=de&start=13&zoom=0&itbs=1&tbnid=SNQSKPpeUT_wnM:&tbnh=70&tbnw=95&prev=/search%3Fq%3Dkyffh%25C3%25A4user%2Bkultur%26hl%3Dde%26rlz%3D1W1ASUS_de%26biw%3D1419%26bih%3D730%26tbm%3Disch&ei=Sp65TfilGYbXsgbO54zrAw" "Mozilla/4.0 (compatible; MSIE 7.0; Windows NT 6.0; GoogleT5; SLCC1; .NET CLR 2.0.50727; Media Center PC 5.0; .NET CLR 3.0.04506)"
87.182.118.10 - - [28/Apr/2011:19:07:34 +0000] "GET /root/Aktuelles--79.html HTTP/1.1" 200 26602 "http://www.kyffhaeuser.de/lrakyf/index.php?id=408" "Mozilla/5.0 (compatible; MSIE 9.0; Windows NT 6.1; Win64; x64; Trident/5.0)"
87.182.118.10 - - [28/Apr/2011:19:07:36 +0000] "GET /root/Aktuelles/Pressemitteilungen--63.html HTTP/1.1" 200 14000 "http://www.kyffhaeuser.de/lrakyf/index.php?id=79" "Mozilla/5.0 (compatible; MSIE 9.0; Windows NT 6.1; Win64; x64; Trident/5.0)"
87.182.118.10 - - [28/Apr/2011:19:07:38 +0000] "GET /root/Aktuelles/Pressemitteilungen/April_2011--514.html HTTP/1.1" 200 76368 "http://www.kyffhaeuser.de/lrakyf/index.php?id=63" "Mozilla/5.0 (compatible; MSIE 9.0; Windows NT 6.1; Win64; x64; Trident/5.0)"
87.182.118.10 - - [28/Apr/2011:19:08:52 +0000] "GET /root/Aktuelles/Pressemitteilungen/April_2011--514.html HTTP/1.1" 200 76521 "http://www.kyffhaeuser.de/lrakyf/index.php?id=63" "Mozilla/5.0 (compatible; MSIE 9.0; Windows NT 6.1; Win64; x64; Trident/5.0)"
67.195.115.40 - - [28/Apr/2011:19:09:25 +0000] "GET /root/MENUE_RECHTS/Jugend___Sport/Kyffh__userkreis.../B__ndnis_gegen_Rechts--391.html HTTP/1.1" 200 34819 "" "Mozilla/5.0 (compatible; Yahoo! Slurp; http://help.yahoo.com/help/us/ysearch/slurp)"
87.182.118.10 - - [28/Apr/2011:19:10:14 +0000] "GET /root/Aktuelles/Pressemitteilungen/April_2011--514.html HTTP/1.1" 200 76510 "http://www.kyffhaeuser.de/lrakyf/index.php?id=63" "Mozilla/5.0 (compatible; MSIE 9.0; Windows NT 6.1; Win64; x64; Trident/5.0)"
66.249.72.204 - - [28/Apr/2011:19:10:27 +0000] "GET /root/Landkreis/Orte_von_A-Z/Bottendorf--227.html HTTP/1.1" 200 18789 "" "Mozilla/5.0 (compatible; Googlebot/2.1; +http://www.google.com/bot.html)"
87.182.118.10 - - [28/Apr/2011:19:11:08 +0000] "GET /root/Aktuelles/Pressemitteilungen/April_2011--514.html HTTP/1.1" 200 76636 "http://www.kyffhaeuser.de/lrakyf/index.php?id=63" "Mozilla/5.0 (compatible; MSIE 9.0; Windows NT 6.1; Win64; x64; Trident/5.0)"
87.182.118.10 - - [28/Apr/2011:19:11:59 +0000] "GET /root/Aktuelles/Pressemitteilungen/April_2011--514.html HTTP/1.1" 200 76574 "http://www.kyffhaeuser.de/lrakyf/index.php?id=63" "Mozilla/5.0 (compatible; MSIE 9.0; Windows NT 6.1; Win64; x64; Trident/5.0)"
66.249.72.204 - - [28/Apr/2011:19:14:28 +0000] "GET /root/MENUE_RECHTS/Bildung___Schule/Musikschule/Fachbereiche--449.html HTTP/1.1" 200 23532 "" "Mozilla/5.0 (compatible; Googlebot/2.1; +http://www.google.com/bot.html)"
84.184.237.40 - - [28/Apr/2011:19:14:59 +0000] "GET /root/B__rgerservice/Kreismusikschule_--180.html HTTP/1.1" 200 20314 "http://www.google.de/search?client=safari&rls=en&q=musikschule+sondershausen&ie=UTF-8&oe=UTF-8&redir_esc=&ei=l6C5TdfRHcrAswbzl4nrAw" "Mozilla/5.0 (Macintosh; U; Intel Mac OS X 10_6_7; de-de) AppleWebKit/533.21.1 (KHTML, like Gecko) Version/5.0.5 Safari/533.21.1"
109.73.27.8 - - [28/Apr/2011:19:15:51 +0000] "GET /root/Startseite--215.html HTTP/1.1" 200 37548 "" "Mozilla/4.0 (compatible; MSIE 8.0; Windows NT 5.1; Trident/4.0; .NET CLR 2.0.50727; .NET CLR 3.0.4506.2152; .NET CLR 3.5.30729; .NET4.0C)"
109.73.27.8 - - [28/Apr/2011:19:15:59 +0000] "GET /root/Aktuelles--79.html HTTP/1.1" 200 26602 "http://www.kyffhaeuser.de/lrakyf/index.php" "Mozilla/4.0 (compatible; MSIE 8.0; Windows NT 5.1; Trident/4.0; .NET CLR 2.0.50727; .NET CLR 3.0.4506.2152; .NET CLR 3.5.30729; .NET4.0C)"
109.73.27.8 - - [28/Apr/2011:19:16:02 +0000] "GET /root/Aktuelles/Stellenausschreibungen--436.html HTTP/1.1" 200 13864 "http://www.kyffhaeuser.de/lrakyf/index.php?id=79" "Mozilla/4.0 (compatible; MSIE 8.0; Windows NT 5.1; Trident/4.0; .NET CLR 2.0.50727; .NET CLR 3.0.4506.2152; .NET CLR 3.5.30729; .NET4.0C)"
67.195.115.40 - - [28/Apr/2011:19:18:16 +0000] "GET /root/Tourismus___Kultur--12.html HTTP/1.1" 200 33113 "" "Mozilla/5.0 (compatible; Yahoo! Slurp; http://help.yahoo.com/help/us/ysearch/slurp)"
66.249.72.204 - - [28/Apr/2011:19:18:30 +0000] "GET /root/Landkreis/Orte_von_A-Z/Steinthaleben--345.html HTTP/1.1" 200 15386 "" "Mozilla/5.0 (compatible; Googlebot/2.1; +http://www.google.com/bot.html)"
87.182.118.10 - - [28/Apr/2011:19:20:12 +0000] "GET /root/Startseite--215.html HTTP/1.1" 200 38457 "http://www.kyffhaeuser.de/lrakyf/index.php?id=514" "Mozilla/5.0 (compatible; MSIE 9.0; Windows NT 6.1; Win64; x64; Trident/5.0)"
87.182.118.10 - - [28/Apr/2011:19:20:30 +0000] "GET /root/Aktuelles/Pressemitteilungen/April_2011--514.html HTTP/1.1" 200 76574 "http://www.kyffhaeuser.de/lrakyf/index.php?id=215" "Mozilla/5.0 (compatible; MSIE 9.0; Windows NT 6.1; Win64; x64; Trident/5.0)"
87.182.118.10 - - [28/Apr/2011:19:22:04 +0000] "GET /root/Aktuelles/Pressemitteilungen/April_2011--514.html HTTP/1.1" 200 76646 "http://www.kyffhaeuser.de/lrakyf/index.php?id=215" "Mozilla/5.0 (compatible; MSIE 9.0; Windows NT 6.1; Win64; x64; Trident/5.0)"
66.249.72.204 - - [28/Apr/2011:19:22:31 +0000] "GET /root/Landkreis/Orte_von_A-Z/Sachsenburg--339.html HTTP/1.1" 200 15264 "" "Mozilla/5.0 (compatible; Googlebot/2.1; +http://www.google.com/bot.html)"
84.58.49.107 - - [28/Apr/2011:19:25:19 +0000] "GET /root/Startseite--215.html HTTP/1.1" 200 38457 "" "Mozilla/5.0 (compatible; MSIE 9.0; Windows NT 6.0; Trident/5.0)"
84.58.49.107 - - [28/Apr/2011:19:25:29 +0000] "GET /root/Tourismus___Kultur--12.html HTTP/1.1" 200 33113 "http://www.kyffhaeuser.de/lrakyf/index.php" "Mozilla/5.0 (compatible; MSIE 9.0; Windows NT 6.0; Trident/5.0)"
66.249.72.204 - - [28/Apr/2011:19:26:33 +0000] "GET /root/Landkreis/Orte_von_A-Z/Niederb__sa--309.html HTTP/1.1" 200 17341 "" "Mozilla/5.0 (compatible; Googlebot/2.1; +http://www.google.com/bot.html)"
87.182.118.10 - - [28/Apr/2011:19:29:42 +0000] "GET /root/Aktuelles/Pressemitteilungen/April_2011--514.html HTTP/1.1" 200 78431 "http://www.kyffhaeuser.de/lrakyf/index.php?id=215" "Mozilla/5.0 (compatible; MSIE 9.0; Windows NT 6.1; Win64; x64; Trident/5.0)"
66.249.72.204 - - [28/Apr/2011:19:30:34 +0000] "GET /root/Landkreis/Orte_von_A-Z/Harras--274.html HTTP/1.1" 200 16010 "" "Mozilla/5.0 (compatible; Googlebot/2.1; +http://www.google.com/bot.html)"
207.46.199.37 - - [28/Apr/2011:19:31:22 +0000] "GET /root/MENUE_RECHTS/Wirtschaft___Verkehr/Firmendatenbank/Firmendatenbank--195.html HTTP/1.1" 200 14302 "" "Mozilla/5.0 (compatible; bingbot/2.0; +http://www.bing.com/bingbot.htm)"
67.195.115.40 - - [28/Apr/2011:19:32:43 +0000] "GET /root/MENUE_RECHTS/Wirtschaft___Verkehr/Firmendatenbank/Firmendatenbank--195.html HTTP/1.1" 200 17104 "" "Mozilla/5.0 (compatible; Yahoo! Slurp; http://help.yahoo.com/help/us/ysearch/slurp)"
66.249.72.204 - - [28/Apr/2011:19:34:24 +0000] "GET /root/MENUE_RECHTS/Wirtschaft___Verkehr/Firmendatenbank/Firmendatenbank--195.html HTTP/1.1" 200 28561 "" "Mozilla/5.0 (compatible; Googlebot/2.1; +http://www.google.com/bot.html)"
87.182.118.10 - - [28/Apr/2011:19:37:44 +0000] "GET /root/Startseite--215.html HTTP/1.1" 200 39592 "http://www.kyffhaeuser.de/lrakyf/index.php?id=514" "Mozilla/5.0 (compatible; MSIE 9.0; Windows NT 6.1; Win64; x64; Trident/5.0)"
87.182.118.10 - - [28/Apr/2011:19:37:55 +0000] "GET /root/Aktuelles/Pressemitteilungen/April_2011--514.html HTTP/1.1" 200 78431 "http://www.kyffhaeuser.de/lrakyf/index.php?id=215" "Mozilla/5.0 (compatible; MSIE 9.0; Windows NT 6.1; Win64; x64; Trident/5.0)"
87.182.118.10 - - [28/Apr/2011:19:38:00 +0000] "GET /root/Startseite--215.html HTTP/1.1" 200 39592 "http://www.kyffhaeuser.de/lrakyf/index.php?id=514" "Mozilla/5.0 (compatible; MSIE 9.0; Windows NT 6.1; Win64; x64; Trident/5.0)"
87.182.118.10 - - [28/Apr/2011:19:38:15 +0000] "GET /root/Startseite--215.html HTTP/1.1" 200 39592 "" "Mozilla/5.0 (compatible; MSIE 9.0; Windows NT 6.1; Win64; x64; Trident/5.0)"
46.137.44.108 - - [28/Apr/2011:19:38:19 +0000] "GET /root/Startseite--215.html HTTP/1.1" 200 39592 "" "Mozilla/5.0 (Windows; U; Windows NT 6.1; en-US; rv:1.9.2.13) Gecko/20101203 Firefox/3.6.13"
66.249.72.204 - - [28/Apr/2011:19:38:25 +0000] "GET /root/Landkreis/Orte_von_A-Z/Obertopfstedt--324.html HTTP/1.1" 200 16948 "" "Mozilla/5.0 (compatible; Googlebot/2.1; +http://www.google.com/bot.html)"
87.182.118.10 - - [28/Apr/2011:19:38:31 +0000] "GET /root/Aktuelles/Pressemitteilungen/April_2011--514.html HTTP/1.1" 200 78431 "http://www.kyffhaeuser.de/lrakyf/index.php" "Mozilla/5.0 (compatible; MSIE 9.0; Windows NT 6.1; Win64; x64; Trident/5.0)"
87.182.118.10 - - [28/Apr/2011:19:40:44 +0000] "GET /root/Tourismus___Kultur--12.html HTTP/1.1" 200 33113 "http://www.kyffhaeuser.de/lrakyf/index.php?id=514" "Mozilla/5.0 (compatible; MSIE 9.0; Windows NT 6.1; Win64; x64; Trident/5.0)"
87.182.118.10 - - [28/Apr/2011:19:40:47 +0000] "GET /root/Tourismus___Kultur/Aktuelle_Veranstaltungen--286.html HTTP/1.1" 200 26612 "http://www.kyffhaeuser.de/lrakyf/index.php?id=12" "Mozilla/5.0 (compatible; MSIE 9.0; Windows NT 6.1; Win64; x64; Trident/5.0)"
66.249.72.204 - - [28/Apr/2011:19:42:26 +0000] "GET /root/Landkreis/Orte_von_A-Z/Rohnstedt--337.html HTTP/1.1" 200 17641 "" "Mozilla/5.0 (compatible; Googlebot/2.1; +http://www.google.com/bot.html)"
67.195.115.40 - - [28/Apr/2011:19:42:54 +0000] "GET /root/MENUE_OBEN/Sitemap--82.html HTTP/1.1" 200 63147 "" "Mozilla/5.0 (compatible; Yahoo! Slurp; http://help.yahoo.com/help/us/ysearch/slurp)"
84.184.197.16 - - [28/Apr/2011:19:44:36 +0000] "GET /root/Startseite--215.html HTTP/1.1" 200 39592 "" "Mozilla/5.0 (Windows; U; Windows NT 6.1; de; rv:1.9.2.15) Gecko/20110303 Firefox/3.6.15"
84.184.197.16 - - [28/Apr/2011:19:44:45 +0000] "GET /root/Kreistag--39.html HTTP/1.1" 200 15091 "http://www.kyffhaeuser.de/lrakyf/index.php" "Mozilla/5.0 (Windows; U; Windows NT 6.1; de; rv:1.9.2.15) Gecko/20110303 Firefox/3.6.15"
84.184.197.16 - - [28/Apr/2011:19:45:02 +0000] "GET /root/MENUE_RECHTS/Natur___Umwelt--75.html HTTP/1.1" 200 15982 "http://www.kyffhaeuser.de/lrakyf/index.php" "Mozilla/5.0 (Windows; U; Windows NT 6.1; de; rv:1.9.2.15) Gecko/20110303 Firefox/3.6.15"
84.184.197.16 - - [28/Apr/2011:19:45:14 +0000] "GET /root/Startseite--215.html HTTP/1.1" 200 39592 "http://www.kyffhaeuser.de/lrakyf/index.php?id=75" "Mozilla/5.0 (Windows; U; Windows NT 6.1; de; rv:1.9.2.15) Gecko/20110303 Firefox/3.6.15"
84.184.197.16 - - [28/Apr/2011:19:45:41 +0000] "GET /root/MENUE_RECHTS/Formulare--55.html HTTP/1.1" 200 44128 "http://www.kyffhaeuser.de/lrakyf/index.php?id=215" "Mozilla/5.0 (Windows; U; Windows NT 6.1; de; rv:1.9.2.15) Gecko/20110303 Firefox/3.6.15"
87.182.118.10 - - [28/Apr/2011:19:45:57 +0000] "GET /root/Tourismus___Kultur/Aktuelle_Veranstaltungen--286.html HTTP/1.1" 200 26853 "http://www.kyffhaeuser.de/lrakyf/index.php?id=12" "Mozilla/5.0 (compatible; MSIE 9.0; Windows NT 6.1; Win64; x64; Trident/5.0)"
66.249.72.204 - - [28/Apr/2011:19:46:27 +0000] "GET /root/Landkreis/Orte_von_A-Z/Toba--364.html HTTP/1.1" 200 17423 "" "Mozilla/5.0 (compatible; Googlebot/2.1; +http://www.google.com/bot.html)"
89.204.138.66 - - [28/Apr/2011:19:46:42 +0000] "GET /root/B__rgerservice/Dienststelle_Artern--164.html HTTP/1.1" 200 27937 "http://www.google.de/url?sa=t&source=web&cd=1&ved=0CBkQFjAA&url=http%3A%2F%2Fwww.kyffhaeuser.de%2Flrakyf%2Findex.php%3Fid%3D164&rct=j&q=landratsamt%20kyffh%C3%A4userkreis%20artern&ei=B6i5TbiZPJjT4waG8sXsDw&usg=AFQjCNGnvuPWHMDd5KM3gXR8jYTIRHYcQg" "Mozilla/5.0 (Windows; U; Windows NT 5.1; de; rv:1.9.2.16) Gecko/20110319 Firefox/3.6.16"
89.204.138.66 - - [28/Apr/2011:19:47:47 +0000] "GET /root/Startseite--215.html HTTP/1.1" 200 39592 "" "Mozilla/5.0 (Windows; U; Windows NT 5.1; de; rv:1.9.2.16) Gecko/20110319 Firefox/3.6.16"
89.204.138.66 - - [28/Apr/2011:19:48:01 +0000] "GET /root/B__rgerservice/Landratsamt--427.html HTTP/1.1" 200 26870 "http://www.google.de/url?sa=t&source=web&cd=2&ved=0CCoQFjAB&url=http%3A%2F%2Fwww.kyffhaeuser.de%2Flrakyf%2Findex.php%3Fid%3D427&rct=j&q=landratsamt%20kyffh%C3%A4userkreis%20&ei=R6i5TYOZJePO4wbL9aTrDw&usg=AFQjCNHPr5u8yzV8ybFlbhOsQ1Fze_Id3A" "Mozilla/5.0 (Windows; U; Windows NT 5.1; de; rv:1.9.2.16) Gecko/20110319 Firefox/3.6.16"
87.172.59.248 - - [28/Apr/2011:19:48:03 +0000] "GET /root/Aktuelles/Baustellen_im_Landkreis--264.html HTTP/1.1" 200 18986 "http://suche.t-online.de/fast-cgi/tsc?sr=ptoweb&q=stra%C3%9Fensperrung+kelbra+sondershausen" "Mozilla/4.0 (compatible; MSIE 8.0; Windows NT 6.0; WOW64; Trident/4.0; GTB6.6; SLCC1; .NET CLR 2.0.50727; Media Center PC 5.0; .NET CLR 3.5.30729; .NET CLR 3.0.30729; .NET CLR 1.1.4322)"
87.172.59.248 - - [28/Apr/2011:19:48:07 +0000] "GET /root/Aktuelles/Baustellen_im_Landkreis--264.html HTTP/1.1" 200 18986 "http://suche.t-online.de/fast-cgi/tsc?sr=ptoweb&q=stra%C3%9Fensperrung+kelbra+sondershausen" "Mozilla/4.0 (compatible; MSIE 8.0; Windows NT 6.0; WOW64; Trident/4.0; GTB6.6; SLCC1; .NET CLR 2.0.50727; Media Center PC 5.0; .NET CLR 3.5.30729; .NET CLR 3.0.30729; .NET CLR 1.1.4322)"
87.172.59.248 - - [28/Apr/2011:19:48:08 +0000] "GET /root/Aktuelles/Baustellen_im_Landkreis--264.html HTTP/1.1" 200 18986 "http://suche.t-online.de/fast-cgi/tsc?sr=ptoweb&q=stra%C3%9Fensperrung+kelbra+sondershausen" "Mozilla/4.0 (compatible; MSIE 8.0; Windows NT 6.0; WOW64; Trident/4.0; GTB6.6; SLCC1; .NET CLR 2.0.50727; Media Center PC 5.0; .NET CLR 3.5.30729; .NET CLR 3.0.30729; .NET CLR 1.1.4322)"
89.204.138.66 - - [28/Apr/2011:19:48:29 +0000] "GET /root/Kontakt--4.html HTTP/1.1" 200 14140 "http://www.kyffhaeuser.de/lrakyf/index.php?id=427" "Mozilla/5.0 (Windows; U; Windows NT 5.1; de; rv:1.9.2.16) Gecko/20110319 Firefox/3.6.16"
217.50.228.109 - - [28/Apr/2011:19:48:41 +0000] "GET /root/B__rgerservice/Jugendamt--157.html HTTP/1.1" 200 22723 "" "Mozilla/5.0 (Windows; U; Windows NT 6.1; en-US) AppleWebKit/534.16 (KHTML, like Gecko) Chrome/10.0.648.204 Safari/534.16"
217.50.228.109 - - [28/Apr/2011:19:48:57 +0000] "GET /root/MENUE_RECHTS/Formulare--55.html HTTP/1.1" 200 44128 "http://www.kyffhaeuser.de/lrakyf/index.php?id=157" "Mozilla/5.0 (Windows; U; Windows NT 6.1; en-US) AppleWebKit/534.16 (KHTML, like Gecko) Chrome/10.0.648.204 Safari/534.16"
89.204.138.66 - - [28/Apr/2011:19:49:17 +0000] "GET /root/Startseite--215.html HTTP/1.1" 200 39592 "" "Mozilla/5.0 (Windows; U; Windows NT 5.1; de; rv:1.9.2.16) Gecko/20110319 Firefox/3.6.16"
89.204.138.66 - - [28/Apr/2011:19:49:25 +0000] "GET /root/B__rgerservice--86.html HTTP/1.1" 200 19149 "http://www.kyffhaeuser.de/lrakyf/index.php" "Mozilla/5.0 (Windows; U; Windows NT 5.1; de; rv:1.9.2.16) Gecko/20110319 Firefox/3.6.16"
87.182.118.10 - - [28/Apr/2011:19:51:26 +0000] "GET /root/Tourismus___Kultur/Aktuelle_Veranstaltungen--286.html HTTP/1.1" 200 29644 "http://www.kyffhaeuser.de/lrakyf/index.php?id=12" "Mozilla/5.0 (compatible; MSIE 9.0; Windows NT 6.1; Win64; x64; Trident/5.0)"
78.48.43.47 - - [28/Apr/2011:19:51:33 +0000] "GET /root/MENUE_RECHTS/Bildung___Schule/Regelschulen--144.html HTTP/1.1" 200 17353 "http://www.bing.com/search?q=WWW.rsoldisleben.Kyf.th%2Cschulede&pc=conduit&form=CONMHP&ptag=A6E9E6BAEE09F4BD89FF&conlogo=CT2528046" "Mozilla/4.0 (compatible; MSIE 8.0; Windows NT 5.1; Trident/4.0; GTB6.6)"
87.182.118.10 - - [28/Apr/2011:19:51:39 +0000] "GET /root/Tourismus___Kultur/Aktuelle_Veranstaltungen--286.html HTTP/1.1" 200 29644 "http://www.kyffhaeuser.de/lrakyf/index.php?id=12" "Mozilla/5.0 (compatible; MSIE 9.0; Windows NT 6.1; Win64; x64; Trident/5.0)"
87.182.118.10 - - [28/Apr/2011:19:53:34 +0000] "GET /root/Tourismus___Kultur/Aktuelle_Veranstaltungen--286.html HTTP/1.1" 200 29521 "http://www.kyffhaeuser.de/lrakyf/index.php?id=12" "Mozilla/5.0 (compatible; MSIE 9.0; Windows NT 6.1; Win64; x64; Trident/5.0)"
66.249.72.204 - - [28/Apr/2011:19:54:31 +0000] "GET /root/Landkreis/Orte_von_A-Z/Holzengel--297.html HTTP/1.1" 200 19067 "" "Mozilla/5.0 (compatible; Googlebot/2.1; +http://www.google.com/bot.html)"
87.182.118.10 - - [28/Apr/2011:19:55:08 +0000] "GET /root/MENUE_RECHTS/Bildung___Schule--67.html HTTP/1.1" 200 21602 "http://www.kyffhaeuser.de/lrakyf/index.php?id=286" "Mozilla/5.0 (compatible; MSIE 9.0; Windows NT 6.1; Win64; x64; Trident/5.0)"
79.200.166.196 - - [28/Apr/2011:19:55:06 +0000] "GET /root/Landkreis/Orte_von_A-Z/Schernberg--340.html HTTP/1.1" 200 21350 "http://suche.t-online.de/fast-cgi/tsc?lang=any&dia=suche&pageSection=&category=&ms=&mf=&imtype=&fmt=&searchSite=&language=&src=&q_opt=&cr=&start=0&more=variante0x&ocr=yes&tax=&y=8&x=59&q_cat=&q=Karl+Friedrich+von+Tettenborn+&adtest=&device=html&comprisedLink=&q_not=&classification=internet-tab_internet_std&excludeSite=&sort=&mandant=bidcs&num=10&encQuery=Karl Friedrich von Tettenborn grafschaft hohenstein&plug_id=&sortdir=&tax_max=&type=all&context=internet-tab&tpc=internet&ptl=std&adpage=2&www_start=10&www_num=10&wh=541" "Mozilla/4.0 (compatible; MSIE 7.0; TOB 6.11; Windows NT 5.1; FunWebProducts; GTB6.6; .NET CLR 1.1.4322; .NET CLR 2.0.50727; .NET CLR 3.0.04506.30; .NET CLR 3.0.04506.648; .NET CLR 3.0.4506.2152; .NET CLR 3.5.30729)"
87.182.118.10 - - [28/Apr/2011:19:55:20 +0000] "GET /root/MENUE_RECHTS/Wirtschaft___Verkehr--5.html HTTP/1.1" 200 18958 "http://www.kyffhaeuser.de/lrakyf/index.php?id=67" "Mozilla/5.0 (compatible; MSIE 9.0; Windows NT 6.1; Win64; x64; Trident/5.0)"
87.182.118.10 - - [28/Apr/2011:19:55:22 +0000] "GET /root/MENUE_RECHTS/Jugend___Sport--72.html HTTP/1.1" 200 17257 "http://www.kyffhaeuser.de/lrakyf/index.php?id=5" "Mozilla/5.0 (compatible; MSIE 9.0; Windows NT 6.1; Win64; x64; Trident/5.0)"
87.182.118.10 - - [28/Apr/2011:19:55:26 +0000] "GET /root/MENUE_RECHTS/Jugend___Sport/ST__RKEN_vor_Ort--396.html HTTP/1.1" 200 19646 "http://www.kyffhaeuser.de/lrakyf/index.php?id=72" "Mozilla/5.0 (compatible; MSIE 9.0; Windows NT 6.1; Win64; x64; Trident/5.0)"
87.182.118.10 - - [28/Apr/2011:19:55:33 +0000] "GET /root/MENUE_RECHTS/Jugend___Sport/ST__RKEN_vor_Ort--396.html HTTP/1.1" 200 19646 "http://www.kyffhaeuser.de/lrakyf/index.php?id=72" "Mozilla/5.0 (compatible; MSIE 9.0; Windows NT 6.1; Win64; x64; Trident/5.0)"
217.253.225.98 - - [28/Apr/2011:19:55:31 +0000] "GET /root/Landkreis/Orte_von_A-Z/Heygendorf--279.html HTTP/1.1" 200 21568 "http://www.google.de/search?source=ig&hl=de&rlz=&=&q=gemeinde+heygendorf&aq=3&aqi=g6&aql=&oq=Gemeinde+Hey" "Mozilla/5.0 (Windows; U; Windows NT 5.1; de; rv:1.9.1.18) Gecko/20110319 Firefox/3.5.18 ( .NET CLR 3.5.30729)"
66.249.72.204 - - [28/Apr/2011:19:58:32 +0000] "GET /root/MENUE_RECHTS/Wirtschaft___Verkehr/Gewerbe-_und_Indu.../GG_G__llingen--98.html HTTP/1.1" 200 22459 "" "Mozilla/5.0 (compatible; Googlebot/2.1; +http://www.google.com/bot.html)"
66.249.72.204 - - [28/Apr/2011:20:02:34 +0000] "GET /root/Landkreis/Orte_von_A-Z/Westgreu__en--372.html HTTP/1.1" 200 18093 "" "Mozilla/5.0 (compatible; Googlebot/2.1; +http://www.google.com/bot.html)"
87.182.118.10 - - [28/Apr/2011:20:03:54 +0000] "GET /root/MENUE_RECHTS/Jugend___Sport/ST__RKEN_vor_Ort--396.html HTTP/1.1" 200 19954 "http://www.kyffhaeuser.de/lrakyf/index.php?id=72" "Mozilla/5.0 (compatible; MSIE 9.0; Windows NT 6.1; Win64; x64; Trident/5.0)"
88.74.234.248 - - [28/Apr/2011:20:04:09 +0000] "GET /root/MENUE_RECHTS/Jugend___Sport/Freizeitangebote--73.html HTTP/1.1" 200 19245 "http://suche.t-online.de/fast-cgi/tsc?sr=ptoweb&q=just+sondershausen" "Mozilla/4.0 (compatible; MSIE 8.0; Windows NT 6.1; WOW64; Trident/4.0; SLCC2; .NET CLR 2.0.50727; .NET CLR 3.5.30729; .NET CLR 3.0.30729; Media Center PC 6.0; .NET4.0C; BRI/2)"
87.182.118.10 - - [28/Apr/2011:20:04:15 +0000] "GET /root/MENUE_RECHTS/Jugend___Sport/Kyffh__userkreis_f__r_Demokrat--390.html HTTP/1.1" 200 23983 "http://www.kyffhaeuser.de/lrakyf/index.php?id=396" "Mozilla/5.0 (compatible; MSIE 9.0; Windows NT 6.1; Win64; x64; Trident/5.0)"
87.182.118.10 - - [28/Apr/2011:20:04:17 +0000] "GET /root/MENUE_RECHTS/Wirtschaft___Verkehr--5.html HTTP/1.1" 200 18958 "http://www.kyffhaeuser.de/lrakyf/index.php?id=390" "Mozilla/5.0 (compatible; MSIE 9.0; Windows NT 6.1; Win64; x64; Trident/5.0)"
87.182.118.10 - - [28/Apr/2011:20:04:18 +0000] "GET /root/Startseite--215.html HTTP/1.1" 200 39592 "http://www.kyffhaeuser.de/lrakyf/index.php?id=5" "Mozilla/5.0 (compatible; MSIE 9.0; Windows NT 6.1; Win64; x64; Trident/5.0)"
87.182.118.10 - - [28/Apr/2011:20:05:01 +0000] "GET /root/Aktuelles/Pressemitteilungen/April_2011--514.html HTTP/1.1" 200 78431 "http://www.kyffhaeuser.de/lrakyf/index.php?id=215" "Mozilla/5.0 (compatible; MSIE 9.0; Windows NT 6.1; Win64; x64; Trident/5.0)"
87.182.118.10 - - [28/Apr/2011:20:05:03 +0000] "GET /root/Aktuelles/Pressemitteilungen/Mai_2011--515.html HTTP/1.1" 200 13952 "http://www.kyffhaeuser.de/lrakyf/index.php?id=514" "Mozilla/5.0 (compatible; MSIE 9.0; Windows NT 6.1; Win64; x64; Trident/5.0)"
88.74.234.248 - - [28/Apr/2011:20:05:24 +0000] "GET /root/MENUE_RECHTS/Jugend___Sport/Ferienpark_Feuerkuppe--424.html HTTP/1.1" 200 18123 "http://www.kyffhaeuser.de/lrakyf/index.php?id=73" "Mozilla/4.0 (compatible; MSIE 8.0; Windows NT 6.1; WOW64; Trident/4.0; SLCC2; .NET CLR 2.0.50727; .NET CLR 3.5.30729; .NET CLR 3.0.30729; Media Center PC 6.0; .NET4.0C; BRI/2)"
67.195.115.40 - - [28/Apr/2011:20:05:51 +0000] "GET /root/MENUE_RECHTS/Bildung___Schule/Musikschule/The_Little_Big_Band--451.html HTTP/1.1" 200 18707 "" "Mozilla/5.0 (compatible; Yahoo! Slurp; http://help.yahoo.com/help/us/ysearch/slurp)"
88.74.234.248 - - [28/Apr/2011:20:06:34 +0000] "GET /root/MENUE_RECHTS/Jugend___Sport/Freizeitangebote--73.html HTTP/1.1" 200 19245 "http://www.kyffhaeuser.de/lrakyf/index.php?id=424" "Mozilla/4.0 (compatible; MSIE 8.0; Windows NT 6.1; WOW64; Trident/4.0; SLCC2; .NET CLR 2.0.50727; .NET CLR 3.5.30729; .NET CLR 3.0.30729; Media Center PC 6.0; .NET4.0C; BRI/2)"
66.249.72.204 - - [28/Apr/2011:20:06:36 +0000] "GET /root/Landkreis/Orte_von_A-Z/Trebra--365.html HTTP/1.1" 200 17791 "" "Mozilla/5.0 (compatible; Googlebot/2.1; +http://www.google.com/bot.html)"
88.74.234.248 - - [28/Apr/2011:20:06:38 +0000] "GET /root/MENUE_RECHTS/Jugend___Sport/Freizeitangebote--73.html HTTP/1.1" 200 19245 "http://www.kyffhaeuser.de/lrakyf/index.php?id=73" "Mozilla/4.0 (compatible; MSIE 8.0; Windows NT 6.1; WOW64; Trident/4.0; SLCC2; .NET CLR 2.0.50727; .NET CLR 3.5.30729; .NET CLR 3.0.30729; Media Center PC 6.0; .NET4.0C; BRI/2)"
88.74.234.248 - - [28/Apr/2011:20:06:42 +0000] "GET /root/Kontakt--4.html HTTP/1.1" 200 14140 "http://www.kyffhaeuser.de/lrakyf/index.php?id=73" "Mozilla/4.0 (compatible; MSIE 8.0; Windows NT 6.1; WOW64; Trident/4.0; SLCC2; .NET CLR 2.0.50727; .NET CLR 3.5.30729; .NET CLR 3.0.30729; Media Center PC 6.0; .NET4.0C; BRI/2)"
217.83.189.70 - - [28/Apr/2011:20:09:02 +0000] "GET /root/MENUE_RECHTS/Wirtschaft___Verkehr/Verkehrsgesellschaften--455.html HTTP/1.1" 200 16124 "http://www.kyffhaeuser.de/lrakyf/index.php?id=5" "Mozilla/5.0 (Windows; U; Windows NT 6.1; de; rv:1.9.2.16) Gecko/20110319 Firefox/3.6.16"
84.169.101.32 - - [28/Apr/2011:20:10:24 +0000] "GET /root/Aktuelles/Pressemitteilungen/April_2011--514.html HTTP/1.1" 200 78431 "http://suche.web.de/search/web/?mc=suche@web@eingabefeldoben.suche@web&languageSelection=&webLanguages=&allparams=&smode=&su=Bad-frankenhausen+Kurpark++Baumpflanzung&search=Suche" "Mozilla/4.0 (compatible; MSIE 8.0; Windows NT 5.1; Trident/4.0; Mozilla/4.0 (compatible; MSIE 8.0; Win32; WEB.DE); (webde/1.1.0.21); GTB6.6; .NET CLR 1.1.4322; .NET CLR 2.0.50727; .NET CLR 3.0.4506.2152; .NET CLR 3.5.30729)"
66.249.72.204 - - [28/Apr/2011:20:10:37 +0000] "GET /root/Landkreis/Orte_von_A-Z/Schaafsdorf--350.html HTTP/1.1" 200 16936 "" "Mozilla/5.0 (compatible; Googlebot/2.1; +http://www.google.com/bot.html)"
87.147.36.81 - - [28/Apr/2011:20:11:21 +0000] "GET /root/Aktuelles/Pressemitteilungen/April_2011--514.html HTTP/1.1" 200 78431 "http://www.google.de/search?q=Die+frist+fur+die+r%C3%BCckwirkende+beantragung+auf+leistungen+f%C3%BCr+bildung+und+teilhabe+sachsen&ie=utf-8&oe=utf-8&aq=t&rls=org.mozilla:de:official&client=firefox-a" "Mozilla/5.0 (Windows; U; Windows NT 6.1; de; rv:1.9.2.16) Gecko/20110319 MRA 5.7 (build 03757) Firefox/3.6.16 sputnik 2.4.0.54"
66.249.72.204 - - [28/Apr/2011:20:18:40 +0000] "GET /root/Tourismus___Kultur/Superlative--429.html HTTP/1.1" 200 26288 "" "Mozilla/5.0 (compatible; Googlebot/2.1; +http://www.google.com/bot.html)"
91.43.136.230 - - [28/Apr/2011:20:19:42 +0000] "GET /root/Startseite--215.html HTTP/1.1" 200 39592 "" "Mozilla/4.0 (compatible; MSIE 8.0; Windows NT 6.1; Trident/4.0; SLCC2; .NET CLR 2.0.50727; .NET CLR 3.5.30729; .NET CLR 3.0.30729; Media Center PC 6.0; MALN; .NET4.0C)"
91.43.136.230 - - [28/Apr/2011:20:20:01 +0000] "GET /root/Aktuelles/Pressemitteilungen/April_2011--514.html HTTP/1.1" 200 78431 "http://www.kyffhaeuser.de/lrakyf/index.php" "Mozilla/4.0 (compatible; MSIE 8.0; Windows NT 6.1; Trident/4.0; SLCC2; .NET CLR 2.0.50727; .NET CLR 3.5.30729; .NET CLR 3.0.30729; Media Center PC 6.0; MALN; .NET4.0C)"
67.202.45.140 - - [28/Apr/2011:20:21:01 +0000] "GET /root/Startseite--215.html HTTP/1.1" 200 39592 "" "Mozilla/5.0 (compatible; NetcraftSurveyAgent/1.0; +info@netcraft.com)"
66.249.72.204 - - [28/Apr/2011:20:22:41 +0000] "GET /root/Aktuelles/Pressemitteilungen/M__rz_2008--406.html HTTP/1.1" 200 44119 "" "Mozilla/5.0 (compatible; Googlebot/2.1; +http://www.google.com/bot.html)"
87.182.118.10 - - [28/Apr/2011:20:25:16 +0000] "GET /root/Startseite--215.html HTTP/1.1" 200 39592 "http://www.kyffhaeuser.de/lrakyf/index.php?id=515" "Mozilla/5.0 (compatible; MSIE 9.0; Windows NT 6.1; Win64; x64; Trident/5.0)"
87.182.118.10 - - [28/Apr/2011:20:25:25 +0000] "GET /root/Startseite--215.html HTTP/1.1" 200 39592 "http://www.kyffhaeuser.de/lrakyf/index.php?id=215" "Mozilla/5.0 (compatible; MSIE 9.0; Windows NT 6.1; Win64; x64; Trident/5.0)"
87.182.118.10 - - [28/Apr/2011:20:25:26 +0000] "GET /root/Aktuelles--79.html HTTP/1.1" 200 26602 "http://www.kyffhaeuser.de/lrakyf/index.php?id=215" "Mozilla/5.0 (compatible; MSIE 9.0; Windows NT 6.1; Win64; x64; Trident/5.0)"
87.182.118.10 - - [28/Apr/2011:20:25:28 +0000] "GET /root/B__rgerservice--86.html HTTP/1.1" 200 19149 "http://www.kyffhaeuser.de/lrakyf/index.php?id=79" "Mozilla/5.0 (compatible; MSIE 9.0; Windows NT 6.1; Win64; x64; Trident/5.0)"
87.182.118.10 - - [28/Apr/2011:20:25:34 +0000] "GET /root/B__rgerservice/Amt_f__r_Wirtschaftsf__rderung--175.html HTTP/1.1" 200 20233 "http://www.kyffhaeuser.de/lrakyf/index.php?id=86" "Mozilla/5.0 (compatible; MSIE 9.0; Windows NT 6.1; Win64; x64; Trident/5.0)"
66.249.72.204 - - [28/Apr/2011:20:26:43 +0000] "GET /root/Landkreis/Orte_von_A-Z/Peukendorf--327.html HTTP/1.1" 200 16478 "" "Mozilla/5.0 (compatible; Googlebot/2.1; +http://www.google.com/bot.html)"
109.73.20.160 - - [28/Apr/2011:20:27:36 +0000] "GET /root/Aktuelles--79.html HTTP/1.1" 200 26602 "http://www.google.de/url?sa=t&source=web&cd=1&ved=0CCYQqwMoBjAA&url=http%3A%2F%2Fwww.kyffhaeuser.de%2Flrakyf%2Findex.php%3Fid%3D79&rct=j&q=landratsamt%20kyffh%C3%A4userkreis&ei=nbG5TdCJLsWYOv2awfgO&usg=AFQjCNHDbOnRZMPEyirxaZ3Fv9HvIRRI0A" "Mozilla/5.0 (Windows NT 5.1; rv:2.0) Gecko/20100101 Firefox/4.0"
109.73.20.160 - - [28/Apr/2011:20:27:38 +0000] "GET /root/Aktuelles--79.html HTTP/1.1" 200 26602 "http://www.google.de/url?sa=t&source=web&cd=1&ved=0CCYQqwMoBjAA&url=http%3A%2F%2Fwww.kyffhaeuser.de%2Flrakyf%2Findex.php%3Fid%3D79&rct=j&q=landratsamt%20kyffh%C3%A4userkreis&ei=nbG5TdCJLsWYOv2awfgO&usg=AFQjCNHDbOnRZMPEyirxaZ3Fv9HvIRRI0A" "Mozilla/5.0 (Windows NT 5.1; rv:2.0) Gecko/20100101 Firefox/4.0"
109.73.20.160 - - [28/Apr/2011:20:27:42 +0000] "GET /root/Aktuelles/Stellenausschreibungen--436.html HTTP/1.1" 200 13864 "http://www.kyffhaeuser.de/lrakyf/index.php?id=79" "Mozilla/5.0 (Windows NT 5.1; rv:2.0) Gecko/20100101 Firefox/4.0"
109.73.20.160 - - [28/Apr/2011:20:27:50 +0000] "GET /root/Startseite--215.html HTTP/1.1" 200 39592 "" "Mozilla/5.0 (Windows NT 5.1; rv:2.0) Gecko/20100101 Firefox/4.0"
109.73.20.160 - - [28/Apr/2011:20:28:19 +0000] "GET /root/Aktuelles/Pressemitteilungen/April_2011--514.html HTTP/1.1" 200 78431 "http://www.kyffhaeuser.de/lrakyf/index.php" "Mozilla/5.0 (Windows NT 5.1; rv:2.0) Gecko/20100101 Firefox/4.0"
79.214.253.171 - - [28/Apr/2011:20:30:35 +0000] "GET /root/Aktuelles/Baustellen_im_Landkreis--264.html HTTP/1.1" 200 18986 "http://www.google.de/search?client=safari&rls=de-de&q=stra%C3%9Fensperrung+gorsleben+bahnuebergang&ie=UTF-8&oe=UTF-8&redir_esc=&ei=RLK5TciiD4TCtAbRhZnrAw" "Mozilla/5.0 (Macintosh; U; Intel Mac OS X 10_5_7; de-de) AppleWebKit/525.28.3 (KHTML, like Gecko) Version/3.2.3 Safari/525.28.3"
66.249.72.204 - - [28/Apr/2011:20:30:45 +0000] "GET /root/Landkreis/Orte_von_A-Z/Helbed__ndorf--318.html HTTP/1.1" 200 16623 "" "Mozilla/5.0 (compatible; Googlebot/2.1; +http://www.google.com/bot.html)"
66.249.72.204 - - [28/Apr/2011:20:34:46 +0000] "GET /root/Landkreis/Orte_von_A-Z/Hauteroda--275.html HTTP/1.1" 200 19084 "" "Mozilla/5.0 (compatible; Googlebot/2.1; +http://www.google.com/bot.html)"
66.249.72.204 - - [28/Apr/2011:20:38:48 +0000] "GET /root/MENUE_RECHTS/Bildung___Schule/Ausbildung/KAZ_e.V.--360.html HTTP/1.1" 200 16883 "" "Mozilla/5.0 (compatible; Googlebot/2.1; +http://www.google.com/bot.html)"
66.249.72.204 - - [28/Apr/2011:20:42:49 +0000] "GET /root/Landkreis/Orte_von_A-Z/Himmelsberg--280.html HTTP/1.1" 200 18144 "" "Mozilla/5.0 (compatible; Googlebot/2.1; +http://www.google.com/bot.html)"
188.138.94.12 - - [28/Apr/2011:20:43:19 +0000] "GET /root/Startseite--215.html HTTP/1.1" 200 39592 "" "Mozilla/5.0 (X11; U; Linux i686; de; rv:1.9.0.1; compatible; iCjobs Stellenangebote Jobs; http://www.icjobs.de) Gecko/20100401 iCjobs/3.2.3"
188.138.94.12 - - [28/Apr/2011:20:43:22 +0000] "GET /root/Kontakt--4.html HTTP/1.1" 200 14140 "" "Mozilla/5.0 (X11; U; Linux i686; de; rv:1.9.0.1; compatible; iCjobs Stellenangebote Jobs; http://www.icjobs.de) Gecko/20100401 iCjobs/3.2.3"
188.138.94.12 - - [28/Apr/2011:20:43:24 +0000] "GET /root/MENUE_OBEN/Sitemap--82.html HTTP/1.1" 200 63147 "" "Mozilla/5.0 (X11; U; Linux i686; de; rv:1.9.0.1; compatible; iCjobs Stellenangebote Jobs; http://www.icjobs.de) Gecko/20100401 iCjobs/3.2.3"
188.138.94.12 - - [28/Apr/2011:20:43:37 +0000] "GET /root/Aktuelles/Stellenausschreibungen--436.html HTTP/1.1" 200 13864 "" "Mozilla/5.0 (X11; U; Linux i686; de; rv:1.9.0.1; compatible; iCjobs Stellenangebote Jobs; http://www.icjobs.de) Gecko/20100401 iCjobs/3.2.3"
66.249.72.204 - - [28/Apr/2011:20:44:10 +0000] "GET /root/Aktuelles/Pressemitteilungen/Mai_2011--515.html HTTP/1.1" 200 13952 "" "Mozilla/5.0 (compatible; Googlebot/2.1; +http://www.google.com/bot.html)"
67.195.115.40 - - [28/Apr/2011:20:45:55 +0000] "GET /root/Landkreis/Orte_von_A-Z/Gro__furra--269.html HTTP/1.1" 200 17778 "" "Mozilla/5.0 (compatible; Yahoo! Slurp; http://help.yahoo.com/help/us/ysearch/slurp)"
188.138.94.12 - - [28/Apr/2011:20:46:03 +0000] "GET /root/B__rgerservice/Gleichstellungsbeauftragte--179.html HTTP/1.1" 200 18741 "" "Mozilla/5.0 (X11; U; Linux i686; de; rv:1.9.0.1; compatible; iCjobs Stellenangebote Jobs; http://www.icjobs.de) Gecko/20100401 iCjobs/3.2.3"
188.138.94.12 - - [28/Apr/2011:20:46:05 +0000] "GET /root/Tourismus___Kultur/K__nstler_--428.html HTTP/1.1" 200 16452 "" "Mozilla/5.0 (X11; U; Linux i686; de; rv:1.9.0.1; compatible; iCjobs Stellenangebote Jobs; http://www.icjobs.de) Gecko/20100401 iCjobs/3.2.3"
188.138.94.12 - - [28/Apr/2011:20:46:08 +0000] "GET /root/Aktuelles/Baustellen_im_Landkreis--264.html HTTP/1.1" 200 18986 "" "Mozilla/5.0 (X11; U; Linux i686; de; rv:1.9.0.1; compatible; iCjobs Stellenangebote Jobs; http://www.icjobs.de) Gecko/20100401 iCjobs/3.2.3"
188.138.94.12 - - [28/Apr/2011:20:46:09 +0000] "GET /root/B__rgerservice/Jobcenter--361.html HTTP/1.1" 200 20923 "" "Mozilla/5.0 (X11; U; Linux i686; de; rv:1.9.0.1; compatible; iCjobs Stellenangebote Jobs; http://www.icjobs.de) Gecko/20100401 iCjobs/3.2.3"
188.138.94.12 - - [28/Apr/2011:20:46:11 +0000] "GET /root/B__rgerservice/Dienststelle_Artern--164.html HTTP/1.1" 200 27937 "" "Mozilla/5.0 (X11; U; Linux i686; de; rv:1.9.0.1; compatible; iCjobs Stellenangebote Jobs; http://www.icjobs.de) Gecko/20100401 iCjobs/3.2.3"
188.138.94.12 - - [28/Apr/2011:20:46:13 +0000] "GET /root/B__rgerservice/B__rgerservice__F__hrerscheins--172.html HTTP/1.1" 200 19856 "" "Mozilla/5.0 (X11; U; Linux i686; de; rv:1.9.0.1; compatible; iCjobs Stellenangebote Jobs; http://www.icjobs.de) Gecko/20100401 iCjobs/3.2.3"
188.138.94.12 - - [28/Apr/2011:20:46:15 +0000] "GET /root/Aktuelles--79.html HTTP/1.1" 200 26602 "" "Mozilla/5.0 (X11; U; Linux i686; de; rv:1.9.0.1; compatible; iCjobs Stellenangebote Jobs; http://www.icjobs.de) Gecko/20100401 iCjobs/3.2.3"
66.249.72.204 - - [28/Apr/2011:20:46:52 +0000] "GET /root/Landkreis/Orte_von_A-Z/Gr__ningen--270.html HTTP/1.1" 200 17965 "" "Mozilla/5.0 (compatible; Googlebot/2.1; +http://www.google.com/bot.html)"
95.108.245.252 - - [28/Apr/2011:20:48:05 +0000] "GET /root/Kreistag--39.html HTTP/1.1" 200 15091 "" "Mozilla/5.0 (compatible; YandexBot/3.0; +http://yandex.com/bots)"
88.131.106.2 - - [28/Apr/2011:20:49:40 +0000] "GET /root/Startseite--215.html HTTP/1.1" 200 39592 "" "Mozilla/5.0 (Windows; U; Windows NT 5.1; en-US) Speedy Spider (http://www.entireweb.com/about/search_tech/speedy_spider/)"
66.249.72.204 - - [28/Apr/2011:20:50:52 +0000] "GET /root/Landkreis/Orte_von_A-Z/Niedertopfstedt--320.html HTTP/1.1" 200 17365 "" "Mozilla/5.0 (compatible; Googlebot/2.1; +http://www.google.com/bot.html)"
188.138.94.12 - - [28/Apr/2011:20:51:41 +0000] "GET /root/Kontakt--4.html HTTP/1.1" 200 14140 "" "Mozilla/5.0 (X11; U; Linux i686; de; rv:1.9.0.1; compatible; iCjobs Stellenangebote Jobs; http://www.icjobs.de) Gecko/20100401 iCjobs/3.2.3"
188.138.94.12 - - [28/Apr/2011:20:51:43 +0000] "GET /root/B__rgerservice/Veterin__ramt___Lebensmittel__--167.html HTTP/1.1" 200 22102 "" "Mozilla/5.0 (X11; U; Linux i686; de; rv:1.9.0.1; compatible; iCjobs Stellenangebote Jobs; http://www.icjobs.de) Gecko/20100401 iCjobs/3.2.3"
188.138.94.12 - - [28/Apr/2011:20:51:46 +0000] "GET /root/B__rgerservice/Ausbildung_im_LRA--49.html HTTP/1.1" 200 23979 "" "Mozilla/5.0 (X11; U; Linux i686; de; rv:1.9.0.1; compatible; iCjobs Stellenangebote Jobs; http://www.icjobs.de) Gecko/20100401 iCjobs/3.2.3"
188.138.94.12 - - [28/Apr/2011:20:51:52 +0000] "GET /root/Tourismus___Kultur/Herbergen____bernachtungen--225.html HTTP/1.1" 200 16667 "" "Mozilla/5.0 (X11; U; Linux i686; de; rv:1.9.0.1; compatible; iCjobs Stellenangebote Jobs; http://www.icjobs.de) Gecko/20100401 iCjobs/3.2.3"
188.138.94.12 - - [28/Apr/2011:20:51:57 +0000] "GET /root/Soziales___Gesund.../Soziale_Projekte--138.html HTTP/1.1" 200 28136 "" "Mozilla/5.0 (X11; U; Linux i686; de; rv:1.9.0.1; compatible; iCjobs Stellenangebote Jobs; http://www.icjobs.de) Gecko/20100401 iCjobs/3.2.3"
188.138.94.12 - - [28/Apr/2011:20:52:31 +0000] "GET /root/Kontakt--4.html HTTP/1.1" 200 14140 "http://www.kyffhaeuser.de/lrakyf/index.php?id=215&no_cache=1&tx_ricrotation_pi1[banneruid]=3" "Mozilla/5.0 (X11; U; Linux i686; de; rv:1.9.0.1; compatible; iCjobs Stellenangebote Jobs; http://www.icjobs.de) Gecko/20100401 iCjobs/3.2.3"
188.138.94.12 - - [28/Apr/2011:20:52:33 +0000] "GET /root/Startseite--215.html HTTP/1.1" 200 39592 "" "Mozilla/5.0 (X11; U; Linux i686; de; rv:1.9.0.1; compatible; iCjobs Stellenangebote Jobs; http://www.icjobs.de) Gecko/20100401 iCjobs/3.2.3"
188.138.94.12 - - [28/Apr/2011:20:52:34 +0000] "GET /root/Kreistag--39.html HTTP/1.1" 200 15091 "" "Mozilla/5.0 (X11; U; Linux i686; de; rv:1.9.0.1; compatible; iCjobs Stellenangebote Jobs; http://www.icjobs.de) Gecko/20100401 iCjobs/3.2.3"
188.138.94.12 - - [28/Apr/2011:20:52:35 +0000] "GET /root/Landkreis--85.html HTTP/1.1" 200 17985 "" "Mozilla/5.0 (X11; U; Linux i686; de; rv:1.9.0.1; compatible; iCjobs Stellenangebote Jobs; http://www.icjobs.de) Gecko/20100401 iCjobs/3.2.3"
188.138.94.12 - - [28/Apr/2011:20:52:38 +0000] "GET /root/B__rgerservice--86.html HTTP/1.1" 200 19149 "" "Mozilla/5.0 (X11; U; Linux i686; de; rv:1.9.0.1; compatible; iCjobs Stellenangebote Jobs; http://www.icjobs.de) Gecko/20100401 iCjobs/3.2.3"
188.138.94.12 - - [28/Apr/2011:20:52:41 +0000] "GET /root/Tourismus___Kultur--12.html HTTP/1.1" 200 33113 "" "Mozilla/5.0 (X11; U; Linux i686; de; rv:1.9.0.1; compatible; iCjobs Stellenangebote Jobs; http://www.icjobs.de) Gecko/20100401 iCjobs/3.2.3"
188.138.94.12 - - [28/Apr/2011:20:52:44 +0000] "GET /root/Soziales___Gesundheit--32.html HTTP/1.1" 200 17526 "" "Mozilla/5.0 (X11; U; Linux i686; de; rv:1.9.0.1; compatible; iCjobs Stellenangebote Jobs; http://www.icjobs.de) Gecko/20100401 iCjobs/3.2.3"
188.138.94.12 - - [28/Apr/2011:20:52:46 +0000] "GET /root/Aktuelles/Pressemitteilungen/April_2011--514.html HTTP/1.1" 200 78431 "" "Mozilla/5.0 (X11; U; Linux i686; de; rv:1.9.0.1; compatible; iCjobs Stellenangebote Jobs; http://www.icjobs.de) Gecko/20100401 iCjobs/3.2.3"
188.138.94.12 - - [28/Apr/2011:20:52:52 +0000] "GET /root/MENUE_RECHTS/Wirtschaft___Verkehr/IHK___HWK-_Inform.../Existenzgr__ndung--408.html HTTP/1.1" 200 24081 "" "Mozilla/5.0 (X11; U; Linux i686; de; rv:1.9.0.1; compatible; iCjobs Stellenangebote Jobs; http://www.icjobs.de) Gecko/20100401 iCjobs/3.2.3"
188.138.94.12 - - [28/Apr/2011:20:52:55 +0000] "GET /root/MENUE_RECHTS/Wirtschaft___Verkehr/Ver-__Entsorger--196.html HTTP/1.1" 200 21462 "" "Mozilla/5.0 (X11; U; Linux i686; de; rv:1.9.0.1; compatible; iCjobs Stellenangebote Jobs; http://www.icjobs.de) Gecko/20100401 iCjobs/3.2.3"
188.138.94.12 - - [28/Apr/2011:20:52:59 +0000] "GET /root/MENUE_RECHTS/Wirtschaft___Verkehr/IHK___HWK-_Informationen--97.html HTTP/1.1" 200 40379 "" "Mozilla/5.0 (X11; U; Linux i686; de; rv:1.9.0.1; compatible; iCjobs Stellenangebote Jobs; http://www.icjobs.de) Gecko/20100401 iCjobs/3.2.3"
188.138.94.12 - - [28/Apr/2011:20:53:08 +0000] "GET /root/Tourismus___Kultur/Kyffh__userbus--464.html HTTP/1.1" 200 19738 "" "Mozilla/5.0 (X11; U; Linux i686; de; rv:1.9.0.1; compatible; iCjobs Stellenangebote Jobs; http://www.icjobs.de) Gecko/20100401 iCjobs/3.2.3"
188.138.94.12 - - [28/Apr/2011:20:53:10 +0000] "GET /root/Tourismus___Kultur/Aktuelle_Veranstaltungen--286.html HTTP/1.1" 200 26889 "" "Mozilla/5.0 (X11; U; Linux i686; de; rv:1.9.0.1; compatible; iCjobs Stellenangebote Jobs; http://www.icjobs.de) Gecko/20100401 iCjobs/3.2.3"
188.138.94.12 - - [28/Apr/2011:20:53:13 +0000] "GET /root/Aktuelles/Pressemitteilungen--63.html HTTP/1.1" 200 14000 "" "Mozilla/5.0 (X11; U; Linux i686; de; rv:1.9.0.1; compatible; iCjobs Stellenangebote Jobs; http://www.icjobs.de) Gecko/20100401 iCjobs/3.2.3"
188.138.94.12 - - [28/Apr/2011:20:53:15 +0000] "GET /root/MENUE_RECHTS/Wirtschaft___Verkehr--5.html HTTP/1.1" 200 18958 "" "Mozilla/5.0 (X11; U; Linux i686; de; rv:1.9.0.1; compatible; iCjobs Stellenangebote Jobs; http://www.icjobs.de) Gecko/20100401 iCjobs/3.2.3"
188.138.94.12 - - [28/Apr/2011:20:53:18 +0000] "GET /root/MENUE_RECHTS/Bildung___Schule--67.html HTTP/1.1" 200 21602 "" "Mozilla/5.0 (X11; U; Linux i686; de; rv:1.9.0.1; compatible; iCjobs Stellenangebote Jobs; http://www.icjobs.de) Gecko/20100401 iCjobs/3.2.3"
188.138.94.12 - - [28/Apr/2011:20:53:20 +0000] "GET /root/MENUE_RECHTS/Bildung___Schule/Ausbildung--359.html HTTP/1.1" 200 13817 "" "Mozilla/5.0 (X11; U; Linux i686; de; rv:1.9.0.1; compatible; iCjobs Stellenangebote Jobs; http://www.icjobs.de) Gecko/20100401 iCjobs/3.2.3"
188.138.94.12 - - [28/Apr/2011:20:53:22 +0000] "GET /root/MENUE_RECHTS/Natur___Umwelt--75.html HTTP/1.1" 200 15982 "" "Mozilla/5.0 (X11; U; Linux i686; de; rv:1.9.0.1; compatible; iCjobs Stellenangebote Jobs; http://www.icjobs.de) Gecko/20100401 iCjobs/3.2.3"
188.138.94.12 - - [28/Apr/2011:20:53:23 +0000] "GET /root/MENUE_RECHTS/Jugend___Sport--72.html HTTP/1.1" 200 17257 "" "Mozilla/5.0 (X11; U; Linux i686; de; rv:1.9.0.1; compatible; iCjobs Stellenangebote Jobs; http://www.icjobs.de) Gecko/20100401 iCjobs/3.2.3"
