195.145.245.92 - - [29/Apr/2011:11:13:58 +0000] "GET /root/MENUE_RECHTS/Wirtschaft___Verkehr/Kyffh__user._Industriegebiet--14.html HTTP/1.1" 200 27438 "http://www.kyffhaeuser.de/lrakyf/index.php?id=97" "Mozilla/5.0 (Windows; U; Windows NT 5.1; de; rv:1.9.0.6) Gecko/2009011913 Firefox/3.0.6"
195.145.245.92 - - [29/Apr/2011:11:14:05 +0000] "GET /root/MENUE_RECHTS/Wirtschaft___Verkehr/Firmendatenbank--15.html HTTP/1.1" 200 30848 "http://www.kyffhaeuser.de/lrakyf/index.php?id=14" "Mozilla/5.0 (Windows; U; Windows NT 5.1; de; rv:1.9.0.6) Gecko/2009011913 Firefox/3.0.6"
195.145.245.92 - - [29/Apr/2011:11:14:42 +0000] "GET /root/MENUE_RECHTS/Wirtschaft___Verkehr/IHK___HWK-_Informationen--97.html HTTP/1.1" 200 40379 "http://www.kyffhaeuser.de/lrakyf/index.php?id=15" "Mozilla/5.0 (Windows; U; Windows NT 5.1; de; rv:1.9.0.6) Gecko/2009011913 Firefox/3.0.6"
195.145.245.92 - - [29/Apr/2011:11:15:01 +0000] "GET /root/MENUE_RECHTS/Formulare--55.html HTTP/1.1" 200 44128 "http://www.kyffhaeuser.de/lrakyf/index.php?id=97" "Mozilla/5.0 (Windows; U; Windows NT 5.1; de; rv:1.9.0.6) Gecko/2009011913 Firefox/3.0.6"
62.159.187.194 - - [29/Apr/2011:11:19:03 +0000] "GET /root/Startseite--215.html HTTP/1.1" 200 39592 "" "Mozilla/4.0 (compatible; MSIE 8.0; Windows NT 5.1; Trident/4.0; .NET CLR 1.1.4322; .NET CLR 2.0.50727; .NET CLR 3.0.4506.2152; .NET CLR 3.5.30729)"
62.159.187.194 - - [29/Apr/2011:11:19:50 +0000] "GET /root/Kreistag--39.html HTTP/1.1" 200 15091 "http://www.kyffhaeuser.de/lrakyf/index.php" "Mozilla/4.0 (compatible; MSIE 8.0; Windows NT 5.1; Trident/4.0; .NET CLR 1.1.4322; .NET CLR 2.0.50727; .NET CLR 3.0.4506.2152; .NET CLR 3.5.30729)"
62.159.187.194 - - [29/Apr/2011:11:20:16 +0000] "GET /root/Kreistag/B__rgerinfo--42.html HTTP/1.1" 200 0 "http://www.kyffhaeuser.de/lrakyf/index.php?id=39" "Mozilla/4.0 (compatible; MSIE 8.0; Windows NT 5.1; Trident/4.0; .NET CLR 1.1.4322; .NET CLR 2.0.50727; .NET CLR 3.0.4506.2152; .NET CLR 3.5.30729)"
67.195.115.40 - - [29/Apr/2011:11:22:12 +0000] "GET /root/B__rgerservice/B__rgerservice__F__hrerscheins--172.html HTTP/1.1" 200 19856 "" "Mozilla/5.0 (compatible; Yahoo! Slurp; http://help.yahoo.com/help/us/ysearch/slurp)"
62.159.187.194 - - [29/Apr/2011:11:23:02 +0000] "GET /root/Soziales___Gesundheit--32.html HTTP/1.1" 200 17526 "http://www.kyffhaeuser.de/lrakyf/index.php?id=39" "Mozilla/4.0 (compatible; MSIE 8.0; Windows NT 5.1; Trident/4.0; .NET CLR 1.1.4322; .NET CLR 2.0.50727; .NET CLR 3.0.4506.2152; .NET CLR 3.5.30729)"
62.159.187.194 - - [29/Apr/2011:11:23:18 +0000] "GET /root/Kreistag--39.html HTTP/1.1" 200 15091 "http://www.kyffhaeuser.de/lrakyf/index.php" "Mozilla/4.0 (compatible; MSIE 8.0; Windows NT 5.1; Trident/4.0; .NET CLR 1.1.4322; .NET CLR 2.0.50727; .NET CLR 3.0.4506.2152; .NET CLR 3.5.30729)"
62.159.187.194 - - [29/Apr/2011:11:23:23 +0000] "GET /root/Landkreis--85.html HTTP/1.1" 200 17985 "http://www.kyffhaeuser.de/lrakyf/index.php?id=39" "Mozilla/4.0 (compatible; MSIE 8.0; Windows NT 5.1; Trident/4.0; .NET CLR 1.1.4322; .NET CLR 2.0.50727; .NET CLR 3.0.4506.2152; .NET CLR 3.5.30729)"
62.159.187.194 - - [29/Apr/2011:11:23:32 +0000] "GET /root/Landkreis/Vorstellung_Landrat--111.html HTTP/1.1" 200 29446 "http://www.kyffhaeuser.de/lrakyf/index.php?id=85" "Mozilla/4.0 (compatible; MSIE 8.0; Windows NT 5.1; Trident/4.0; .NET CLR 1.1.4322; .NET CLR 2.0.50727; .NET CLR 3.0.4506.2152; .NET CLR 3.5.30729)"
195.145.245.92 - - [29/Apr/2011:11:23:59 +0000] "GET /root/MENUE_RECHTS/Wirtschaft___Verkehr/IHK___HWK-_Informationen--97.html HTTP/1.1" 200 40379 "" "Mozilla/5.0 (Windows; U; Windows NT 5.1; de; rv:1.9.0.6) Gecko/2009011913 Firefox/3.0.6"
195.145.245.92 - - [29/Apr/2011:11:24:03 +0000] "GET /root/Landkreis--85.html HTTP/1.1" 200 17985 "http://www.kyffhaeuser.de/lrakyf/index.php?id=97" "Mozilla/5.0 (Windows; U; Windows NT 5.1; de; rv:1.9.0.6) Gecko/2009011913 Firefox/3.0.6"
195.145.245.92 - - [29/Apr/2011:11:24:06 +0000] "GET /root/B__rgerservice--86.html HTTP/1.1" 200 19149 "http://www.kyffhaeuser.de/lrakyf/index.php?id=85" "Mozilla/5.0 (Windows; U; Windows NT 5.1; de; rv:1.9.0.6) Gecko/2009011913 Firefox/3.0.6"
195.145.245.92 - - [29/Apr/2011:11:24:09 +0000] "GET /root/B__rgerservice/Veterin__ramt___Lebensmittel__--167.html HTTP/1.1" 200 22102 "http://www.kyffhaeuser.de/lrakyf/index.php?id=86" "Mozilla/5.0 (Windows; U; Windows NT 5.1; de; rv:1.9.0.6) Gecko/2009011913 Firefox/3.0.6"
62.159.187.194 - - [29/Apr/2011:11:24:16 +0000] "GET /root/Landkreis/Vorstellung_Landrat--111.html HTTP/1.1" 200 29446 "http://www.kyffhaeuser.de/lrakyf/index.php?id=85" "Mozilla/4.0 (compatible; MSIE 8.0; Windows NT 5.1; Trident/4.0; .NET CLR 1.1.4322; .NET CLR 2.0.50727; .NET CLR 3.0.4506.2152; .NET CLR 3.5.30729)"
62.159.187.194 - - [29/Apr/2011:11:24:33 +0000] "GET /root/Landkreis/Vorstellung_Landrat--111.html HTTP/1.1" 200 29446 "http://www.kyffhaeuser.de/lrakyf/index.php?id=85" "Mozilla/4.0 (compatible; MSIE 8.0; Windows NT 5.1; Trident/4.0; .NET CLR 1.1.4322; .NET CLR 2.0.50727; .NET CLR 3.0.4506.2152; .NET CLR 3.5.30729)"
62.159.187.194 - - [29/Apr/2011:11:24:52 +0000] "GET /root/Landkreis/Vorstellung_Landrat--111.html HTTP/1.1" 200 29446 "http://www.kyffhaeuser.de/lrakyf/index.php?id=85" "Mozilla/4.0 (compatible; MSIE 8.0; Windows NT 5.1; Trident/4.0; .NET CLR 1.1.4322; .NET CLR 2.0.50727; .NET CLR 3.0.4506.2152; .NET CLR 3.5.30729)"
62.159.187.194 - - [29/Apr/2011:11:24:58 +0000] "GET /root/Landkreis/Abgeordnete_MdB___MdL--252.html HTTP/1.1" 200 23978 "http://www.kyffhaeuser.de/lrakyf/index.php?id=111" "Mozilla/4.0 (compatible; MSIE 8.0; Windows NT 5.1; Trident/4.0; .NET CLR 1.1.4322; .NET CLR 2.0.50727; .NET CLR 3.0.4506.2152; .NET CLR 3.5.30729)"
195.145.245.92 - - [29/Apr/2011:11:25:16 +0000] "GET /root/B__rgerservice/Schulverwaltungsamt--163.html HTTP/1.1" 200 19154 "http://www.kyffhaeuser.de/lrakyf/index.php?id=167" "Mozilla/5.0 (Windows; U; Windows NT 5.1; de; rv:1.9.0.6) Gecko/2009011913 Firefox/3.0.6"
195.145.245.92 - - [29/Apr/2011:11:25:28 +0000] "GET /root/Startseite--215.html HTTP/1.1" 200 39592 "" "Mozilla/4.0 (compatible; MSIE 6.0; Windows NT 5.1; SV1; .NET CLR 2.0.50727; .NET CLR 3.0.4506.2152; .NET CLR 3.5.30729)"
195.145.245.92 - - [29/Apr/2011:11:25:29 +0000] "GET /root/B__rgerservice/Gleichstellungsbeauftragte--179.html HTTP/1.1" 200 18741 "http://www.kyffhaeuser.de/lrakyf/index.php?id=163" "Mozilla/5.0 (Windows; U; Windows NT 5.1; de; rv:1.9.0.6) Gecko/2009011913 Firefox/3.0.6"
195.145.245.92 - - [29/Apr/2011:11:25:32 +0000] "GET /root/B__rgerservice/Dienststelle_Artern--164.html HTTP/1.1" 200 27937 "http://www.kyffhaeuser.de/lrakyf/index.php?id=179" "Mozilla/5.0 (Windows; U; Windows NT 5.1; de; rv:1.9.0.6) Gecko/2009011913 Firefox/3.0.6"
62.159.187.194 - - [29/Apr/2011:11:25:55 +0000] "GET /root/Landkreis/Ber__hmte_Pers__nlichkeiten--418.html HTTP/1.1" 200 25471 "http://www.kyffhaeuser.de/lrakyf/index.php?id=252" "Mozilla/4.0 (compatible; MSIE 8.0; Windows NT 5.1; Trident/4.0; .NET CLR 1.1.4322; .NET CLR 2.0.50727; .NET CLR 3.0.4506.2152; .NET CLR 3.5.30729)"
195.145.245.92 - - [29/Apr/2011:11:26:00 +0000] "GET /root/B__rgerservice/Ausbildung_im_LRA--49.html HTTP/1.1" 200 23979 "http://www.kyffhaeuser.de/lrakyf/index.php?id=164" "Mozilla/5.0 (Windows; U; Windows NT 5.1; de; rv:1.9.0.6) Gecko/2009011913 Firefox/3.0.6"
195.145.245.92 - - [29/Apr/2011:11:26:36 +0000] "GET /root/B__rgerservice/Gesundheitsamt--162.html HTTP/1.1" 200 34082 "http://www.kyffhaeuser.de/lrakyf/index.php?id=164" "Mozilla/5.0 (Windows; U; Windows NT 5.1; de; rv:1.9.0.6) Gecko/2009011913 Firefox/3.0.6"
62.159.187.194 - - [29/Apr/2011:11:27:04 +0000] "GET /root/Landkreis/Orte_von_A-Z--47.html HTTP/1.1" 200 36162 "http://www.kyffhaeuser.de/lrakyf/index.php?id=418" "Mozilla/4.0 (compatible; MSIE 8.0; Windows NT 5.1; Trident/4.0; .NET CLR 1.1.4322; .NET CLR 2.0.50727; .NET CLR 3.0.4506.2152; .NET CLR 3.5.30729)"
91.221.58.5 - - [29/Apr/2011:11:27:19 +0000] "GET /root/B__rgerservice/Dienststelle_Artern--164.html HTTP/1.1" 200 27937 "http://www.google.de/search?hl=de&source=hp&q=b%C3%BCrgeramt+artern&meta=&aq=f&aqi=&aql=&oq=" "Mozilla/4.0 (compatible; MSIE 6.0; Windows NT 5.0)"
62.159.187.194 - - [29/Apr/2011:11:27:21 +0000] "GET /root/Landkreis/St__dte_--48.html HTTP/1.1" 200 18378 "http://www.kyffhaeuser.de/lrakyf/index.php?id=47" "Mozilla/4.0 (compatible; MSIE 8.0; Windows NT 5.1; Trident/4.0; .NET CLR 1.1.4322; .NET CLR 2.0.50727; .NET CLR 3.0.4506.2152; .NET CLR 3.5.30729)"
178.19.232.6 - - [29/Apr/2011:11:27:32 +0000] "GET /root/B__rgerservice/Jugendamt--157.html HTTP/1.1" 200 22723 "http://www.google.de/search?sourceid=navclient&aq=0&oq=jugendamt+sondersh&hl=de&ie=UTF-8&rlz=1T4SMSN_deDE415DE415&q=jugendamt+sondershausen" "Mozilla/4.0 (compatible; MSIE 8.0; Windows NT 6.1; WOW64; Trident/4.0; GTB6.6; SLCC2; .NET CLR 2.0.50727; .NET CLR 3.5.30729; .NET CLR 3.0.30729; Media Center PC 6.0; .NET4.0C)"
178.19.232.6 - - [29/Apr/2011:11:28:01 +0000] "GET /root/B__rgerservice/Jugendamt--157.html HTTP/1.1" 200 22723 "http://www.kyffhaeuser.de/lrakyf/index.php?id=157" "Mozilla/4.0 (compatible; MSIE 8.0; Windows NT 6.1; WOW64; Trident/4.0; GTB6.6; SLCC2; .NET CLR 2.0.50727; .NET CLR 3.5.30729; .NET CLR 3.0.30729; Media Center PC 6.0; .NET4.0C)"
195.145.245.92 - - [29/Apr/2011:11:28:22 +0000] "GET /root/B__rgerservice/Kreisk__mmerei--165.html HTTP/1.1" 200 18685 "http://www.kyffhaeuser.de/lrakyf/index.php?id=162" "Mozilla/5.0 (Windows; U; Windows NT 5.1; de; rv:1.9.0.6) Gecko/2009011913 Firefox/3.0.6"
195.145.245.92 - - [29/Apr/2011:11:28:27 +0000] "GET /root/B__rgerservice/Landratsamt--427.html HTTP/1.1" 200 26870 "http://www.kyffhaeuser.de/lrakyf/index.php?id=165" "Mozilla/5.0 (Windows; U; Windows NT 5.1; de; rv:1.9.0.6) Gecko/2009011913 Firefox/3.0.6"
195.145.245.92 - - [29/Apr/2011:11:28:34 +0000] "GET /root/B__rgerservice/Sozialamt--161.html HTTP/1.1" 200 22575 "http://www.kyffhaeuser.de/lrakyf/index.php?id=427" "Mozilla/5.0 (Windows; U; Windows NT 5.1; de; rv:1.9.0.6) Gecko/2009011913 Firefox/3.0.6"
195.145.245.92 - - [29/Apr/2011:11:29:12 +0000] "GET /root/B__rgerservice/Gewerbe-_und_Ordnungsamt--159.html HTTP/1.1" 200 21551 "http://www.kyffhaeuser.de/lrakyf/index.php?id=161" "Mozilla/5.0 (Windows; U; Windows NT 5.1; de; rv:1.9.0.6) Gecko/2009011913 Firefox/3.0.6"
195.145.245.92 - - [29/Apr/2011:11:29:46 +0000] "GET /root/B__rgerservice/B__ro_des_Kreistages--177.html HTTP/1.1" 200 18888 "http://www.kyffhaeuser.de/lrakyf/index.php?id=159" "Mozilla/5.0 (Windows; U; Windows NT 5.1; de; rv:1.9.0.6) Gecko/2009011913 Firefox/3.0.6"
195.145.245.92 - - [29/Apr/2011:11:29:52 +0000] "GET /root/B__rgerservice/Dienststelle_Artern--164.html HTTP/1.1" 200 27937 "http://www.kyffhaeuser.de/lrakyf/index.php?id=177" "Mozilla/5.0 (Windows; U; Windows NT 5.1; de; rv:1.9.0.6) Gecko/2009011913 Firefox/3.0.6"
91.1.201.37 - - [29/Apr/2011:11:30:43 +0000] "GET /root/Startseite--215.html HTTP/1.1" 200 39592 "" "Mozilla/4.0 (compatible; MSIE 8.0; Windows NT 6.1; Trident/4.0; GTB6.6; SLCC2; .NET CLR 2.0.50727; .NET CLR 3.5.30729; .NET CLR 3.0.30729; Media Center PC 6.0; .NET4.0C)"
91.1.201.37 - - [29/Apr/2011:11:30:49 +0000] "GET /root/B__rgerservice--86.html HTTP/1.1" 200 19149 "http://www.kyffhaeuser.de/lrakyf/index.php" "Mozilla/4.0 (compatible; MSIE 8.0; Windows NT 6.1; Trident/4.0; GTB6.6; SLCC2; .NET CLR 2.0.50727; .NET CLR 3.5.30729; .NET CLR 3.0.30729; Media Center PC 6.0; .NET4.0C)"
91.1.201.37 - - [29/Apr/2011:11:30:57 +0000] "GET /root/B__rgerservice/Rechnungspr__fungsamt--174.html HTTP/1.1" 200 19124 "http://www.kyffhaeuser.de/lrakyf/index.php?id=86" "Mozilla/4.0 (compatible; MSIE 8.0; Windows NT 6.1; Trident/4.0; GTB6.6; SLCC2; .NET CLR 2.0.50727; .NET CLR 3.5.30729; .NET CLR 3.0.30729; Media Center PC 6.0; .NET4.0C)"
87.149.205.114 - - [29/Apr/2011:11:31:15 +0000] "GET /root/B__rgerservice/Schulverwaltungsamt--163.html HTTP/1.1" 200 19154 "http://www.google.de/url?sa=t&source=web&cd=1&ved=0CBkQFjAA&url=http%3A%2F%2Fwww.kyffhaeuser.de%2Flrakyf%2Findex.php%3Fid%3D163&rct=j&q=baf%C3%B6g%20amt%20sondershausen&ei=X4W6TdnXG47AswaWzbmJBg&usg=AFQjCNFs9pZaX6i3jNvMBzeJLE7LhI0ypg" "Mozilla/5.0 (Windows; U; Windows NT 6.0; de; rv:1.9.1.18) Gecko/20110319 BTRS28531 Firefox/3.5.18 ( .NET CLR 3.5.30729; .NET4.0C)"
217.229.255.93 - - [29/Apr/2011:11:31:29 +0000] "GET /root/Landkreis/Orte_von_A-Z/Bendeleben--235.html HTTP/1.1" 200 20050 "http://www.google.de/search?source=ig&hl=de&rlz=1G1FUJD_DEDE344&q=bendeleben+kyffh%C3%A4user&aq=1&aqi=g5&aql=&oq=bendeleben" "Mozilla/4.0 (compatible; MSIE 7.0; Windows NT 6.0; SLCC1; .NET CLR 2.0.50727; Media Center PC 5.0; .NET CLR 3.5.30729; .NET CLR 3.0.30618; .NET4.0C)"
193.22.32.200 - - [29/Apr/2011:11:34:43 +0000] "GET /root/Landkreis/Verwaltungsgemein.../VG_Kyffh__user--315.html HTTP/1.1" 200 17889 "http://www.google.de/search?q=vg+kyffh%C3%A4user" "Mozilla/4.0 (compatible; MSIE 7.0; Windows NT 5.1; InfoPath.1; .NET CLR 1.1.4322; .NET CLR 2.0.50727; .NET CLR 3.0.04506.648; .NET CLR 3.5.21022; .NET CLR 3.0.4506.2152; .NET CLR 3.5.30729)"
195.145.245.92 - - [29/Apr/2011:11:36:08 +0000] "GET /root/B__rgerservice/Landratsamt--427.html HTTP/1.1" 200 26870 "http://www.kyffhaeuser.de/lrakyf/index.php?id=164" "Mozilla/5.0 (Windows; U; Windows NT 5.1; de; rv:1.9.0.6) Gecko/2009011913 Firefox/3.0.6"
195.145.245.92 - - [29/Apr/2011:11:36:09 +0000] "GET /root/B__rgerservice/Organigramm_LRA--182.html HTTP/1.1" 200 25964 "http://www.kyffhaeuser.de/lrakyf/index.php?id=427" "Mozilla/5.0 (Windows; U; Windows NT 5.1; de; rv:1.9.0.6) Gecko/2009011913 Firefox/3.0.6"
195.145.245.92 - - [29/Apr/2011:11:36:21 +0000] "GET /root/B__rgerservice/Zentralamt--160.html HTTP/1.1" 200 20708 "http://www.kyffhaeuser.de/lrakyf/index.php?id=182" "Mozilla/5.0 (Windows; U; Windows NT 5.1; de; rv:1.9.0.6) Gecko/2009011913 Firefox/3.0.6"
195.145.245.92 - - [29/Apr/2011:11:36:45 +0000] "GET /root/MENUE_RECHTS/Jugend___Sport--72.html HTTP/1.1" 200 17257 "http://www.kyffhaeuser.de/lrakyf/index.php?id=160" "Mozilla/5.0 (Windows; U; Windows NT 5.1; de; rv:1.9.0.6) Gecko/2009011913 Firefox/3.0.6"
195.145.245.92 - - [29/Apr/2011:11:36:49 +0000] "GET /root/MENUE_RECHTS/Jugend___Sport/Bereichsjugendpfleger--74.html HTTP/1.1" 200 15611 "http://www.kyffhaeuser.de/lrakyf/index.php?id=72" "Mozilla/5.0 (Windows; U; Windows NT 5.1; de; rv:1.9.0.6) Gecko/2009011913 Firefox/3.0.6"
195.145.245.92 - - [29/Apr/2011:11:36:55 +0000] "GET /root/MENUE_RECHTS/Jugend___Sport/ST__RKEN_vor_Ort--396.html HTTP/1.1" 200 19954 "http://www.kyffhaeuser.de/lrakyf/index.php?id=74" "Mozilla/5.0 (Windows; U; Windows NT 5.1; de; rv:1.9.0.6) Gecko/2009011913 Firefox/3.0.6"
195.145.245.92 - - [29/Apr/2011:11:37:06 +0000] "GET /root/MENUE_RECHTS/Jugend___Sport/Ferienpark_Feuerkuppe--424.html HTTP/1.1" 200 18123 "http://www.kyffhaeuser.de/lrakyf/index.php?id=396" "Mozilla/5.0 (Windows; U; Windows NT 5.1; de; rv:1.9.0.6) Gecko/2009011913 Firefox/3.0.6"
195.145.245.92 - - [29/Apr/2011:11:37:10 +0000] "GET /root/MENUE_RECHTS/Jugend___Sport/Formulare_Jugendarbeit--388.html HTTP/1.1" 200 14966 "http://www.kyffhaeuser.de/lrakyf/index.php?id=424" "Mozilla/5.0 (Windows; U; Windows NT 5.1; de; rv:1.9.0.6) Gecko/2009011913 Firefox/3.0.6"
195.145.245.92 - - [29/Apr/2011:11:37:14 +0000] "GET /root/MENUE_RECHTS/Jugend___Sport/Bereichsjugendpfleger--74.html HTTP/1.1" 200 15611 "http://www.kyffhaeuser.de/lrakyf/index.php?id=388" "Mozilla/5.0 (Windows; U; Windows NT 5.1; de; rv:1.9.0.6) Gecko/2009011913 Firefox/3.0.6"
195.145.245.92 - - [29/Apr/2011:11:37:14 +0000] "GET /root/MENUE_RECHTS/Jugend___Sport/Jugendhilfepreis_2010--506.html HTTP/1.1" 200 15887 "http://www.kyffhaeuser.de/lrakyf/index.php?id=388" "Mozilla/5.0 (Windows; U; Windows NT 5.1; de; rv:1.9.0.6) Gecko/2009011913 Firefox/3.0.6"
195.145.245.92 - - [29/Apr/2011:11:37:19 +0000] "GET /root/MENUE_RECHTS/Natur___Umwelt--75.html HTTP/1.1" 200 15982 "http://www.kyffhaeuser.de/lrakyf/index.php?id=506" "Mozilla/5.0 (Windows; U; Windows NT 5.1; de; rv:1.9.0.6) Gecko/2009011913 Firefox/3.0.6"
195.145.245.92 - - [29/Apr/2011:11:37:24 +0000] "GET /root/MENUE_RECHTS/Natur___Umwelt/Artenschutz--77.html HTTP/1.1" 200 19435 "http://www.kyffhaeuser.de/lrakyf/index.php?id=75" "Mozilla/5.0 (Windows; U; Windows NT 5.1; de; rv:1.9.0.6) Gecko/2009011913 Firefox/3.0.6"
195.145.245.92 - - [29/Apr/2011:11:37:08 +0000] "GET /root/MENUE_RECHTS/Jugend___Sport/Jugendschutz--417.html HTTP/1.1" 200 20500 "http://www.kyffhaeuser.de/lrakyf/index.php?id=424" "Mozilla/5.0 (Windows; U; Windows NT 5.1; de; rv:1.9.0.6) Gecko/2009011913 Firefox/3.0.6"
91.43.202.130 - - [29/Apr/2011:11:37:56 +0000] "GET /root/Startseite--215.html HTTP/1.1" 200 39592 "" "Mozilla/5.0 (Windows NT 5.1; rv:2.0) Gecko/20100101 Firefox/4.0"
139.18.13.202 - - [29/Apr/2011:11:38:06 +0000] "GET /root/Soziales___Gesund.../Behindertenbeauftragte--36.html HTTP/1.1" 200 15234 "" "findlinks/2.0.4 (+http://wortschatz.uni-leipzig.de/findlinks/)"
91.43.202.130 - - [29/Apr/2011:11:40:03 +0000] "GET /root/B__rgerservice--86.html HTTP/1.1" 200 19149 "http://www.kyffhaeuser.de/lrakyf/index.php" "Mozilla/5.0 (Windows NT 5.1; rv:2.0) Gecko/20100101 Firefox/4.0"
91.43.202.130 - - [29/Apr/2011:11:40:17 +0000] "GET /root/B__rgerservice/Amt_f__r_Umwelt__Natur__Wasser--158.html HTTP/1.1" 200 22479 "http://www.kyffhaeuser.de/lrakyf/index.php?id=86" "Mozilla/5.0 (Windows NT 5.1; rv:2.0) Gecko/20100101 Firefox/4.0"
91.43.202.130 - - [29/Apr/2011:11:40:43 +0000] "GET /root/B__rgerservice/Dienststelle_Artern--164.html HTTP/1.1" 200 27937 "http://www.kyffhaeuser.de/lrakyf/index.php?id=158" "Mozilla/5.0 (Windows NT 5.1; rv:2.0) Gecko/20100101 Firefox/4.0"
95.108.245.252 - - [29/Apr/2011:11:43:04 +0000] "GET /root/Kontakt--4.html HTTP/1.1" 200 14140 "" "Mozilla/5.0 (compatible; YandexBot/3.0; +http://yandex.com/bots)"
79.213.69.148 - - [29/Apr/2011:11:44:48 +0000] "GET /root/Startseite--215.html HTTP/1.1" 200 39592 "" "Mozilla/4.0 (compatible; MSIE 7.0; Windows NT 5.1; .NET CLR 1.1.4322; .NET CLR 2.0.50727; eSobiSubscriber 2.0.4.16)"
79.213.69.148 - - [29/Apr/2011:11:45:33 +0000] "GET /root/Landkreis--85.html HTTP/1.1" 200 17985 "http://www.kyffhaeuser.de/lrakyf/index.php" "Mozilla/4.0 (compatible; MSIE 7.0; Windows NT 5.1; .NET CLR 1.1.4322; .NET CLR 2.0.50727; eSobiSubscriber 2.0.4.16)"
79.213.69.148 - - [29/Apr/2011:11:45:50 +0000] "GET /root/Kontakt--4.html HTTP/1.1" 200 14140 "http://www.kyffhaeuser.de/lrakyf/index.php?id=85" "Mozilla/4.0 (compatible; MSIE 7.0; Windows NT 5.1; .NET CLR 1.1.4322; .NET CLR 2.0.50727; eSobiSubscriber 2.0.4.16)"
79.213.69.148 - - [29/Apr/2011:11:46:06 +0000] "GET /root/B__rgerservice--86.html HTTP/1.1" 200 19149 "http://www.kyffhaeuser.de/lrakyf/index.php?id=4" "Mozilla/4.0 (compatible; MSIE 7.0; Windows NT 5.1; .NET CLR 1.1.4322; .NET CLR 2.0.50727; eSobiSubscriber 2.0.4.16)"
79.213.69.148 - - [29/Apr/2011:11:46:14 +0000] "GET /root/B__rgerservice/Veterin__ramt___Lebensmittel__--167.html HTTP/1.1" 200 22102 "http://www.kyffhaeuser.de/lrakyf/index.php?id=86" "Mozilla/4.0 (compatible; MSIE 7.0; Windows NT 5.1; .NET CLR 1.1.4322; .NET CLR 2.0.50727; eSobiSubscriber 2.0.4.16)"
207.46.194.125 - - [29/Apr/2011:11:46:50 +0000] "GET /root/Landkreis/Orte_von_A-Z/Immenrode--302.html HTTP/1.1" 200 19017 "" "msnbot-media/1.1 (+http://search.msn.com/msnbot.htm)"
217.67.37.200 - - [29/Apr/2011:11:47:26 +0000] "GET /root/Tourismus___Kultur/Ausstellungen--223.html HTTP/1.1" 200 15930 "http://www.google.de/search?q=Ausstellungen+Kyffh%C3%A4userkreis&ie=utf-8&oe=utf-8&aq=t&rls=org.mozilla:de:official&client=firefox-a&safe=active" "Mozilla/5.0 (Windows; U; Windows NT 5.1; de; rv:1.9.2.16) Gecko/20110319 Firefox/3.6.16 ( )"
66.249.72.204 - - [29/Apr/2011:11:48:10 +0000] "GET /root/Startseite--215.html HTTP/1.1" 200 39592 "" "Mozilla/5.0 (compatible; Googlebot/2.1; +http://www.google.com/bot.html)"
217.67.37.200 - - [29/Apr/2011:11:48:16 +0000] "GET /root/Tourismus___Kultur/Landesmusikakademie--395.html HTTP/1.1" 200 20679 "http://www.kyffhaeuser.de/lrakyf/index.php?id=223" "Mozilla/5.0 (Windows; U; Windows NT 5.1; de; rv:1.9.2.16) Gecko/20110319 Firefox/3.6.16 ( )"
217.67.37.200 - - [29/Apr/2011:11:49:52 +0000] "GET /root/Tourismus___Kultur/Museen__Galerien--188.html HTTP/1.1" 200 19640 "http://www.kyffhaeuser.de/lrakyf/index.php?id=395" "Mozilla/5.0 (Windows; U; Windows NT 5.1; de; rv:1.9.2.16) Gecko/20110319 Firefox/3.6.16 ( )"
79.214.156.83 - - [29/Apr/2011:11:50:16 +0000] "GET /root/Aktuelles/Pressemitteilungen/November_2007--393.html HTTP/1.1" 200 59949 "http://www.google.de/url?sa=t&source=web&cd=1&ved=0CBkQFjAA&url=http%3A%2F%2Fwww.kyffhaeuser.de%2Flrakyf%2Findex.php%3Fid%3D393&rct=j&q=betreuungsbeh%C3%B6rde%20frau%20danner&ei=34m6Tfu-Ko7CswbS3Jz5BQ&usg=AFQjCNEQ-FN21pb8NggbBFMzdP43sg8c1w" "Mozilla/4.0 (compatible; MSIE 8.0; Windows NT 5.1; Trident/4.0; .NET CLR 1.1.4322; .NET CLR 2.0.50727; .NET CLR 3.0.04506.30; .NET CLR 3.0.4506.2152; .NET CLR 3.5.30729; T-Brand-Final)"
207.46.204.227 - - [29/Apr/2011:11:50:43 +0000] "GET /root/Aktuelles/Pressemitteilungen--63.html HTTP/1.1" 200 14000 "" "Mozilla/5.0 (compatible; bingbot/2.0; +http://www.bing.com/bingbot.htm)"
79.214.156.83 - - [29/Apr/2011:11:50:47 +0000] "GET /root/MENUE_OBEN/Suche--2.html HTTP/1.1" 200 15330 "http://www.kyffhaeuser.de/lrakyf/index.php?id=393" "Mozilla/4.0 (compatible; MSIE 8.0; Windows NT 5.1; Trident/4.0; .NET CLR 1.1.4322; .NET CLR 2.0.50727; .NET CLR 3.0.04506.30; .NET CLR 3.0.4506.2152; .NET CLR 3.5.30729; T-Brand-Final)"
207.46.194.145 - - [29/Apr/2011:11:51:12 +0000] "GET /root/MENUE_RECHTS/Jugend___Sport/Ferienpark_Feuerkuppe--424.html HTTP/1.1" 200 18123 "" "msnbot-media/1.1 (+http://search.msn.com/msnbot.htm)"
67.195.115.40 - - [29/Apr/2011:11:51:14 +0000] "GET /root/Landkreis/Orte_von_A-Z/Otterstedt--326.html HTTP/1.1" 200 17176 "" "Mozilla/5.0 (compatible; Yahoo! Slurp; http://help.yahoo.com/help/us/ysearch/slurp)"
195.145.245.85 - - [29/Apr/2011:11:51:28 +0000] "GET /root/Startseite--215.html HTTP/1.1" 200 39592 "" "Mozilla/5.0 (Windows; U; Windows NT 5.1; de; rv:1.9.2.3) Gecko/20100401 Firefox/3.6.3 (.NET CLR 3.5.30729)"
195.145.245.85 - - [29/Apr/2011:11:51:49 +0000] "GET /root/Kontakt--4.html HTTP/1.1" 200 14140 "http://www.kyffhaeuser.de/lrakyf/index.php" "Mozilla/5.0 (Windows; U; Windows NT 5.1; de; rv:1.9.2.3) Gecko/20100401 Firefox/3.6.3 (.NET CLR 3.5.30729)"
195.145.245.85 - - [29/Apr/2011:11:51:55 +0000] "GET /root/B__rgerservice--86.html HTTP/1.1" 200 19149 "http://www.kyffhaeuser.de/lrakyf/index.php?id=4" "Mozilla/5.0 (Windows; U; Windows NT 5.1; de; rv:1.9.2.3) Gecko/20100401 Firefox/3.6.3 (.NET CLR 3.5.30729)"
195.145.245.85 - - [29/Apr/2011:11:51:57 +0000] "GET /root/B__rgerservice/Landratsamt--427.html HTTP/1.1" 200 26870 "http://www.kyffhaeuser.de/lrakyf/index.php?id=86" "Mozilla/5.0 (Windows; U; Windows NT 5.1; de; rv:1.9.2.3) Gecko/20100401 Firefox/3.6.3 (.NET CLR 3.5.30729)"
195.145.245.85 - - [29/Apr/2011:11:52:09 +0000] "GET /root/B__rgerservice/Zentralamt--160.html HTTP/1.1" 200 20708 "http://www.kyffhaeuser.de/lrakyf/index.php?id=427" "Mozilla/5.0 (Windows; U; Windows NT 5.1; de; rv:1.9.2.3) Gecko/20100401 Firefox/3.6.3 (.NET CLR 3.5.30729)"
195.145.245.92 - - [29/Apr/2011:11:52:21 +0000] "GET /root/Startseite--215.html HTTP/1.1" 200 39592 "" "Mozilla/4.0 (compatible; MSIE 6.0; Windows NT 5.1; SV1; .NET CLR 2.0.50727; .NET CLR 3.0.4506.2152; .NET CLR 3.5.30729)"
217.91.73.253 - - [29/Apr/2011:11:52:22 +0000] "GET /root/Aktuelles/Pressemitteilungen/September_2009--475.html HTTP/1.1" 200 54345 "http://www.google.de/search?q=Gr%C3%BCndungsversammlung+Kultur+B%C3%BCrger+G%C3%A4ste+herzlich+eingeladen&hl=de&rls=com.microsoft:de:IE-SearchBox&rlz=1I7GZAZ_de&prmd=ivns&ei=1Im6TenyCpCPsga9wcj0AQ&start=10&sa=N&biw=1259&bih=728" "Mozilla/4.0 (compatible; MSIE 8.0; Windows NT 5.1; Trident/4.0; GTB6.6; .NET CLR 2.0.50727; .NET CLR 3.0.4506.2152; .NET CLR 3.5.30729; CMDTDF; InfoPath.1)"
195.145.245.92 - - [29/Apr/2011:11:53:54 +0000] "GET /root/Startseite--215.html HTTP/1.1" 200 39592 "" "Mozilla/4.0 (compatible; MSIE 6.0; Windows NT 5.1; SV1; .NET CLR 2.0.50727; .NET CLR 3.0.4506.2152; .NET CLR 3.5.30729)"
67.195.115.40 - - [29/Apr/2011:11:54:51 +0000] "GET /root/Startseite--215.html HTTP/1.1" 200 39592 "" "Mozilla/5.0 (compatible; Yahoo! Slurp; http://help.yahoo.com/help/us/ysearch/slurp)"
67.195.115.40 - - [29/Apr/2011:11:56:47 +0000] "GET /root/Kontakt--4.html HTTP/1.1" 200 14140 "" "Mozilla/5.0 (compatible; Yahoo! Slurp; http://help.yahoo.com/help/us/ysearch/slurp)"
87.172.163.196 - - [29/Apr/2011:12:00:24 +0000] "GET /root/Aktuelles/Baustellen_im_Landkreis--264.html HTTP/1.1" 200 18986 "http://www.google.de/search?q=baustellen+kayffh%C3%A4userkreis" "Mozilla/4.0 (compatible; MSIE 8.0; Windows NT 5.1; Trident/4.0; InfoPath.1)"
87.182.118.10 - - [29/Apr/2011:12:01:26 +0000] "GET /root/Startseite--215.html HTTP/1.1" 200 39592 "" "Mozilla/5.0 (compatible; MSIE 9.0; Windows NT 6.1; WOW64; Trident/5.0)"
91.43.202.130 - - [29/Apr/2011:12:03:20 +0000] "GET /root/B__rgerservice/Dienststelle_Artern--164.html HTTP/1.1" 200 27937 "http://www.kyffhaeuser.de/lrakyf/index.php?id=158" "Mozilla/5.0 (Windows NT 5.1; rv:2.0) Gecko/20100101 Firefox/4.0"
91.43.158.199 - - [29/Apr/2011:12:07:50 +0000] "GET /root/MENUE_RECHTS/Bildung___Schule--67.html HTTP/1.1" 200 21602 "http://www.google.de/url?sa=t&source=web&cd=1&ved=0CCcQqwMoBzAA&url=http%3A%2F%2Fwww.kyffhaeuser.de%2Flrakyf%2Findex.php%3Fid%3D67&rct=j&q=landratsamt%20sondershausen&ei=-426TdYUyJSzBvX8rZUG&usg=AFQjCNFzuVzcbpPIOdeHWN3tLvvDRxtONQ" "Mozilla/4.0 (compatible; MSIE 8.0; Windows NT 5.1; Trident/4.0; GTB6.6; .NET CLR 1.1.4322; .NET CLR 2.0.50727; .NET CLR 3.0.4506.2152; .NET CLR 3.5.30729)"
91.43.158.199 - - [29/Apr/2011:12:08:09 +0000] "GET /root/Kontakt--4.html HTTP/1.1" 200 14140 "http://www.kyffhaeuser.de/lrakyf/index.php?id=67" "Mozilla/4.0 (compatible; MSIE 8.0; Windows NT 5.1; Trident/4.0; GTB6.6; .NET CLR 1.1.4322; .NET CLR 2.0.50727; .NET CLR 3.0.4506.2152; .NET CLR 3.5.30729)"
91.43.158.199 - - [29/Apr/2011:12:08:22 +0000] "GET /root/Startseite--215.html HTTP/1.1" 200 39592 "http://www.kyffhaeuser.de/lrakyf/index.php?id=4" "Mozilla/4.0 (compatible; MSIE 8.0; Windows NT 5.1; Trident/4.0; GTB6.6; .NET CLR 1.1.4322; .NET CLR 2.0.50727; .NET CLR 3.0.4506.2152; .NET CLR 3.5.30729)"
91.43.158.199 - - [29/Apr/2011:12:08:29 +0000] "GET /root/Kontakt--4.html HTTP/1.1" 200 14140 "http://www.kyffhaeuser.de/lrakyf/index.php?id=215" "Mozilla/4.0 (compatible; MSIE 8.0; Windows NT 5.1; Trident/4.0; GTB6.6; .NET CLR 1.1.4322; .NET CLR 2.0.50727; .NET CLR 3.0.4506.2152; .NET CLR 3.5.30729)"
91.43.158.199 - - [29/Apr/2011:12:08:32 +0000] "GET /root/MENUE_OBEN/Impressum--83.html HTTP/1.1" 200 22573 "http://www.kyffhaeuser.de/lrakyf/index.php?id=84" "Mozilla/4.0 (compatible; MSIE 8.0; Windows NT 5.1; Trident/4.0; GTB6.6; .NET CLR 1.1.4322; .NET CLR 2.0.50727; .NET CLR 3.0.4506.2152; .NET CLR 3.5.30729)"
207.46.204.181 - - [29/Apr/2011:12:08:42 +0000] "GET /root/Startseite--215.html HTTP/1.1" 200 39592 "" "Mozilla/5.0 (compatible; bingbot/2.0; +http://www.bing.com/bingbot.htm)"
65.52.110.19 - - [29/Apr/2011:12:09:11 +0000] "GET /root/Soziales___Gesundheit--32.html HTTP/1.1" 200 17526 "" "Mozilla/5.0 (compatible; bingbot/2.0; +http://www.bing.com/bingbot.htm)"
65.52.109.61 - - [29/Apr/2011:12:11:47 +0000] "GET /root/Kontakt--4.html HTTP/1.1" 200 14140 "" "Mozilla/5.0 (compatible; bingbot/2.0; +http://www.bing.com/bingbot.htm)"
217.91.146.133 - - [29/Apr/2011:12:16:24 +0000] "GET /root/Landkreis/Abgeordnete_MdB___MdL--252.html HTTP/1.1" 200 23978 "http://search.babylon.com/?q=Kontakt+Patrick+Kurth&s=web&as=0&babsrc=HP_ss" "Mozilla/4.0 (compatible; MSIE 8.0; Windows NT 5.1; Trident/4.0; .NET CLR 1.0.3705; .NET CLR 2.0.50727; .NET CLR 3.0.4506.2152; .NET CLR 3.5.30729)"
77.20.40.148 - - [29/Apr/2011:12:16:48 +0000] "GET /root/B__rgerservice/Amt_f__r_Wirtschaftsf__rderung--175.html HTTP/1.1" 200 20233 "" "findlinks/2.0.2 (+http://wortschatz.uni-leipzig.de/findlinks/)"
217.91.146.133 - - [29/Apr/2011:12:17:17 +0000] "GET /root/Landkreis/Abgeordnete_MdB___MdL--252.html HTTP/1.1" 200 23978 "http://www.kyffhaeuser.de/lrakyf/index.php?id=252" "Mozilla/4.0 (compatible; MSIE 8.0; Windows NT 5.1; Trident/4.0; .NET CLR 1.0.3705; .NET CLR 2.0.50727; .NET CLR 3.0.4506.2152; .NET CLR 3.5.30729)"
145.253.101.201 - - [29/Apr/2011:12:17:52 +0000] "GET /root/MENUE_RECHTS/Wirtschaft___Verkehr/Verkehrsgesellschaften--455.html HTTP/1.1" 200 16124 "http://www.google.de/search?hl=de&client=firefox-a&hs=ixQ&rls=org.mozilla%3Ade%3Aofficial&q=verkehrsgesellschaft+s%C3%BCdharz+heldrungen&aq=f&aqi=&aql=&oq=" "Mozilla/5.0 (Windows; U; Windows NT 5.0; de; rv:1.9.2) Gecko/20100115 Firefox/3.6"
195.145.245.92 - - [29/Apr/2011:12:19:27 +0000] "GET /root/Startseite--215.html HTTP/1.1" 200 39592 "" "Mozilla/4.0 (compatible; MSIE 6.0; Windows NT 5.1; SV1; .NET CLR 2.0.50727; .NET CLR 3.0.4506.2152; .NET CLR 3.5.30729)"
65.52.108.12 - - [29/Apr/2011:12:21:42 +0000] "GET /root/MENUE_RECHTS/Wirtschaft___Verkehr/Firmendatenbank/Firmendatenbank--195.html HTTP/1.1" 200 15465 "" "Mozilla/5.0 (compatible; bingbot/2.0; +http://www.bing.com/bingbot.htm)"
195.145.245.92 - - [29/Apr/2011:12:24:39 +0000] "GET /root/Startseite--215.html HTTP/1.1" 200 39592 "" "Mozilla/4.0 (compatible; MSIE 6.0; Windows NT 5.1; SV1; .NET CLR 2.0.50727; .NET CLR 3.0.4506.2152; .NET CLR 3.5.30729)"
195.145.245.92 - - [29/Apr/2011:12:24:44 +0000] "GET /root/Aktuelles--79.html HTTP/1.1" 200 26602 "http://www.kyffhaeuser.de/lrakyf/index.php" "Mozilla/4.0 (compatible; MSIE 6.0; Windows NT 5.1; SV1; .NET CLR 2.0.50727; .NET CLR 3.0.4506.2152; .NET CLR 3.5.30729)"
195.145.245.92 - - [29/Apr/2011:12:24:46 +0000] "GET /root/Aktuelles/Baustellen_im_Landkreis--264.html HTTP/1.1" 200 18986 "http://www.kyffhaeuser.de/lrakyf/index.php?id=79" "Mozilla/4.0 (compatible; MSIE 6.0; Windows NT 5.1; SV1; .NET CLR 2.0.50727; .NET CLR 3.0.4506.2152; .NET CLR 3.5.30729)"
67.195.115.40 - - [29/Apr/2011:12:25:15 +0000] "GET /root/B__rgerservice/Gleichstellungsbeauftragte--179.html HTTP/1.1" 200 18741 "" "Mozilla/5.0 (compatible; Yahoo! Slurp; http://help.yahoo.com/help/us/ysearch/slurp)"
67.195.115.40 - - [29/Apr/2011:12:27:03 +0000] "GET /root/MENUE_RECHTS/Wirtschaft___Verkehr/Firmendatenbank/Firmendatenbank--195.html HTTP/1.1" 200 16868 "" "Mozilla/5.0 (compatible; Yahoo! Slurp; http://help.yahoo.com/help/us/ysearch/slurp)"
193.47.80.51 - - [29/Apr/2011:12:27:19 +0000] "GET /root/Aktuelles/Pressemitteilungen/Archiv--65.html HTTP/1.1" 200 26406 "" "Mozilla/5.0 (compatible; Exabot/3.0; +http://www.exabot.com/go/robot)"
193.47.80.51 - - [29/Apr/2011:12:27:21 +0000] "GET /root/Aktuelles/Pressemitteilungen/September_2009--475.html HTTP/1.1" 200 54345 "" "Mozilla/5.0 (compatible; Exabot/3.0; +http://www.exabot.com/go/robot)"
193.47.80.51 - - [29/Apr/2011:12:27:24 +0000] "GET /root/Aktuelles/Pressemitteilungen/Juli_2009--471.html HTTP/1.1" 200 33290 "" "Mozilla/5.0 (compatible; Exabot/3.0; +http://www.exabot.com/go/robot)"
193.47.80.51 - - [29/Apr/2011:12:27:26 +0000] "GET /root/Aktuelles/Pressemitteilungen/Juni_2009--468.html HTTP/1.1" 200 46185 "" "Mozilla/5.0 (compatible; Exabot/3.0; +http://www.exabot.com/go/robot)"
193.47.80.51 - - [29/Apr/2011:12:27:33 +0000] "GET /root/Aktuelles/Pressemitteilungen/Mai_2009--467.html HTTP/1.1" 200 52765 "" "Mozilla/5.0 (compatible; Exabot/3.0; +http://www.exabot.com/go/robot)"
193.47.80.51 - - [29/Apr/2011:12:28:50 +0000] "GET /root/Aktuelles/Pressemitteilungen/M__rz_2009--461.html HTTP/1.1" 200 54137 "" "Mozilla/5.0 (compatible; Exabot/3.0; +http://www.exabot.com/go/robot)"
193.47.80.51 - - [29/Apr/2011:12:28:53 +0000] "GET /root/Aktuelles/Pressemitteilungen/Februar_2009--454.html HTTP/1.1" 200 48663 "" "Mozilla/5.0 (compatible; Exabot/3.0; +http://www.exabot.com/go/robot)"
95.88.236.156 - - [29/Apr/2011:12:28:59 +0000] "GET /root/Startseite--215.html HTTP/1.1" 200 39592 "" "Mozilla/5.0 (X11; U; Linux i686; de; rv:1.9.2.16) Gecko/20110323 Ubuntu/10.10 (maverick) Firefox/3.6.16"
66.249.72.204 - - [29/Apr/2011:12:29:05 +0000] "GET /root/B__rgerservice/Dienststelle_Artern--164.html HTTP/1.1" 200 27937 "" "Mozilla/5.0 (compatible; Googlebot/2.1; +http://www.google.com/bot.html)"
193.47.80.51 - - [29/Apr/2011:12:28:56 +0000] "GET /root/Aktuelles/Pressemitteilungen/Dezember_2008--431.html HTTP/1.1" 200 40990 "" "Mozilla/5.0 (compatible; Exabot/3.0; +http://www.exabot.com/go/robot)"
193.47.80.51 - - [29/Apr/2011:12:29:08 +0000] "GET /root/Aktuelles/Pressemitteilungen/November_2008--425.html HTTP/1.1" 200 36317 "" "Mozilla/5.0 (compatible; Exabot/3.0; +http://www.exabot.com/go/robot)"
193.47.80.51 - - [29/Apr/2011:12:29:10 +0000] "GET /root/Aktuelles/Pressemitteilungen/Oktober_2008--422.html HTTP/1.1" 200 23815 "" "Mozilla/5.0 (compatible; Exabot/3.0; +http://www.exabot.com/go/robot)"
193.47.80.51 - - [29/Apr/2011:12:30:28 +0000] "GET /root/Aktuelles/Pressemitteilungen/August_2008--416.html HTTP/1.1" 200 30145 "" "Mozilla/5.0 (compatible; Exabot/3.0; +http://www.exabot.com/go/robot)"
193.47.80.51 - - [29/Apr/2011:12:30:31 +0000] "GET /root/Aktuelles/Pressemitteilungen/Juli_2008--413.html HTTP/1.1" 200 47744 "" "Mozilla/5.0 (compatible; Exabot/3.0; +http://www.exabot.com/go/robot)"
193.47.80.51 - - [29/Apr/2011:12:30:33 +0000] "GET /root/Aktuelles/Pressemitteilungen/Juni_2008--412.html HTTP/1.1" 200 53397 "" "Mozilla/5.0 (compatible; Exabot/3.0; +http://www.exabot.com/go/robot)"
217.146.130.114 - - [29/Apr/2011:12:30:46 +0000] "GET /root/B__rgerservice/Wunschkennzeichen--56.html HTTP/1.1" 200 16474 "" "Mozilla/4.0 (compatible; MSIE 8.0; Windows NT 5.1; Trident/4.0; .NET CLR 1.1.4322; .NET CLR 2.0.50727; .NET CLR 3.0.4506.2152; .NET CLR 3.5.30729)"
193.47.80.51 - - [29/Apr/2011:12:31:51 +0000] "GET /root/Aktuelles/Pressemitteilungen/April_2008--409.html HTTP/1.1" 200 66599 "" "Mozilla/5.0 (compatible; Exabot/3.0; +http://www.exabot.com/go/robot)"
195.227.44.2 - - [29/Apr/2011:12:32:21 +0000] "GET /root/MENUE_RECHTS/Jugend___Sport/Freizeitangebote--73.html HTTP/1.1" 200 19245 "http://www.google.de/url?sa=t&source=web&cd=3&ved=0CCwQFjAC&url=http%3A%2F%2Fwww.kyffhaeuser.de%2Flrakyf%2Findex.php%3Fid%3D73&rct=j&q=Kreisjugendring%20Kyffh%C3%A4userkreis%2099713&ei=kZO6Tc3qCs3Lswbt2Ij3BQ&usg=AFQjCNE-3zU7kneeerdhcn-pJOICOk2b3Q" "Mozilla/5.0 (Windows NT 5.1; rv:2.0) Gecko/20100101 Firefox/4.0"
77.87.228.65 - - [29/Apr/2011:12:32:53 +0000] "GET /root/Landkreis--85.html HTTP/1.1" 200 17985 "http://www.google.de/search?q=lk+kyff&sourceid=ie7&rls=com.microsoft:en-US&ie=utf8&oe=utf8&redir_esc=&ei=2pO6TdyQNsnLtAanru2CBg" "Mozilla/4.0 (compatible; MSIE 8.0; Windows NT 5.1; Trident/4.0; .NET CLR 1.1.4322; .NET CLR 2.0.50727; .NET CLR 3.0.04506.30; .NET CLR 3.0.04506.648; .NET CLR 3.0.4506.2152; .NET CLR 3.5.30729; .NET4.0C; .NET4.0E)"
195.145.245.92 - - [29/Apr/2011:12:33:10 +0000] "GET /root/Startseite--215.html HTTP/1.1" 200 39592 "" "Mozilla/4.0 (compatible; MSIE 7.0; Windows NT 6.0; SLCC1; .NET CLR 2.0.50727)"
195.227.44.2 - - [29/Apr/2011:12:33:10 +0000] "GET /root/MENUE_RECHTS/Jugend___Sport/Freizeitangebote--73.html HTTP/1.1" 200 19245 "http://www.google.de/url?sa=t&source=web&cd=3&ved=0CCwQFjAC&url=http%3A%2F%2Fwww.kyffhaeuser.de%2Flrakyf%2Findex.php%3Fid%3D73&rct=j&q=Kreisjugendring%20Kyffh%C3%A4userkreis%2099713&ei=kZO6Tc3qCs3Lswbt2Ij3BQ&usg=AFQjCNE-3zU7kneeerdhcn-pJOICOk2b3Q" "Mozilla/5.0 (Windows NT 5.1; rv:2.0) Gecko/20100101 Firefox/4.0"
77.87.228.65 - - [29/Apr/2011:12:33:14 +0000] "GET /root/Aktuelles--79.html HTTP/1.1" 200 26602 "http://www.kyffhaeuser.de/lrakyf/index.php?id=85" "Mozilla/4.0 (compatible; MSIE 8.0; Windows NT 5.1; Trident/4.0; .NET CLR 1.1.4322; .NET CLR 2.0.50727; .NET CLR 3.0.04506.30; .NET CLR 3.0.04506.648; .NET CLR 3.0.4506.2152; .NET CLR 3.5.30729; .NET4.0C; .NET4.0E)"
77.87.228.65 - - [29/Apr/2011:12:33:18 +0000] "GET /root/Aktuelles/Stellenausschreibungen--436.html HTTP/1.1" 200 13864 "http://www.kyffhaeuser.de/lrakyf/index.php?id=79" "Mozilla/4.0 (compatible; MSIE 8.0; Windows NT 5.1; Trident/4.0; .NET CLR 1.1.4322; .NET CLR 2.0.50727; .NET CLR 3.0.04506.30; .NET CLR 3.0.04506.648; .NET CLR 3.0.4506.2152; .NET CLR 3.5.30729; .NET4.0C; .NET4.0E)"
217.146.130.114 - - [29/Apr/2011:12:33:58 +0000] "GET /root/B__rgerservice/B__rgerservice__KFZ-_Zulassung--268.html HTTP/1.1" 200 18183 "http://www.kyffhaeuser.de/lrakyf/index.php?id=56" "Mozilla/4.0 (compatible; MSIE 8.0; Windows NT 5.1; Trident/4.0; .NET CLR 1.1.4322; .NET CLR 2.0.50727; .NET CLR 3.0.4506.2152; .NET CLR 3.5.30729)"
67.195.115.40 - - [29/Apr/2011:12:34:02 +0000] "GET /root/Kontakt--4.html HTTP/1.1" 200 14140 "" "Mozilla/5.0 (compatible; Yahoo! Slurp; http://help.yahoo.com/help/us/ysearch/slurp)"
217.146.130.114 - - [29/Apr/2011:12:34:04 +0000] "GET /root/MENUE_RECHTS/Formulare--55.html HTTP/1.1" 200 44128 "http://www.kyffhaeuser.de/lrakyf/index.php?id=268" "Mozilla/4.0 (compatible; MSIE 8.0; Windows NT 5.1; Trident/4.0; .NET CLR 1.1.4322; .NET CLR 2.0.50727; .NET CLR 3.0.4506.2152; .NET CLR 3.5.30729)"
80.137.30.228 - - [29/Apr/2011:12:35:35 +0000] "GET /root/Startseite--215.html HTTP/1.1" 200 39592 "" "Mozilla/5.0 (Windows; U; Windows NT 5.1; de; rv:1.9.2.16) Gecko/20110319 Firefox/3.6.16"
207.46.195.234 - - [29/Apr/2011:12:35:41 +0000] "GET /root/Landkreis/Orte_von_A-Z/M__nchpfiffel--307.html HTTP/1.1" 200 16501 "" "Mozilla/5.0 (compatible; bingbot/2.0; +http://www.bing.com/bingbot.htm)"
78.49.186.137 - - [29/Apr/2011:12:36:29 +0000] "GET /root/Startseite--215.html HTTP/1.1" 200 39592 "" "Mozilla/5.0 (Windows; U; Windows NT 6.1; de; rv:1.9.2.16) Gecko/20110319 Firefox/3.6.16 ( .NET CLR 3.5.30729; .NET4.0E)"
78.49.186.137 - - [29/Apr/2011:12:36:34 +0000] "GET /root/B__rgerservice--86.html HTTP/1.1" 200 19149 "http://www.google.de/search?hl=de&client=firefox-a&hs=jb6&rls=org.mozilla%3Ade%3Aofficial&channel=s&biw=1920&bih=887&q=kyffh%C3%A4userkreis&aq=f&aqi=g2g-s1g2g-s1g4&aql=&oq=" "Mozilla/5.0 (Windows; U; Windows NT 6.1; de; rv:1.9.2.16) Gecko/20110319 Firefox/3.6.16 ( .NET CLR 3.5.30729; .NET4.0E)"
78.49.186.137 - - [29/Apr/2011:12:36:39 +0000] "GET /root/MENUE_RECHTS/Natur___Umwelt--75.html HTTP/1.1" 200 15982 "http://www.kyffhaeuser.de/lrakyf/index.php?id=86" "Mozilla/5.0 (Windows; U; Windows NT 6.1; de; rv:1.9.2.16) Gecko/20110319 Firefox/3.6.16 ( .NET CLR 3.5.30729; .NET4.0E)"
78.49.186.137 - - [29/Apr/2011:12:36:43 +0000] "GET /root/MENUE_RECHTS/Natur___Umwelt/Abfallwirtschaft--76.html HTTP/1.1" 200 16154 "http://www.kyffhaeuser.de/lrakyf/index.php?id=75" "Mozilla/5.0 (Windows; U; Windows NT 6.1; de; rv:1.9.2.16) Gecko/20110319 Firefox/3.6.16 ( .NET CLR 3.5.30729; .NET4.0E)"
78.49.186.137 - - [29/Apr/2011:12:36:52 +0000] "GET /root/MENUE_RECHTS/Natur___Umwelt/Abfallwirtschaft/Abfallkalender--146.html HTTP/1.1" 200 18212 "http://www.kyffhaeuser.de/lrakyf/index.php?id=76" "Mozilla/5.0 (Windows; U; Windows NT 6.1; de; rv:1.9.2.16) Gecko/20110319 Firefox/3.6.16 ( .NET CLR 3.5.30729; .NET4.0E)"
91.1.247.235 - - [29/Apr/2011:12:40:10 +0000] "GET /root/Startseite--215.html HTTP/1.1" 200 39592 "" "Mozilla/4.0 (compatible; MSIE 7.0; Windows NT 6.0; SLCC1; .NET CLR 2.0.50727; Media Center PC 5.0; MDDC; .NET CLR 3.5.30729; .NET CLR 3.0.30729)"
91.1.247.235 - - [29/Apr/2011:12:41:16 +0000] "GET /root/MENUE_OBEN/Suche--2.html HTTP/1.1" 200 13520 "http://www.kyffhaeuser.de/lrakyf/index.php" "Mozilla/4.0 (compatible; MSIE 7.0; Windows NT 6.0; SLCC1; .NET CLR 2.0.50727; Media Center PC 5.0; MDDC; .NET CLR 3.5.30729; .NET CLR 3.0.30729)"
91.1.247.235 - - [29/Apr/2011:12:41:27 +0000] "GET /root/MENUE_OBEN/Suche--2.html HTTP/1.1" 200 18354 "http://www.kyffhaeuser.de/lrakyf/index.php?id=2" "Mozilla/4.0 (compatible; MSIE 7.0; Windows NT 6.0; SLCC1; .NET CLR 2.0.50727; Media Center PC 5.0; MDDC; .NET CLR 3.5.30729; .NET CLR 3.0.30729)"
67.195.115.40 - - [29/Apr/2011:12:41:35 +0000] "GET /root/MENUE_RECHTS/Jugend___Sport/Interkulturelle_Woche_2008--421.html HTTP/1.1" 200 16662 "" "Mozilla/5.0 (compatible; Yahoo! Slurp; http://help.yahoo.com/help/us/ysearch/slurp)"
91.1.247.235 - - [29/Apr/2011:12:41:54 +0000] "GET /root/Landkreis--85.html HTTP/1.1" 200 17985 "http://www.kyffhaeuser.de/lrakyf/index.php?id=2&tx_indexedsearch[ext]=1" "Mozilla/4.0 (compatible; MSIE 7.0; Windows NT 6.0; SLCC1; .NET CLR 2.0.50727; Media Center PC 5.0; MDDC; .NET CLR 3.5.30729; .NET CLR 3.0.30729)"
91.1.247.235 - - [29/Apr/2011:12:42:13 +0000] "GET /root/B__rgerservice--86.html HTTP/1.1" 200 19149 "http://www.kyffhaeuser.de/lrakyf/index.php?id=85" "Mozilla/4.0 (compatible; MSIE 7.0; Windows NT 6.0; SLCC1; .NET CLR 2.0.50727; Media Center PC 5.0; MDDC; .NET CLR 3.5.30729; .NET CLR 3.0.30729)"
91.1.247.235 - - [29/Apr/2011:12:42:33 +0000] "GET /root/Aktuelles--79.html HTTP/1.1" 200 26602 "http://www.kyffhaeuser.de/lrakyf/index.php?id=86" "Mozilla/4.0 (compatible; MSIE 7.0; Windows NT 6.0; SLCC1; .NET CLR 2.0.50727; Media Center PC 5.0; MDDC; .NET CLR 3.5.30729; .NET CLR 3.0.30729)"
91.1.247.235 - - [29/Apr/2011:12:42:42 +0000] "GET /root/Aktuelles/Stellenausschreibungen--436.html HTTP/1.1" 200 13864 "http://www.kyffhaeuser.de/lrakyf/index.php?id=79" "Mozilla/4.0 (compatible; MSIE 7.0; Windows NT 6.0; SLCC1; .NET CLR 2.0.50727; Media Center PC 5.0; MDDC; .NET CLR 3.5.30729; .NET CLR 3.0.30729)"
91.1.247.235 - - [29/Apr/2011:12:42:47 +0000] "GET /root/Aktuelles/Ausschreibungen--183.html HTTP/1.1" 200 16993 "http://www.kyffhaeuser.de/lrakyf/index.php?id=436" "Mozilla/4.0 (compatible; MSIE 7.0; Windows NT 6.0; SLCC1; .NET CLR 2.0.50727; Media Center PC 5.0; MDDC; .NET CLR 3.5.30729; .NET CLR 3.0.30729)"
91.1.247.235 - - [29/Apr/2011:12:43:00 +0000] "GET /root/Kreistag--39.html HTTP/1.1" 200 15091 "http://www.kyffhaeuser.de/lrakyf/index.php?id=183" "Mozilla/4.0 (compatible; MSIE 7.0; Windows NT 6.0; SLCC1; .NET CLR 2.0.50727; Media Center PC 5.0; MDDC; .NET CLR 3.5.30729; .NET CLR 3.0.30729)"
91.1.247.235 - - [29/Apr/2011:12:43:11 +0000] "GET /root/Kreistag/Kreissatzungen--110.html HTTP/1.1" 200 27946 "http://www.kyffhaeuser.de/lrakyf/index.php?id=39" "Mozilla/4.0 (compatible; MSIE 7.0; Windows NT 6.0; SLCC1; .NET CLR 2.0.50727; Media Center PC 5.0; MDDC; .NET CLR 3.5.30729; .NET CLR 3.0.30729)"
85.179.88.210 - - [29/Apr/2011:12:45:33 +0000] "GET /root/Aktuelles/Baustellen_im_Landkreis--264.html HTTP/1.1" 200 18986 "http://www.google.de/search?hl=de&source=hp&biw=1259&bih=626&q=Stra%C3%9Fensperrung+gorsleben&btnG=Google-Suche&aq=f&aqi=&aql=&oq=" "Mozilla/4.0 (compatible; MSIE 7.0; Windows NT 6.0; GTB6.6; SLCC1; .NET CLR 2.0.50727; Media Center PC 5.0; .NET CLR 3.5.30729; .NET CLR 3.0.30618)"
87.182.8.233 - - [29/Apr/2011:12:47:19 +0000] "GET /root/B__rgerservice/Dienststelle_Artern--164.html HTTP/1.1" 200 27937 "http://www.google.de/url?sa=t&source=web&cd=1&ved=0CCAQFjAA&url=http%3A%2F%2Fwww.kyffhaeuser.de%2Flrakyf%2Findex.php%3Fid%3D164&rct=j&q=Landratsamt%20Kyffh%C3%A4userkreis%20Jugendamt%20Artern&ei=OJe6TZPkO8uLswaSg7mQBg&usg=AFQjCNGnvuPWHMDd5KM3gXR8jYTIRHYcQg" "Mozilla/4.0 (compatible; MSIE 8.0; Windows NT 5.1; Trident/4.0; .NET CLR 2.0.50727; .NET CLR 3.0.4506.2152; .NET CLR 3.5.30729)"
87.182.8.233 - - [29/Apr/2011:12:47:40 +0000] "GET /root/Kontakt--4.html HTTP/1.1" 200 14140 "http://www.kyffhaeuser.de/lrakyf/index.php?id=164" "Mozilla/4.0 (compatible; MSIE 8.0; Windows NT 5.1; Trident/4.0; .NET CLR 2.0.50727; .NET CLR 3.0.4506.2152; .NET CLR 3.5.30729)"
87.182.8.233 - - [29/Apr/2011:12:48:09 +0000] "GET /root/B__rgerservice/Dienststelle_Artern--164.html HTTP/1.1" 200 27937 "http://www.google.de/url?sa=t&source=web&cd=1&ved=0CCAQFjAA&url=http%3A%2F%2Fwww.kyffhaeuser.de%2Flrakyf%2Findex.php%3Fid%3D164&rct=j&q=Landratsamt%20Kyffh%C3%A4userkreis%20Jugendamt%20Artern&ei=OJe6TZPkO8uLswaSg7mQBg&usg=AFQjCNGnvuPWHMDd5KM3gXR8jYTIRHYcQg" "Mozilla/4.0 (compatible; MSIE 8.0; Windows NT 5.1; Trident/4.0; .NET CLR 2.0.50727; .NET CLR 3.0.4506.2152; .NET CLR 3.5.30729)"
87.182.8.233 - - [29/Apr/2011:12:48:19 +0000] "GET /root/B__rgerservice/Landratsamt--427.html HTTP/1.1" 200 26870 "http://www.kyffhaeuser.de/lrakyf/index.php?id=164" "Mozilla/4.0 (compatible; MSIE 8.0; Windows NT 5.1; Trident/4.0; .NET CLR 2.0.50727; .NET CLR 3.0.4506.2152; .NET CLR 3.5.30729)"
87.182.8.233 - - [29/Apr/2011:12:48:28 +0000] "GET /root/Startseite--215.html HTTP/1.1" 200 39592 "http://www.kyffhaeuser.de/lrakyf/index.php?id=427" "Mozilla/4.0 (compatible; MSIE 8.0; Windows NT 5.1; Trident/4.0; .NET CLR 2.0.50727; .NET CLR 3.0.4506.2152; .NET CLR 3.5.30729)"
87.182.8.233 - - [29/Apr/2011:12:48:33 +0000] "GET /root/Aktuelles--79.html HTTP/1.1" 200 26602 "http://www.kyffhaeuser.de/lrakyf/index.php?id=215" "Mozilla/4.0 (compatible; MSIE 8.0; Windows NT 5.1; Trident/4.0; .NET CLR 2.0.50727; .NET CLR 3.0.4506.2152; .NET CLR 3.5.30729)"
87.182.8.233 - - [29/Apr/2011:12:48:41 +0000] "GET /root/Kontakt--4.html HTTP/1.1" 200 14140 "http://www.kyffhaeuser.de/lrakyf/index.php?id=79" "Mozilla/4.0 (compatible; MSIE 8.0; Windows NT 5.1; Trident/4.0; .NET CLR 2.0.50727; .NET CLR 3.0.4506.2152; .NET CLR 3.5.30729)"
77.21.146.8 - - [29/Apr/2011:12:57:40 +0000] "GET /root/Kontakt--4.html HTTP/1.1" 200 14140 "" "findlinks/2.0.2 (+http://wortschatz.uni-leipzig.de/findlinks/)"
77.21.146.8 - - [29/Apr/2011:12:58:52 +0000] "GET /root/Aktuelles/Bekanntmachungen--66.html HTTP/1.1" 200 22649 "" "findlinks/2.0.2 (+http://wortschatz.uni-leipzig.de/findlinks/)"
195.145.245.92 - - [29/Apr/2011:13:01:55 +0000] "GET /root/Startseite--215.html HTTP/1.1" 200 39592 "" "Mozilla/4.0 (compatible; MSIE 6.0; Windows NT 5.1; SV1; .NET CLR 1.1.4322)"
91.36.196.36 - - [29/Apr/2011:13:02:35 +0000] "GET /root/Startseite--215.html HTTP/1.1" 200 39592 "" "Mozilla/5.0 (Windows; U; Windows NT 5.1; de; rv:1.9.2.16) Gecko/20110319 Firefox/3.6.16 tb-gmx/1.4.1"
91.43.138.10 - - [29/Apr/2011:13:03:45 +0000] "GET /root/Startseite--215.html HTTP/1.1" 200 39592 "" "Mozilla/4.0 (compatible; MSIE 8.0; Windows NT 6.1; Trident/4.0; SLCC2; .NET CLR 2.0.50727; .NET CLR 3.5.30729; .NET CLR 3.0.30729; Media Center PC 6.0; MALN; .NET4.0C)"
64.233.172.20 - - [29/Apr/2011:13:06:19 +0000] "GET /root/MENUE_RECHTS/Bildung___Schule/Ausbildung/BerufsInfotage--69.html HTTP/1.1" 200 27759 "http://www.google.com/search?hl=en&q=landratsamt+kyffh%C3%A4userkreis" "Mozilla/4.0 (compatible; MSIE 6.0; Windows NT 5.1; SV1)"
91.1.233.22 - - [29/Apr/2011:13:15:10 +0000] "GET /root/B__rgerservice--86.html HTTP/1.1" 200 19149 "http://suche.t-online.de/fast-cgi/tsc?sr=ptoweb&q=Landratsamt+Kyffhaeuser" "Mozilla/4.0 (compatible; MSIE 7.0; TOB 6.12; Windows NT 5.1; Trident/4.0; .NET CLR 1.1.4322; InfoPath.1; .NET CLR 2.0.50727; .NET CLR 3.0.4506.2152; .NET CLR 3.5.30729)"
91.1.233.22 - - [29/Apr/2011:13:15:32 +0000] "GET /root/MENUE_RECHTS/Formulare--55.html HTTP/1.1" 200 44128 "http://www.kyffhaeuser.de/lrakyf/index.php?id=86" "Mozilla/4.0 (compatible; MSIE 7.0; TOB 6.12; Windows NT 5.1; Trident/4.0; .NET CLR 1.1.4322; InfoPath.1; .NET CLR 2.0.50727; .NET CLR 3.0.4506.2152; .NET CLR 3.5.30729)"
87.172.163.196 - - [29/Apr/2011:13:16:08 +0000] "GET /root/Landkreis--85.html HTTP/1.1" 200 17985 "" "Mozilla/4.0 (compatible; MSIE 8.0; Windows NT 5.1; Trident/4.0; InfoPath.1)"
217.253.209.92 - - [29/Apr/2011:13:20:48 +0000] "GET /root/MENUE_OBEN/Impressum--83.html HTTP/1.1" 200 22573 "" "Mozilla/5.0 (iPhone; U; CPU iPhone OS 4_2_1 like Mac OS X; de-de) AppleWebKit/533.17.9 (KHTML, like Gecko) Version/5.0.2 Mobile/8C148 Safari/6533.18.5"
67.195.115.40 - - [29/Apr/2011:13:21:18 +0000] "GET /root/Landkreis/Orte_von_A-Z/Freienbessingen--254.html HTTP/1.1" 200 19557 "" "Mozilla/5.0 (compatible; Yahoo! Slurp; http://help.yahoo.com/help/us/ysearch/slurp)"
89.247.181.10 - - [29/Apr/2011:13:22:51 +0000] "GET /root/Startseite--215.html HTTP/1.1" 200 39592 "" "Mozilla/5.0 (Windows; U; Windows NT 6.0; de; rv:1.9.2.3) Gecko/20100401 Firefox/3.6.3 ( .NET CLR 3.5.30729)"
89.247.181.10 - - [29/Apr/2011:13:22:57 +0000] "GET /root/Landkreis--85.html HTTP/1.1" 200 17985 "http://www.kyffhaeuser.de/lrakyf/index.php" "Mozilla/5.0 (Windows; U; Windows NT 6.0; de; rv:1.9.2.3) Gecko/20100401 Firefox/3.6.3 ( .NET CLR 3.5.30729)"
89.247.181.10 - - [29/Apr/2011:13:23:24 +0000] "GET /root/Landkreis/St__dte_--48.html HTTP/1.1" 200 18378 "http://www.kyffhaeuser.de/lrakyf/index.php?id=85" "Mozilla/5.0 (Windows; U; Windows NT 6.0; de; rv:1.9.2.3) Gecko/20100401 Firefox/3.6.3 ( .NET CLR 3.5.30729)"
91.1.233.22 - - [29/Apr/2011:13:25:37 +0000] "GET /root/Soziales___Gesundheit--32.html HTTP/1.1" 200 17526 "http://www.kyffhaeuser.de/lrakyf/index.php?id=55" "Mozilla/4.0 (compatible; MSIE 7.0; TOB 6.12; Windows NT 5.1; Trident/4.0; .NET CLR 1.1.4322; InfoPath.1; .NET CLR 2.0.50727; .NET CLR 3.0.4506.2152; .NET CLR 3.5.30729)"
91.1.233.22 - - [29/Apr/2011:13:26:00 +0000] "GET /root/B__rgerservice--86.html HTTP/1.1" 200 19149 "http://www.kyffhaeuser.de/lrakyf/index.php?id=32" "Mozilla/4.0 (compatible; MSIE 7.0; TOB 6.12; Windows NT 5.1; Trident/4.0; .NET CLR 1.1.4322; InfoPath.1; .NET CLR 2.0.50727; .NET CLR 3.0.4506.2152; .NET CLR 3.5.30729)"
91.1.233.22 - - [29/Apr/2011:13:26:18 +0000] "GET /root/B__rgerservice/Bauverwaltungsamt--156.html HTTP/1.1" 200 34146 "http://www.kyffhaeuser.de/lrakyf/index.php?id=86" "Mozilla/4.0 (compatible; MSIE 7.0; TOB 6.12; Windows NT 5.1; Trident/4.0; .NET CLR 1.1.4322; InfoPath.1; .NET CLR 2.0.50727; .NET CLR 3.0.4506.2152; .NET CLR 3.5.30729)"
91.1.233.22 - - [29/Apr/2011:13:28:16 +0000] "GET /root/B__rgerservice/Organigramm_LRA--182.html HTTP/1.1" 200 25964 "http://www.kyffhaeuser.de/lrakyf/index.php?id=156" "Mozilla/4.0 (compatible; MSIE 7.0; TOB 6.12; Windows NT 5.1; Trident/4.0; .NET CLR 1.1.4322; InfoPath.1; .NET CLR 2.0.50727; .NET CLR 3.0.4506.2152; .NET CLR 3.5.30729)"
87.182.11.87 - - [29/Apr/2011:13:30:07 +0000] "GET /root/Startseite--215.html HTTP/1.1" 200 39592 "" "Mozilla/4.0 (compatible; MSIE 7.0; Windows NT 5.1; Avant Browser; InfoPath.2; .NET CLR 2.0.50727; .NET CLR 3.0.04506.30; .NET CLR 3.0.4506.2152; .NET CLR 3.5.30729; OfficeLiveConnector.1.3; OfficeLivePatch.0.0)"
