94.134.201.186 - - [28/Apr/2011:16:28:51 +0000] "GET /root/Landkreis/Orte_von_A-Z/Hohenebra--281.html HTTP/1.1" 200 19485 "http://de.wikipedia.org/wiki/Hohenebra" "Mozilla/5.0 (Windows; U; Windows NT 5.1; de; rv:1.9.1.18) Gecko/20110319 Firefox/3.5.18 GTB7.1 (.NET CLR 3.5.30729)"
93.218.112.88 - - [28/Apr/2011:16:29:04 +0000] "GET /root/Startseite--215.html HTTP/1.1" 200 62377 "" "Mozilla/5.0 (Windows NT 6.1; WOW64; rv:2.0) Gecko/20100101 Firefox/4.0"
66.249.72.204 - - [28/Apr/2011:16:29:27 +0000] "GET /root/Soziales___Gesund.../Soziale_Einrichtu.../Krankenh__user--34.html HTTP/1.1" 200 17698 "" "Mozilla/5.0 (compatible; Googlebot/2.1; +http://www.google.com/bot.html)"
66.249.72.204 - - [28/Apr/2011:16:33:28 +0000] "GET /root/Tourismus___Kultur/K__nstler_/Sabine_Kremer--442.html HTTP/1.1" 200 18778 "" "Mozilla/5.0 (compatible; Googlebot/2.1; +http://www.google.com/bot.html)"
207.46.199.37 - - [28/Apr/2011:16:33:29 +0000] "GET /root/Landkreis/St__dte_/Wiehe--292.html HTTP/1.1" 200 20090 "" "Mozilla/5.0 (compatible; bingbot/2.0; +http://www.bing.com/bingbot.htm)"
94.134.201.186 - - [28/Apr/2011:16:34:27 +0000] "GET /root/Kontakt--4.html HTTP/1.1" 200 14140 "http://www.kyffhaeuser.de/lrakyf/index.php?id=281" "Mozilla/5.0 (Windows; U; Windows NT 5.1; de; rv:1.9.1.18) Gecko/20110319 Firefox/3.5.18 GTB7.1 (.NET CLR 3.5.30729)"
94.134.201.186 - - [28/Apr/2011:16:34:32 +0000] "GET /root/Soziales___Gesundheit--32.html HTTP/1.1" 200 17526 "http://www.kyffhaeuser.de/lrakyf/index.php?id=4" "Mozilla/5.0 (Windows; U; Windows NT 5.1; de; rv:1.9.1.18) Gecko/20110319 Firefox/3.5.18 GTB7.1 (.NET CLR 3.5.30729)"
94.134.201.186 - - [28/Apr/2011:16:34:51 +0000] "GET /root/MENUE_OBEN/Impressum--83.html HTTP/1.1" 200 22573 "http://www.kyffhaeuser.de/lrakyf/index.php?id=32" "Mozilla/5.0 (Windows; U; Windows NT 5.1; de; rv:1.9.1.18) Gecko/20110319 Firefox/3.5.18 GTB7.1 (.NET CLR 3.5.30729)"
67.195.115.40 - - [28/Apr/2011:16:36:17 +0000] "GET /root/Kontakt--4.html HTTP/1.1" 200 14140 "" "Mozilla/5.0 (compatible; Yahoo! Slurp; http://help.yahoo.com/help/us/ysearch/slurp)"
66.249.72.204 - - [28/Apr/2011:16:37:30 +0000] "GET /root/Landkreis/Orte_von_A-Z/Hachelbich--273.html HTTP/1.1" 200 22499 "" "Mozilla/5.0 (compatible; Googlebot/2.1; +http://www.google.com/bot.html)"
217.238.46.45 - - [28/Apr/2011:16:40:46 +0000] "GET /root/Aktuelles/Baustellen_im_Landkreis--264.html HTTP/1.1" 200 19923 "http://www.google.de/search?hl=de&source=hp&biw=1131&bih=688&q=strassensperrung+badra+sondershausen&btnG=Google-Suche&rlz=1W1ADFA_de&aq=f&aqi=&aql=&oq=" "Mozilla/4.0 (compatible; MSIE 7.0; Windows NT 6.0; GTB6.6; SLCC1; .NET CLR 2.0.50727; Media Center PC 5.0; .NET CLR 3.5.30729; .NET CLR 3.0.30618; .NET4.0C)"
217.253.230.53 - - [28/Apr/2011:16:40:50 +0000] "GET /root/Landkreis/Orte_von_A-Z/Ichstedt--301.html HTTP/1.1" 200 19450 "http://www.google.de/url?sa=t&source=web&cd=1&ved=0CBkQFjAA&url=http%3A%2F%2Fwww.kyffhaeuser.de%2Flrakyf%2Findex.php%3Fid%3D301&rct=j&q=gemeinde%20ichstedt&ei=Tny5Tf5GxMCzBrGplOsD&usg=AFQjCNGtf5YTLKgybGmRcJ10OH3hkpTybA" "Mozilla/4.0 (compatible; MSIE 8.0; Windows NT 6.1; Trident/4.0; SLCC2; .NET CLR 2.0.50727; .NET CLR 3.5.30729; .NET CLR 3.0.30729; Media Center PC 6.0; .NET4.0C; AskTbVD/5.8.0.12304)"
84.179.143.12 - - [28/Apr/2011:16:41:09 +0000] "GET /root/Startseite--215.html HTTP/1.1" 200 62377 "http://www.kyffhaeuser.de/" "Mozilla/5.0 (Macintosh; U; Intel Mac OS X 10_6_7; de-de) AppleWebKit/533.21.1 (KHTML, like Gecko) Version/5.0.5 Safari/533.21.1"
84.179.143.12 - - [28/Apr/2011:16:41:20 +0000] "GET /root/Landkreis--85.html HTTP/1.1" 200 17985 "http://www.kyffhaeuser.de/lrakyf/index.php" "Mozilla/5.0 (Macintosh; U; Intel Mac OS X 10_6_7; de-de) AppleWebKit/533.21.1 (KHTML, like Gecko) Version/5.0.5 Safari/533.21.1"
84.179.143.12 - - [28/Apr/2011:16:41:24 +0000] "GET /root/Landkreis/St__dte_--48.html HTTP/1.1" 200 18378 "http://www.kyffhaeuser.de/lrakyf/index.php?id=85" "Mozilla/5.0 (Macintosh; U; Intel Mac OS X 10_6_7; de-de) AppleWebKit/533.21.1 (KHTML, like Gecko) Version/5.0.5 Safari/533.21.1"
66.249.72.204 - - [28/Apr/2011:16:41:31 +0000] "GET /root/Aktuelles/Pressemitteilungen/September_2009--475.html HTTP/1.1" 200 54449 "" "Mozilla/5.0 (compatible; Googlebot/2.1; +http://www.google.com/bot.html)"
80.153.139.51 - - [28/Apr/2011:16:42:46 +0000] "GET /root/B__rgerservice/Amt_f__r_Umwelt__Natur__Wasser--158.html HTTP/1.1" 200 22479 "http://www.google.de/search?hl=de&client=firefox-a&rls=org.mozilla:de:official&sa=X&ei=w3y5Tc-TLY7Mswa4t4DrAw&ved=0CCkQBSgA&q=Sekret%C3%A4rin+Abfallwirtschaft&spell=1" "Mozilla/5.0 (Windows; U; Windows NT 6.1; de; rv:1.9.2.13) Gecko/20101203 Firefox/3.6.13"
79.213.96.44 - - [28/Apr/2011:16:43:40 +0000] "GET /root/B__rgerservice/Bauverwaltungsamt--156.html HTTP/1.1" 200 34146 "" "Mozilla/4.0 (compatible; MSIE 8.0; Windows NT 5.1; Trident/4.0; GTB5; .NET CLR 1.1.4322; .NET CLR 2.0.50727; InfoPath.1; .NET CLR 3.0.4506.2152; .NET CLR 3.5.30729)"
195.88.117.149 - - [28/Apr/2011:16:44:49 +0000] "GET /root/Startseite--215.html HTTP/1.1" 200 62377 "" "Mozilla/4.0 (compatible; MSIE 8.0; Windows NT 5.1; Trident/4.0; .NET CLR 1.1.4322; .NET CLR 2.0.50727; .NET CLR 3.0.4506.2152; .NET CLR 3.5.30729; .NET4.0C; .NET4.0E)"
195.88.117.149 - - [28/Apr/2011:16:44:57 +0000] "GET /root/Aktuelles--79.html HTTP/1.1" 200 26602 "http://www.kyffhaeuser.de/lrakyf/index.php" "Mozilla/4.0 (compatible; MSIE 8.0; Windows NT 5.1; Trident/4.0; .NET CLR 1.1.4322; .NET CLR 2.0.50727; .NET CLR 3.0.4506.2152; .NET CLR 3.5.30729; .NET4.0C; .NET4.0E)"
195.88.117.149 - - [28/Apr/2011:16:45:20 +0000] "GET /root/Aktuelles/Stellenausschreibungen--436.html HTTP/1.1" 200 13864 "http://www.kyffhaeuser.de/lrakyf/index.php?id=79" "Mozilla/4.0 (compatible; MSIE 8.0; Windows NT 5.1; Trident/4.0; .NET CLR 1.1.4322; .NET CLR 2.0.50727; .NET CLR 3.0.4506.2152; .NET CLR 3.5.30729; .NET4.0C; .NET4.0E)"
195.88.117.149 - - [28/Apr/2011:16:45:29 +0000] "GET /root/Soziales___Gesundheit--32.html HTTP/1.1" 200 17526 "http://www.kyffhaeuser.de/lrakyf/index.php?id=436" "Mozilla/4.0 (compatible; MSIE 8.0; Windows NT 5.1; Trident/4.0; .NET CLR 1.1.4322; .NET CLR 2.0.50727; .NET CLR 3.0.4506.2152; .NET CLR 3.5.30729; .NET4.0C; .NET4.0E)"
66.249.72.204 - - [28/Apr/2011:16:45:33 +0000] "GET /root/MENUE_RECHTS/Bildung___Schule/Ausbildung--359.html HTTP/1.1" 200 13817 "" "Mozilla/5.0 (compatible; Googlebot/2.1; +http://www.google.com/bot.html)"
195.88.117.149 - - [28/Apr/2011:16:45:48 +0000] "GET /root/B__rgerservice--86.html HTTP/1.1" 200 19149 "http://www.kyffhaeuser.de/lrakyf/index.php?id=32" "Mozilla/4.0 (compatible; MSIE 8.0; Windows NT 5.1; Trident/4.0; .NET CLR 1.1.4322; .NET CLR 2.0.50727; .NET CLR 3.0.4506.2152; .NET CLR 3.5.30729; .NET4.0C; .NET4.0E)"
195.88.117.149 - - [28/Apr/2011:16:46:04 +0000] "GET /root/B__rgerservice/Jobcenter--361.html HTTP/1.1" 200 20923 "http://www.kyffhaeuser.de/lrakyf/index.php?id=86" "Mozilla/4.0 (compatible; MSIE 8.0; Windows NT 5.1; Trident/4.0; .NET CLR 1.1.4322; .NET CLR 2.0.50727; .NET CLR 3.0.4506.2152; .NET CLR 3.5.30729; .NET4.0C; .NET4.0E)"
217.238.46.45 - - [28/Apr/2011:16:46:37 +0000] "GET /root/Aktuelles/Baustellen_im_Landkreis--264.html HTTP/1.1" 200 19923 "http://www.google.de/search?hl=de&source=hp&biw=1131&bih=688&q=strassensperrung+badra+sondershausen&btnG=Google-Suche&rlz=1W1ADFA_de&aq=f&aqi=&aql=&oq=" "Mozilla/4.0 (compatible; MSIE 7.0; Windows NT 6.0; GTB6.6; SLCC1; .NET CLR 2.0.50727; Media Center PC 5.0; .NET CLR 3.5.30729; .NET CLR 3.0.30618; .NET4.0C)"
217.238.46.45 - - [28/Apr/2011:16:46:55 +0000] "GET /root/Aktuelles/Stellenausschreibungen--436.html HTTP/1.1" 200 13864 "http://www.kyffhaeuser.de/lrakyf/index.php?id=264" "Mozilla/4.0 (compatible; MSIE 7.0; Windows NT 6.0; GTB6.6; SLCC1; .NET CLR 2.0.50727; Media Center PC 5.0; .NET CLR 3.5.30729; .NET CLR 3.0.30618; .NET4.0C)"
217.238.46.45 - - [28/Apr/2011:16:47:02 +0000] "GET /root/Aktuelles/Ausschreibungen--183.html HTTP/1.1" 200 16993 "http://www.kyffhaeuser.de/lrakyf/index.php?id=436" "Mozilla/4.0 (compatible; MSIE 7.0; Windows NT 6.0; GTB6.6; SLCC1; .NET CLR 2.0.50727; Media Center PC 5.0; .NET CLR 3.5.30729; .NET CLR 3.0.30618; .NET4.0C)"
77.189.81.124 - - [28/Apr/2011:16:47:51 +0000] "GET /root/MENUE_RECHTS/Bildung___Schule/Kulturpass--444.html HTTP/1.1" 200 17150 "" "Mozilla/5.0 (Windows; U; Windows NT 5.1; en-US; rv:1.8.1.13) Gecko/20080311 Firefox/2.0.0.13"
66.249.72.204 - - [28/Apr/2011:16:49:34 +0000] "GET /root/MENUE_RECHTS/Wirtschaft___Verkehr/Gewerbe-_und_Indu.../IGG_Greussen--108.html HTTP/1.1" 200 27923 "" "Mozilla/5.0 (compatible; Googlebot/2.1; +http://www.google.com/bot.html)"
77.7.245.18 - - [28/Apr/2011:16:52:37 +0000] "GET /root/Startseite--215.html HTTP/1.1" 200 62377 "" "Mozilla/5.0 (Windows NT 6.1; WOW64; rv:2.0) Gecko/20100101 Firefox/4.0"
77.7.245.18 - - [28/Apr/2011:16:52:43 +0000] "GET /root/Aktuelles--79.html HTTP/1.1" 200 26602 "http://www.kyffhaeuser.de/lrakyf/index.php" "Mozilla/5.0 (Windows NT 6.1; WOW64; rv:2.0) Gecko/20100101 Firefox/4.0"
77.7.245.18 - - [28/Apr/2011:16:53:09 +0000] "GET /root/MENUE_RECHTS/Natur___Umwelt--75.html HTTP/1.1" 200 15982 "http://www.kyffhaeuser.de/lrakyf/index.php?id=79" "Mozilla/5.0 (Windows NT 6.1; WOW64; rv:2.0) Gecko/20100101 Firefox/4.0"
77.7.245.18 - - [28/Apr/2011:16:53:12 +0000] "GET /root/Aktuelles--79.html HTTP/1.1" 200 26602 "http://www.kyffhaeuser.de/lrakyf/index.php?id=75" "Mozilla/5.0 (Windows NT 6.1; WOW64; rv:2.0) Gecko/20100101 Firefox/4.0"
77.7.245.18 - - [28/Apr/2011:16:53:15 +0000] "GET /root/Aktuelles/Bekanntmachungen--66.html HTTP/1.1" 200 22649 "http://www.kyffhaeuser.de/lrakyf/index.php?id=79" "Mozilla/5.0 (Windows NT 6.1; WOW64; rv:2.0) Gecko/20100101 Firefox/4.0"
77.7.245.18 - - [28/Apr/2011:16:53:27 +0000] "GET /root/Aktuelles/Bekanntmachungen/1._Quartal_2010--486.html HTTP/1.1" 200 15870 "http://www.kyffhaeuser.de/lrakyf/index.php?id=66" "Mozilla/5.0 (Windows NT 6.1; WOW64; rv:2.0) Gecko/20100101 Firefox/4.0"
66.249.72.204 - - [28/Apr/2011:16:53:36 +0000] "GET /root/Landkreis/Orte_von_A-Z/Friedrichsrode--192.html HTTP/1.1" 200 20999 "" "Mozilla/5.0 (compatible; Googlebot/2.1; +http://www.google.com/bot.html)"
66.249.72.204 - - [28/Apr/2011:16:57:37 +0000] "GET /root/MENUE_RECHTS/Wirtschaft___Verkehr/Gewerbe-_und_Indu.../GG_Sondershausen-_Jecha--102.html HTTP/1.1" 200 27998 "" "Mozilla/5.0 (compatible; Googlebot/2.1; +http://www.google.com/bot.html)"
87.182.118.10 - - [28/Apr/2011:16:58:24 +0000] "GET /root/Startseite--215.html HTTP/1.1" 200 62377 "" "Mozilla/5.0 (compatible; MSIE 9.0; Windows NT 6.1; WOW64; Trident/5.0)"
87.182.118.10 - - [28/Apr/2011:16:58:30 +0000] "GET /root/Startseite--215.html HTTP/1.1" 200 62377 "" "Mozilla/5.0 (compatible; MSIE 9.0; Windows NT 6.1; WOW64; Trident/5.0)"
87.182.118.10 - - [28/Apr/2011:16:58:32 +0000] "GET /root/Startseite--215.html HTTP/1.1" 200 62377 "" "Mozilla/5.0 (compatible; MSIE 9.0; Windows NT 6.1; WOW64; Trident/5.0)"
87.182.118.10 - - [28/Apr/2011:16:58:36 +0000] "GET /root/Startseite--215.html HTTP/1.1" 200 62377 "" "Mozilla/5.0 (compatible; MSIE 9.0; Windows NT 6.1; WOW64; Trident/5.0)"
87.182.118.10 - - [28/Apr/2011:16:58:38 +0000] "GET /root/Startseite--215.html HTTP/1.1" 200 62377 "" "Mozilla/5.0 (compatible; MSIE 9.0; Windows NT 6.1; WOW64; Trident/5.0)"
87.182.118.10 - - [28/Apr/2011:16:58:39 +0000] "GET /root/Startseite--215.html HTTP/1.1" 200 62377 "" "Mozilla/5.0 (compatible; MSIE 9.0; Windows NT 6.1; WOW64; Trident/5.0)"
87.182.118.10 - - [28/Apr/2011:16:58:44 +0000] "GET /root/Startseite--215.html HTTP/1.1" 200 62377 "http://www.kyffhaeuser.de/lrakyf/index.php" "Mozilla/5.0 (compatible; MSIE 9.0; Windows NT 6.1; WOW64; Trident/5.0)"
87.182.118.10 - - [28/Apr/2011:16:58:46 +0000] "GET /root/Aktuelles--79.html HTTP/1.1" 200 26602 "http://www.kyffhaeuser.de/lrakyf/index.php?id=215" "Mozilla/5.0 (compatible; MSIE 9.0; Windows NT 6.1; WOW64; Trident/5.0)"
87.182.118.10 - - [28/Apr/2011:16:58:48 +0000] "GET /root/Startseite--215.html HTTP/1.1" 200 62377 "http://www.kyffhaeuser.de/lrakyf/index.php?id=79" "Mozilla/5.0 (compatible; MSIE 9.0; Windows NT 6.1; WOW64; Trident/5.0)"
87.182.118.10 - - [28/Apr/2011:16:58:49 +0000] "GET /root/Startseite--215.html HTTP/1.1" 200 62377 "http://www.kyffhaeuser.de/lrakyf/index.php?id=215" "Mozilla/5.0 (compatible; MSIE 9.0; Windows NT 6.1; WOW64; Trident/5.0)"
87.182.118.10 - - [28/Apr/2011:16:58:50 +0000] "GET /root/Startseite--215.html HTTP/1.1" 200 62377 "http://www.kyffhaeuser.de/lrakyf/index.php?id=215" "Mozilla/5.0 (compatible; MSIE 9.0; Windows NT 6.1; WOW64; Trident/5.0)"
87.182.118.10 - - [28/Apr/2011:16:58:51 +0000] "GET /root/Startseite--215.html HTTP/1.1" 200 62377 "http://www.kyffhaeuser.de/lrakyf/index.php?id=215" "Mozilla/5.0 (compatible; MSIE 9.0; Windows NT 6.1; WOW64; Trident/5.0)"
87.182.118.10 - - [28/Apr/2011:16:58:53 +0000] "GET /root/Aktuelles--79.html HTTP/1.1" 200 26602 "http://www.kyffhaeuser.de/lrakyf/index.php?id=215" "Mozilla/5.0 (compatible; MSIE 9.0; Windows NT 6.1; WOW64; Trident/5.0)"
87.182.118.10 - - [28/Apr/2011:16:58:55 +0000] "GET /root/Aktuelles/Bekanntmachungen--66.html HTTP/1.1" 200 22649 "http://www.kyffhaeuser.de/lrakyf/index.php?id=79" "Mozilla/5.0 (compatible; MSIE 9.0; Windows NT 6.1; WOW64; Trident/5.0)"
87.182.118.10 - - [28/Apr/2011:16:58:57 +0000] "GET /root/Aktuelles/Bekanntmachungen/2._Quartal_2011--513.html HTTP/1.1" 200 16180 "http://www.kyffhaeuser.de/lrakyf/index.php?id=66" "Mozilla/5.0 (compatible; MSIE 9.0; Windows NT 6.1; WOW64; Trident/5.0)"
87.182.118.10 - - [28/Apr/2011:16:58:59 +0000] "GET /root/Aktuelles/Vergaben--501.html HTTP/1.1" 200 13033 "http://www.kyffhaeuser.de/lrakyf/index.php?id=513" "Mozilla/5.0 (compatible; MSIE 9.0; Windows NT 6.1; WOW64; Trident/5.0)"
87.182.118.10 - - [28/Apr/2011:16:59:33 +0000] "GET /root/Startseite--215.html HTTP/1.1" 200 62377 "" "Mozilla/5.0 (compatible; MSIE 9.0; Windows NT 6.1; WOW64; Trident/5.0)"
89.101.132.93 - - [28/Apr/2011:16:59:41 +0000] "GET /root/Startseite--215.html HTTP/1.1" 200 62377 "" "Mozilla/4.0 (compatible; MSIE 7.0; Windows NT 5.1; .NET CLR 1.1.4322; .NET CLR 2.0.50727; .NET CLR 3.0.4506.2152; .NET CLR 3.5.30729)"
87.182.118.10 - - [28/Apr/2011:16:59:42 +0000] "GET /root/Landkreis--85.html HTTP/1.1" 200 17985 "http://www.kyffhaeuser.de/lrakyf/index.php" "Mozilla/5.0 (compatible; MSIE 9.0; Windows NT 6.1; WOW64; Trident/5.0)"
87.182.118.10 - - [28/Apr/2011:16:59:45 +0000] "GET /root/Aktuelles--79.html HTTP/1.1" 200 26602 "http://www.kyffhaeuser.de/lrakyf/index.php?id=85" "Mozilla/5.0 (compatible; MSIE 9.0; Windows NT 6.1; WOW64; Trident/5.0)"
87.182.118.10 - - [28/Apr/2011:16:59:46 +0000] "GET /root/Startseite--215.html HTTP/1.1" 200 62377 "http://www.kyffhaeuser.de/lrakyf/index.php?id=79" "Mozilla/5.0 (compatible; MSIE 9.0; Windows NT 6.1; WOW64; Trident/5.0)"
87.182.118.10 - - [28/Apr/2011:16:59:57 +0000] "GET /root/MENUE_RECHTS/Wirtschaft___Verkehr--5.html HTTP/1.1" 200 18958 "http://www.kyffhaeuser.de/lrakyf/index.php?id=215" "Mozilla/5.0 (compatible; MSIE 9.0; Windows NT 6.1; WOW64; Trident/5.0)"
87.182.118.10 - - [28/Apr/2011:17:00:29 +0000] "GET /root/MENUE_RECHTS/Wirtschaft___Verkehr--5.html HTTP/1.1" 200 18958 "http://www.kyffhaeuser.de/lrakyf/index.php?id=215" "Mozilla/5.0 (compatible; MSIE 9.0; Windows NT 6.1; WOW64; Trident/5.0)"
87.182.118.10 - - [28/Apr/2011:17:00:31 +0000] "GET /root/MENUE_RECHTS/Wirtschaft___Verkehr--5.html HTTP/1.1" 200 18958 "http://www.kyffhaeuser.de/lrakyf/index.php?id=215" "Mozilla/5.0 (compatible; MSIE 9.0; Windows NT 6.1; WOW64; Trident/5.0)"
87.182.118.10 - - [28/Apr/2011:17:00:33 +0000] "GET /root/MENUE_RECHTS/Bildung___Schule--67.html HTTP/1.1" 200 21602 "http://www.kyffhaeuser.de/lrakyf/index.php?id=5" "Mozilla/5.0 (compatible; MSIE 9.0; Windows NT 6.1; WOW64; Trident/5.0)"
87.182.118.10 - - [28/Apr/2011:17:01:12 +0000] "GET /root/Startseite--215.html HTTP/1.1" 200 62377 "" "Mozilla/5.0 (compatible; MSIE 9.0; Windows NT 6.1; WOW64; Trident/5.0)"
87.182.118.10 - - [28/Apr/2011:17:02:04 +0000] "GET /root/Startseite--215.html HTTP/1.1" 200 62377 "" "Mozilla/5.0 (compatible; MSIE 9.0; Windows NT 6.1; WOW64; Trident/5.0)"
87.182.118.10 - - [28/Apr/2011:17:02:06 +0000] "GET /root/Startseite--215.html HTTP/1.1" 200 62377 "" "Mozilla/5.0 (compatible; MSIE 9.0; Windows NT 6.1; WOW64; Trident/5.0)"
87.182.118.10 - - [28/Apr/2011:17:02:30 +0000] "GET /root/Startseite--215.html HTTP/1.1" 200 62377 "" "Mozilla/5.0 (compatible; MSIE 9.0; Windows NT 6.1; WOW64; Trident/5.0)"
87.182.118.10 - - [28/Apr/2011:17:02:33 +0000] "GET /root/Startseite--215.html HTTP/1.1" 200 62377 "" "Mozilla/5.0 (compatible; MSIE 9.0; Windows NT 6.1; WOW64; Trident/5.0)"
87.182.118.10 - - [28/Apr/2011:17:02:35 +0000] "GET /root/Startseite--215.html HTTP/1.1" 200 62377 "" "Mozilla/5.0 (compatible; MSIE 9.0; Windows NT 6.1; WOW64; Trident/5.0)"
87.182.118.10 - - [28/Apr/2011:17:02:37 +0000] "GET /root/Startseite--215.html HTTP/1.1" 200 62377 "" "Mozilla/5.0 (compatible; MSIE 9.0; Windows NT 6.1; WOW64; Trident/5.0)"
87.182.118.10 - - [28/Apr/2011:17:03:03 +0000] "GET /root/Startseite--215.html HTTP/1.1" 200 62377 "" "Mozilla/5.0 (compatible; MSIE 9.0; Windows NT 6.1; WOW64; Trident/5.0)"
79.241.203.239 - - [28/Apr/2011:17:05:53 +0000] "GET /root/Landkreis/Orte_von_A-Z/Udersleben--366.html HTTP/1.1" 200 15238 "http://suche.t-online.de/fast-cgi/tsc?sr=ptoweb&q=Udersleben" "Mozilla/4.0 (compatible; MSIE 7.0; TOB 6.07; Windows NT 6.0; Trident/4.0; BTRS5727; GTB6.6; SLCC1; .NET CLR 2.0.50727; Media Center PC 5.0; .NET CLR 3.5.21022; .NET CLR 3.5.30729; .NET CLR 1.1.4322; .NET CLR 3.0.30729; .NET4.0C; AskTbSPC2/5.11.3.15590)"
66.249.72.204 - - [28/Apr/2011:17:05:40 +0000] "GET /root/Aktuelles/Pressemitteilungen/Mai_2009--467.html HTTP/1.1" 200 52869 "" "Mozilla/5.0 (compatible; Googlebot/2.1; +http://www.google.com/bot.html)"
91.1.214.29 - - [28/Apr/2011:17:07:40 +0000] "GET /root/Aktuelles/Stellenausschreibungen--436.html HTTP/1.1" 200 13864 "http://www.google.de/url?sa=t&source=web&cd=2&ved=0CCgQFjAB&url=http%3A%2F%2Fwww.kyffhaeuser.de%2Flrakyf%2Findex.php%3Fid%3D436&rct=j&q=www.%20kyffh%C3%A4user.de&ei=w4K5Tc_bAYX3sgb5oPHqAw&usg=AFQjCNH8SbgsXE8ib7IiJ8UdYTFa-zW8IA" "Mozilla/5.0 (Windows; U; Windows NT 6.0; de; rv:1.9.2.8) Gecko/20100722 Firefox/3.6.8 (.NET CLR 3.5.30729)"
87.182.118.10 - - [28/Apr/2011:17:07:52 +0000] "GET /root/Startseite--215.html HTTP/1.1" 200 62377 "" "Mozilla/5.0 (compatible; MSIE 9.0; Windows NT 6.1; Win64; x64; Trident/5.0)"
87.182.118.10 - - [28/Apr/2011:17:07:58 +0000] "GET /root/Startseite--215.html HTTP/1.1" 200 62377 "" "Mozilla/5.0 (compatible; MSIE 9.0; Windows NT 6.1; Win64; x64; Trident/5.0)"
87.182.118.10 - - [28/Apr/2011:17:07:59 +0000] "GET /root/Startseite--215.html HTTP/1.1" 200 62377 "" "Mozilla/5.0 (compatible; MSIE 9.0; Windows NT 6.1; Win64; x64; Trident/5.0)"
87.182.118.10 - - [28/Apr/2011:17:08:01 +0000] "GET /root/Startseite--215.html HTTP/1.1" 200 62377 "" "Mozilla/5.0 (compatible; MSIE 9.0; Windows NT 6.1; Win64; x64; Trident/5.0)"
87.182.118.10 - - [28/Apr/2011:17:08:03 +0000] "GET /root/MENUE_RECHTS/Wirtschaft___Verkehr--5.html HTTP/1.1" 200 18958 "http://www.kyffhaeuser.de/lrakyf/index.php" "Mozilla/5.0 (compatible; MSIE 9.0; Windows NT 6.1; Win64; x64; Trident/5.0)"
87.182.118.10 - - [28/Apr/2011:17:08:06 +0000] "GET /root/MENUE_RECHTS/Wirtschaft___Verkehr/Kyffh__user._Industriegebiet--14.html HTTP/1.1" 200 27438 "http://www.kyffhaeuser.de/lrakyf/index.php?id=5" "Mozilla/5.0 (compatible; MSIE 9.0; Windows NT 6.1; Win64; x64; Trident/5.0)"
87.182.118.10 - - [28/Apr/2011:17:08:18 +0000] "GET /root/Startseite--215.html HTTP/1.1" 200 62377 "http://www.kyffhaeuser.de/lrakyf/index.php?id=14" "Mozilla/5.0 (compatible; MSIE 9.0; Windows NT 6.1; Win64; x64; Trident/5.0)"
87.182.118.10 - - [28/Apr/2011:17:08:21 +0000] "GET /root/Startseite--215.html HTTP/1.1" 200 62377 "http://www.kyffhaeuser.de/lrakyf/index.php?id=14" "Mozilla/5.0 (compatible; MSIE 9.0; Windows NT 6.1; Win64; x64; Trident/5.0)"
66.249.72.204 - - [28/Apr/2011:17:09:42 +0000] "GET /root/MENUE_RECHTS/Wirtschaft___Verkehr/Gewerbe-_und_Indu.../GG_Sondershausen--103.html HTTP/1.1" 200 27139 "" "Mozilla/5.0 (compatible; Googlebot/2.1; +http://www.google.com/bot.html)"
87.182.118.10 - - [28/Apr/2011:17:09:52 +0000] "GET /root/Startseite--215.html HTTP/1.1" 200 62377 "http://www.kyffhaeuser.de/lrakyf/index.php?id=14" "Mozilla/5.0 (compatible; MSIE 9.0; Windows NT 6.1; Win64; x64; Trident/5.0)"
87.182.118.10 - - [28/Apr/2011:17:10:38 +0000] "GET /root/Startseite--215.html HTTP/1.1" 200 62377 "http://www.kyffhaeuser.de/lrakyf/index.php?id=215" "Mozilla/5.0 (compatible; MSIE 9.0; Windows NT 6.1; Win64; x64; Trident/5.0)"
87.182.118.10 - - [28/Apr/2011:17:11:33 +0000] "GET /root/Startseite--215.html HTTP/1.1" 200 62377 "http://www.kyffhaeuser.de/lrakyf/index.php?id=215" "Mozilla/5.0 (compatible; MSIE 9.0; Windows NT 6.1; Win64; x64; Trident/5.0)"
87.182.118.10 - - [28/Apr/2011:17:11:35 +0000] "GET /root/Aktuelles/Pressemitteilungen/April_2011--514.html HTTP/1.1" 200 72670 "http://www.kyffhaeuser.de/lrakyf/index.php?id=215" "Mozilla/5.0 (compatible; MSIE 9.0; Windows NT 6.1; Win64; x64; Trident/5.0)"
87.182.118.10 - - [28/Apr/2011:17:11:38 +0000] "GET /root/Startseite--215.html HTTP/1.1" 200 62377 "http://www.kyffhaeuser.de/lrakyf/index.php?id=514" "Mozilla/5.0 (compatible; MSIE 9.0; Windows NT 6.1; Win64; x64; Trident/5.0)"
207.46.204.169 - - [28/Apr/2011:17:11:59 +0000] "GET /root/Startseite--215.html HTTP/1.1" 200 62377 "" "Mozilla/4.0 (compatible; MSIE 8.0; Windows NT 5.1; Trident/5.0; SV1; .NET CLR 1.1.4325; .NET CLR 2.0.50727; .NET CLR 3.0.30729; .NET CLR 3.5.30707; MS-RTC LM 8)"
66.249.72.204 - - [28/Apr/2011:17:16:02 +0000] "GET /root/MENUE_RECHTS/Wirtschaft___Verkehr/Firmendarstellungen--398.html HTTP/1.1" 200 21000 "" "Mozilla/5.0 (compatible; Googlebot/2.1; +http://www.google.com/bot.html)"
87.182.118.10 - - [28/Apr/2011:17:16:46 +0000] "GET /root/Startseite--215.html HTTP/1.1" 200 54274 "http://www.kyffhaeuser.de/lrakyf/index.php?id=514" "Mozilla/5.0 (compatible; MSIE 9.0; Windows NT 6.1; Win64; x64; Trident/5.0)"
66.249.72.204 - - [28/Apr/2011:17:17:45 +0000] "GET /root/Landkreis/Orte_von_A-Z/Keula--285.html HTTP/1.1" 200 17237 "" "Mozilla/5.0 (compatible; Googlebot/2.1; +http://www.google.com/bot.html)"
207.46.13.135 - - [28/Apr/2011:17:19:01 +0000] "GET /root/MENUE_RECHTS/Jugend___Sport/Kyffh__userkreis.../B__ndnis_gegen_Rechts--391.html HTTP/1.1" 200 34819 "" "Mozilla/5.0 (compatible; bingbot/2.0; +http://www.bing.com/bingbot.htm)"
84.184.44.38 - - [28/Apr/2011:17:20:17 +0000] "GET /root/Startseite--215.html HTTP/1.1" 200 51949 "" "Mozilla/5.0 (Windows; U; Windows NT 6.0; de; rv:1.9.2.16) Gecko/20110319 Firefox/3.6.16"
84.184.44.38 - - [28/Apr/2011:17:20:59 +0000] "GET /root/Landkreis--85.html HTTP/1.1" 200 17985 "http://www.kyffhaeuser.de/lrakyf/index.php" "Mozilla/5.0 (Windows; U; Windows NT 6.0; de; rv:1.9.2.16) Gecko/20110319 Firefox/3.6.16"
87.182.97.192 - - [28/Apr/2011:17:21:05 +0000] "GET /root/Startseite--215.html HTTP/1.1" 200 51949 "" "Mozilla/4.0 (compatible; MSIE 8.0; Windows NT 6.0; Trident/4.0; GTB6; SLCC1; .NET CLR 2.0.50727; Media Center PC 5.0; eSobiSubscriber 2.0.4.16; .NET CLR 3.5.30729; InfoPath.2; .NET CLR 3.0.30729; .NET4.0C)"
66.249.72.204 - - [28/Apr/2011:17:21:46 +0000] "GET /root/Landkreis/Orte_von_A-Z/Rottleben--338.html HTTP/1.1" 200 19564 "" "Mozilla/5.0 (compatible; Googlebot/2.1; +http://www.google.com/bot.html)"
207.46.13.50 - - [28/Apr/2011:17:22:10 +0000] "GET /root/Startseite--215.html HTTP/1.1" 200 51949 "" "Mozilla/5.0 (compatible; bingbot/2.0; +http://www.bing.com/bingbot.htm)"
87.182.118.10 - - [28/Apr/2011:17:23:42 +0000] "GET /root/Startseite--215.html HTTP/1.1" 200 50849 "http://www.kyffhaeuser.de/lrakyf/index.php?id=514" "Mozilla/5.0 (compatible; MSIE 9.0; Windows NT 6.1; Win64; x64; Trident/5.0)"
87.182.118.10 - - [28/Apr/2011:17:25:10 +0000] "GET /root/Startseite--215.html HTTP/1.1" 200 48572 "http://www.kyffhaeuser.de/lrakyf/index.php?id=514" "Mozilla/5.0 (compatible; MSIE 9.0; Windows NT 6.1; Win64; x64; Trident/5.0)"
87.182.118.10 - - [28/Apr/2011:17:26:47 +0000] "GET /root/Aktuelles/Pressemitteilungen/April_2011--514.html HTTP/1.1" 200 72670 "http://www.kyffhaeuser.de/lrakyf/index.php?id=215" "Mozilla/5.0 (compatible; MSIE 9.0; Windows NT 6.1; Win64; x64; Trident/5.0)"
87.182.118.10 - - [28/Apr/2011:17:26:50 +0000] "GET /root/Startseite--215.html HTTP/1.1" 200 43941 "http://www.kyffhaeuser.de/lrakyf/index.php?id=514" "Mozilla/5.0 (compatible; MSIE 9.0; Windows NT 6.1; Win64; x64; Trident/5.0)"
87.182.118.10 - - [28/Apr/2011:17:29:56 +0000] "GET /root/Startseite--215.html HTTP/1.1" 200 37142 "http://www.kyffhaeuser.de/lrakyf/index.php?id=514" "Mozilla/5.0 (compatible; MSIE 9.0; Windows NT 6.1; Win64; x64; Trident/5.0)"
87.182.118.10 - - [28/Apr/2011:17:32:30 +0000] "GET /root/Aktuelles/Pressemitteilungen/September_2009--475.html HTTP/1.1" 200 54449 "" "Mozilla/5.0 (compatible; MSIE 9.0; Windows NT 6.1; WOW64; Trident/5.0)"
87.182.118.10 - - [28/Apr/2011:17:32:34 +0000] "GET /root/Aktuelles/Pressemitteilungen/Dezember_2010--507.html HTTP/1.1" 200 47719 "http://www.kyffhaeuser.de/lrakyf/index.php?id=475" "Mozilla/5.0 (compatible; MSIE 9.0; Windows NT 6.1; WOW64; Trident/5.0)"
87.182.118.10 - - [28/Apr/2011:17:32:36 +0000] "GET /root/Aktuelles/Pressemitteilungen/November_2010--504.html HTTP/1.1" 200 53590 "http://www.kyffhaeuser.de/lrakyf/index.php?id=507" "Mozilla/5.0 (compatible; MSIE 9.0; Windows NT 6.1; WOW64; Trident/5.0)"
91.1.241.61 - - [28/Apr/2011:17:32:37 +0000] "GET /root/B__rgerservice/B__rgerservice__KFZ-_Zulassung--268.html HTTP/1.1" 200 18183 "http://www.google.de/search?aq=f&sourceid=chrome&ie=UTF-8&q=kfz%40kyffhaeuser.de" "Mozilla/5.0 (Windows; U; Windows NT 6.0; en-US) AppleWebKit/534.16 (KHTML, like Gecko) Chrome/10.0.648.204 Safari/534.16"
87.182.118.10 - - [28/Apr/2011:17:32:39 +0000] "GET /root/Aktuelles/Pressemitteilungen/Januar_2011--508.html HTTP/1.1" 200 81103 "http://www.kyffhaeuser.de/lrakyf/index.php?id=504" "Mozilla/5.0 (compatible; MSIE 9.0; Windows NT 6.1; WOW64; Trident/5.0)"
66.249.72.204 - - [28/Apr/2011:17:33:51 +0000] "GET /root/Landkreis/St__dte_/Ebeleben--295.html HTTP/1.1" 200 19454 "" "Mozilla/5.0 (compatible; Googlebot/2.1; +http://www.google.com/bot.html)"
87.182.118.10 - - [28/Apr/2011:17:34:47 +0000] "GET /root/Aktuelles--79.html HTTP/1.1" 200 26602 "http://www.kyffhaeuser.de/lrakyf/index.php?id=215" "Mozilla/5.0 (compatible; MSIE 9.0; Windows NT 6.1; Win64; x64; Trident/5.0)"
87.182.118.10 - - [28/Apr/2011:17:34:50 +0000] "GET /root/Aktuelles/Ausschreibungen--183.html HTTP/1.1" 200 16993 "http://www.kyffhaeuser.de/lrakyf/index.php?id=79" "Mozilla/5.0 (compatible; MSIE 9.0; Windows NT 6.1; Win64; x64; Trident/5.0)"
87.182.118.10 - - [28/Apr/2011:17:34:51 +0000] "GET /root/Aktuelles/Pressemitteilungen--63.html HTTP/1.1" 200 13916 "http://www.kyffhaeuser.de/lrakyf/index.php?id=183" "Mozilla/5.0 (compatible; MSIE 9.0; Windows NT 6.1; Win64; x64; Trident/5.0)"
87.182.118.10 - - [28/Apr/2011:17:34:54 +0000] "GET /root/Aktuelles/Pressemitteilungen/Archiv--65.html HTTP/1.1" 200 26133 "http://www.kyffhaeuser.de/lrakyf/index.php?id=63" "Mozilla/5.0 (compatible; MSIE 9.0; Windows NT 6.1; Win64; x64; Trident/5.0)"
87.182.118.10 - - [28/Apr/2011:17:34:59 +0000] "GET /root/Aktuelles/Pressemitteilungen/Dezember_2010--507.html HTTP/1.1" 200 47395 "http://www.kyffhaeuser.de/lrakyf/index.php?id=65" "Mozilla/5.0 (compatible; MSIE 9.0; Windows NT 6.1; Win64; x64; Trident/5.0)"
87.182.118.10 - - [28/Apr/2011:17:35:02 +0000] "GET /root/Aktuelles/Pressemitteilungen/Archiv--65.html HTTP/1.1" 200 26133 "http://www.kyffhaeuser.de/lrakyf/index.php?id=63" "Mozilla/5.0 (compatible; MSIE 9.0; Windows NT 6.1; Win64; x64; Trident/5.0)"
87.182.118.10 - - [28/Apr/2011:17:35:04 +0000] "GET /root/Aktuelles/Pressemitteilungen/November_2010--504.html HTTP/1.1" 200 53266 "http://www.kyffhaeuser.de/lrakyf/index.php?id=65" "Mozilla/5.0 (compatible; MSIE 9.0; Windows NT 6.1; Win64; x64; Trident/5.0)"
87.182.118.10 - - [28/Apr/2011:17:36:33 +0000] "GET /root/Aktuelles/Pressemitteilungen--63.html HTTP/1.1" 200 14000 "http://www.kyffhaeuser.de/lrakyf/index.php?id=504" "Mozilla/5.0 (compatible; MSIE 9.0; Windows NT 6.1; Win64; x64; Trident/5.0)"
87.182.118.10 - - [28/Apr/2011:17:36:35 +0000] "GET /root/Aktuelles/Pressemitteilungen/Mai_2011--515.html HTTP/1.1" 200 13663 "http://www.kyffhaeuser.de/lrakyf/index.php?id=63" "Mozilla/5.0 (compatible; MSIE 9.0; Windows NT 6.1; Win64; x64; Trident/5.0)"
87.182.118.10 - - [28/Apr/2011:17:36:37 +0000] "GET /root/Aktuelles/Pressemitteilungen/April_2011--514.html HTTP/1.1" 200 72566 "http://www.kyffhaeuser.de/lrakyf/index.php?id=515" "Mozilla/5.0 (compatible; MSIE 9.0; Windows NT 6.1; Win64; x64; Trident/5.0)"
87.182.118.10 - - [28/Apr/2011:17:36:41 +0000] "GET /root/Aktuelles/Pressemitteilungen/April_2011--514.html HTTP/1.1" 200 72566 "http://www.kyffhaeuser.de/lrakyf/index.php?id=514" "Mozilla/5.0 (compatible; MSIE 9.0; Windows NT 6.1; Win64; x64; Trident/5.0)"
87.182.118.10 - - [28/Apr/2011:17:36:44 +0000] "GET /root/Aktuelles/Pressemitteilungen/M__rz_2011--511.html HTTP/1.1" 200 37245 "http://www.kyffhaeuser.de/lrakyf/index.php?id=514" "Mozilla/5.0 (compatible; MSIE 9.0; Windows NT 6.1; Win64; x64; Trident/5.0)"
87.182.118.10 - - [28/Apr/2011:17:36:49 +0000] "GET /root/Aktuelles/Pressemitteilungen/April_2011--514.html HTTP/1.1" 200 72566 "http://www.kyffhaeuser.de/lrakyf/index.php?id=511" "Mozilla/5.0 (compatible; MSIE 9.0; Windows NT 6.1; Win64; x64; Trident/5.0)"
87.182.118.10 - - [28/Apr/2011:17:36:51 +0000] "GET /root/Aktuelles/Pressemitteilungen/Mai_2011--515.html HTTP/1.1" 200 13663 "http://www.kyffhaeuser.de/lrakyf/index.php?id=514" "Mozilla/5.0 (compatible; MSIE 9.0; Windows NT 6.1; Win64; x64; Trident/5.0)"
87.182.118.10 - - [28/Apr/2011:17:36:55 +0000] "GET /root/Aktuelles/Pressemitteilungen/Archiv--65.html HTTP/1.1" 200 26406 "http://www.kyffhaeuser.de/lrakyf/index.php?id=515" "Mozilla/5.0 (compatible; MSIE 9.0; Windows NT 6.1; Win64; x64; Trident/5.0)"
87.182.118.10 - - [28/Apr/2011:17:36:57 +0000] "GET /root/Aktuelles/Pressemitteilungen/Mai_2011--515.html HTTP/1.1" 200 13663 "http://www.kyffhaeuser.de/lrakyf/index.php?id=65" "Mozilla/5.0 (compatible; MSIE 9.0; Windows NT 6.1; Win64; x64; Trident/5.0)"
87.182.118.10 - - [28/Apr/2011:17:37:48 +0000] "GET /root/Aktuelles/Pressemitteilungen/Mai_2011--515.html HTTP/1.1" 200 13952 "http://www.kyffhaeuser.de/lrakyf/index.php?id=65" "Mozilla/5.0 (compatible; MSIE 9.0; Windows NT 6.1; Win64; x64; Trident/5.0)"
66.249.72.204 - - [28/Apr/2011:17:37:52 +0000] "GET /root/Landkreis/Orte_von_A-Z/Oberheldrungen--322.html HTTP/1.1" 200 16920 "" "Mozilla/5.0 (compatible; Googlebot/2.1; +http://www.google.com/bot.html)"
87.182.118.10 - - [28/Apr/2011:17:37:55 +0000] "GET /root/Aktuelles/Pressemitteilungen/April_2011--514.html HTTP/1.1" 200 72566 "http://www.kyffhaeuser.de/lrakyf/index.php?id=515" "Mozilla/5.0 (compatible; MSIE 9.0; Windows NT 6.1; Win64; x64; Trident/5.0)"
87.182.118.10 - - [28/Apr/2011:17:38:02 +0000] "GET /root/Aktuelles/Pressemitteilungen/Mai_2011--515.html HTTP/1.1" 200 13952 "http://www.kyffhaeuser.de/lrakyf/index.php?id=514" "Mozilla/5.0 (compatible; MSIE 9.0; Windows NT 6.1; Win64; x64; Trident/5.0)"
87.182.118.10 - - [28/Apr/2011:17:38:05 +0000] "GET /root/Aktuelles/Pressemitteilungen/April_2011--514.html HTTP/1.1" 200 72566 "http://www.kyffhaeuser.de/lrakyf/index.php?id=515" "Mozilla/5.0 (compatible; MSIE 9.0; Windows NT 6.1; Win64; x64; Trident/5.0)"
87.182.118.10 - - [28/Apr/2011:17:38:07 +0000] "GET /root/Aktuelles/Pressemitteilungen/Mai_2011--515.html HTTP/1.1" 200 13952 "http://www.kyffhaeuser.de/lrakyf/index.php?id=514" "Mozilla/5.0 (compatible; MSIE 9.0; Windows NT 6.1; Win64; x64; Trident/5.0)"
87.182.118.10 - - [28/Apr/2011:17:38:09 +0000] "GET /root/Aktuelles/Pressemitteilungen/April_2011--514.html HTTP/1.1" 200 72566 "http://www.kyffhaeuser.de/lrakyf/index.php?id=515" "Mozilla/5.0 (compatible; MSIE 9.0; Windows NT 6.1; Win64; x64; Trident/5.0)"
87.182.118.10 - - [28/Apr/2011:17:38:12 +0000] "GET /root/Aktuelles/Pressemitteilungen/Mai_2011--515.html HTTP/1.1" 200 13952 "http://www.kyffhaeuser.de/lrakyf/index.php?id=514" "Mozilla/5.0 (compatible; MSIE 9.0; Windows NT 6.1; Win64; x64; Trident/5.0)"
87.182.118.10 - - [28/Apr/2011:17:38:17 +0000] "GET /root/Aktuelles/Pressemitteilungen/April_2011--514.html HTTP/1.1" 200 72566 "http://www.kyffhaeuser.de/lrakyf/index.php?id=515" "Mozilla/5.0 (compatible; MSIE 9.0; Windows NT 6.1; Win64; x64; Trident/5.0)"
87.182.118.10 - - [28/Apr/2011:17:38:23 +0000] "GET /root/Aktuelles/Pressemitteilungen/Mai_2011--515.html HTTP/1.1" 200 13952 "http://www.kyffhaeuser.de/lrakyf/index.php?id=514" "Mozilla/5.0 (compatible; MSIE 9.0; Windows NT 6.1; Win64; x64; Trident/5.0)"
87.182.118.10 - - [28/Apr/2011:17:39:22 +0000] "GET /root/Startseite--215.html HTTP/1.1" 200 36063 "http://www.kyffhaeuser.de/lrakyf/index.php?id=515" "Mozilla/5.0 (compatible; MSIE 9.0; Windows NT 6.1; Win64; x64; Trident/5.0)"
66.249.72.204 - - [28/Apr/2011:17:41:54 +0000] "GET /root/MENUE_RECHTS/Wirtschaft___Verkehr/Gewerbe-_und_Indu.../IGG_Ro__leben--199.html HTTP/1.1" 200 27638 "" "Mozilla/5.0 (compatible; Googlebot/2.1; +http://www.google.com/bot.html)"
67.195.115.40 - - [28/Apr/2011:17:42:42 +0000] "GET /root/Landkreis/Orte_von_A-Z/Hachelbich--273.html HTTP/1.1" 200 22499 "" "Mozilla/5.0 (compatible; Yahoo! Slurp; http://help.yahoo.com/help/us/ysearch/slurp)"
195.145.245.92 - - [28/Apr/2011:17:44:07 +0000] "GET /root/Startseite--215.html HTTP/1.1" 200 36063 "" "Mozilla/4.0 (compatible; MSIE 6.0; Windows NT 5.1; SV1; .NET CLR 1.1.4322)"
79.214.194.239 - - [28/Apr/2011:17:45:02 +0000] "GET /root/Aktuelles/Stellenausschreibungen--436.html HTTP/1.1" 200 13864 "" "Mozilla/4.0 (compatible; MSIE 8.0; Windows NT 6.0; Trident/4.0; (webde/1.1.0.21); SLCC1; .NET CLR 2.0.50727; Media Center PC 5.0; .NET CLR 3.5.30729; InfoPath.2; .NET CLR 3.0.30729; Zune 4.7)"
79.214.194.239 - - [28/Apr/2011:17:45:09 +0000] "GET /root/Aktuelles/Vergaben--501.html HTTP/1.1" 200 13033 "http://www.kyffhaeuser.de/lrakyf/index.php?id=436" "Mozilla/4.0 (compatible; MSIE 8.0; Windows NT 6.0; Trident/4.0; (webde/1.1.0.21); SLCC1; .NET CLR 2.0.50727; Media Center PC 5.0; .NET CLR 3.5.30729; InfoPath.2; .NET CLR 3.0.30729; Zune 4.7)"
79.214.194.239 - - [28/Apr/2011:17:45:11 +0000] "GET /root/Aktuelles/Stellenausschreibungen--436.html HTTP/1.1" 200 13864 "http://www.kyffhaeuser.de/lrakyf/index.php?id=501" "Mozilla/4.0 (compatible; MSIE 8.0; Windows NT 6.0; Trident/4.0; (webde/1.1.0.21); SLCC1; .NET CLR 2.0.50727; Media Center PC 5.0; .NET CLR 3.5.30729; InfoPath.2; .NET CLR 3.0.30729; Zune 4.7)"
84.184.44.38 - - [28/Apr/2011:17:45:24 +0000] "GET /root/MENUE_RECHTS/Bildung___Schule--67.html HTTP/1.1" 200 21602 "http://www.kyffhaeuser.de/lrakyf/index.php?id=85" "Mozilla/5.0 (Windows; U; Windows NT 6.0; de; rv:1.9.2.16) Gecko/20110319 Firefox/3.6.16"
84.184.44.38 - - [28/Apr/2011:17:45:26 +0000] "GET /root/MENUE_RECHTS/Bildung___Schule/Lernen_vor_Ort--512.html HTTP/1.1" 200 18816 "http://www.kyffhaeuser.de/lrakyf/index.php?id=67" "Mozilla/5.0 (Windows; U; Windows NT 6.0; de; rv:1.9.2.16) Gecko/20110319 Firefox/3.6.16"
84.184.44.38 - - [28/Apr/2011:17:45:35 +0000] "GET /root/Startseite--215.html HTTP/1.1" 200 36063 "" "Mozilla/5.0 (Windows; U; Windows NT 6.0; de; rv:1.9.2.17) Gecko/20110414 Firefox/3.6.17 ( .NET CLR 3.5.30729)"
66.249.72.204 - - [28/Apr/2011:17:45:55 +0000] "GET /root/Aktuelles/Bekanntmachungen/1._Quartal_2010--486.html HTTP/1.1" 200 15870 "" "Mozilla/5.0 (compatible; Googlebot/2.1; +http://www.google.com/bot.html)"
87.182.118.10 - - [28/Apr/2011:17:46:37 +0000] "GET /root/B__rgerservice--86.html HTTP/1.1" 200 19149 "http://www.kyffhaeuser.de/lrakyf/index.php?id=215" "Mozilla/5.0 (compatible; MSIE 9.0; Windows NT 6.1; Win64; x64; Trident/5.0)"
87.182.118.10 - - [28/Apr/2011:17:46:49 +0000] "GET /root/B__rgerservice--86.html HTTP/1.1" 200 19149 "http://www.kyffhaeuser.de/lrakyf/index.php?id=215" "Mozilla/5.0 (compatible; MSIE 9.0; Windows NT 6.1; Win64; x64; Trident/5.0)"
87.182.118.10 - - [28/Apr/2011:17:46:50 +0000] "GET /root/B__rgerservice--86.html HTTP/1.1" 200 19149 "http://www.kyffhaeuser.de/lrakyf/index.php?id=215" "Mozilla/5.0 (compatible; MSIE 9.0; Windows NT 6.1; Win64; x64; Trident/5.0)"
87.182.118.10 - - [28/Apr/2011:17:46:52 +0000] "GET /root/Tourismus___Kultur--12.html HTTP/1.1" 200 33113 "http://www.kyffhaeuser.de/lrakyf/index.php?id=86" "Mozilla/5.0 (compatible; MSIE 9.0; Windows NT 6.1; Win64; x64; Trident/5.0)"
87.182.118.10 - - [28/Apr/2011:17:46:54 +0000] "GET /root/Tourismus___Kultur/Aktuelle_Veranstaltungen--286.html HTTP/1.1" 200 21628 "http://www.kyffhaeuser.de/lrakyf/index.php?id=12" "Mozilla/5.0 (compatible; MSIE 9.0; Windows NT 6.1; Win64; x64; Trident/5.0)"
66.249.72.204 - - [28/Apr/2011:17:49:57 +0000] "GET /root/Landkreis/St__dte_/Wiehe--292.html HTTP/1.1" 200 20090 "" "Mozilla/5.0 (compatible; Googlebot/2.1; +http://www.google.com/bot.html)"
67.195.115.40 - - [28/Apr/2011:17:51:19 +0000] "GET /root/MENUE_RECHTS/Wirtschaft___Verkehr/IHK___HWK-_Informationen--97.html HTTP/1.1" 200 41746 "" "Mozilla/5.0 (compatible; Yahoo! Slurp; http://help.yahoo.com/help/us/ysearch/slurp)"
207.46.199.45 - - [28/Apr/2011:17:52:39 +0000] "GET /root/MENUE_RECHTS/Wirtschaft___Verkehr/Firmendatenbank/Firmendatenbank--195.html HTTP/1.1" 200 19904 "" "Mozilla/5.0 (compatible; bingbot/2.0; +http://www.bing.com/bingbot.htm)"
213.83.49.58 - - [28/Apr/2011:17:53:20 +0000] "GET /root/MENUE_RECHTS/Jugend___Sport/Kyffh__userkreis_f__r_Demokrat--390.html HTTP/1.1" 200 23983 "" "Mozilla/5.0 (X11; Linux x86_64) AppleWebKit/534.24 (KHTML, like Gecko) Ubuntu/10.10 Chromium/12.0.703.0 Chrome/12.0.703.0 Safari/534.24"
66.249.72.204 - - [28/Apr/2011:17:53:58 +0000] "GET /root/MENUE_RECHTS/Bildung___Schule/Musikschule/Carl-Schroeder-Wettbewerb--450.html HTTP/1.1" 200 24073 "" "Mozilla/5.0 (compatible; Googlebot/2.1; +http://www.google.com/bot.html)"
87.182.118.10 - - [28/Apr/2011:17:54:23 +0000] "GET /root/Tourismus___Kultur/Aktuelle_Veranstaltungen--286.html HTTP/1.1" 200 24835 "http://www.kyffhaeuser.de/lrakyf/index.php?id=12" "Mozilla/5.0 (compatible; MSIE 9.0; Windows NT 6.1; Win64; x64; Trident/5.0)"
87.182.118.10 - - [28/Apr/2011:17:56:09 +0000] "GET /root/Tourismus___Kultur/Aktuelle_Veranstaltungen--286.html HTTP/1.1" 200 24835 "http://www.kyffhaeuser.de/lrakyf/index.php?id=12" "Mozilla/5.0 (compatible; MSIE 9.0; Windows NT 6.1; Win64; x64; Trident/5.0)"
87.182.118.10 - - [28/Apr/2011:17:56:58 +0000] "GET /root/Tourismus___Kultur/Aktuelle_Veranstaltungen--286.html HTTP/1.1" 200 21628 "http://www.kyffhaeuser.de/lrakyf/index.php?id=12" "Mozilla/5.0 (compatible; MSIE 9.0; Windows NT 6.1; Win64; x64; Trident/5.0)"
178.5.4.180 - - [28/Apr/2011:17:57:01 +0000] "GET /root/MENUE_RECHTS/Wirtschaft___Verkehr/Autobahnbau_A_38___A_71_--296.html HTTP/1.1" 200 584 "http://www.google.de/url?sa=t&source=web&cd=13&ved=0CGkQFjAM&url=http%3A%2F%2Fwww.kyffhaeuser.de%2Flrakyf%2Findex.php%3Fid%3D296&rct=j&q=a%2071&ei=Ko65Td7bCo6Sswbd16zrAw&usg=AFQjCNFdpyRfLEXGO-iIKPrBEdytfHfOXA" "Mozilla/5.0 (Windows; U; Windows NT 5.1; de; rv:1.9.2.16) Gecko/20110319 Firefox/3.6.16"
178.5.4.180 - - [28/Apr/2011:17:57:02 +0000] "GET /root/MENUE_RECHTS/Wirtschaft___Verkehr/Autobahnbau_A_38___A_71_--296.html HTTP/1.1" 200 584 "http://www.google.de/url?sa=t&source=web&cd=13&ved=0CGkQFjAM&url=http%3A%2F%2Fwww.kyffhaeuser.de%2Flrakyf%2Findex.php%3Fid%3D296&rct=j&q=a%2071&ei=Ko65Td7bCo6Sswbd16zrAw&usg=AFQjCNFdpyRfLEXGO-iIKPrBEdytfHfOXA" "Mozilla/5.0 (Windows; U; Windows NT 5.1; de; rv:1.9.2.16) Gecko/20110319 Firefox/3.6.16"
178.5.4.180 - - [28/Apr/2011:17:56:55 +0000] "GET /root/MENUE_RECHTS/Wirtschaft___Verkehr/Autobahnbau_A_38___A_71_--296.html HTTP/1.1" 200 17932 "http://www.google.de/url?sa=t&source=web&cd=13&ved=0CGkQFjAM&url=http%3A%2F%2Fwww.kyffhaeuser.de%2Flrakyf%2Findex.php%3Fid%3D296&rct=j&q=a%2071&ei=Ko65Td7bCo6Sswbd16zrAw&usg=AFQjCNFdpyRfLEXGO-iIKPrBEdytfHfOXA" "Mozilla/5.0 (Windows; U; Windows NT 5.1; de; rv:1.9.2.16) Gecko/20110319 Firefox/3.6.16"
217.88.173.239 - - [28/Apr/2011:17:57:18 +0000] "GET /root/MENUE_RECHTS/Wirtschaft___Verkehr/Autobahnbau_A_38___A_71_--296.html HTTP/1.1" 200 17932 "http://www.google.de/search?hl=de&client=firefox-a&hs=lSU&rlz=1R1GGLL_de___DE392&q=adac+autobahnneubau+a71&aq=f&aqi=&aql=&oq=" "Mozilla/5.0 (Windows; U; Windows NT 5.1; de; rv:1.9.2.6) Gecko/20100625 Firefox/4.0 (de) Anonymisiert durch AlMiSoft Browser-Maulkorb 45181750"
66.249.72.204 - - [28/Apr/2011:17:58:00 +0000] "GET /root/Tourismus___Kultur/Kulturvereine/Theater-__Musikvereine--221.html HTTP/1.1" 200 15606 "" "Mozilla/5.0 (compatible; Googlebot/2.1; +http://www.google.com/bot.html)"
77.189.81.124 - - [28/Apr/2011:17:58:02 +0000] "GET /root/Landkreis/Orte_von_A-Z/Rottleben--338.html HTTP/1.1" 200 19564 "" "Mozilla/5.0 (Windows; U; Windows NT 5.1; en-US; rv:1.8.1.13) Gecko/20080311 Firefox/2.0.0.13"
67.195.115.40 - - [28/Apr/2011:17:59:17 +0000] "GET /root/MENUE_RECHTS/Wirtschaft___Verkehr/Gewerbe-_und_Indu.../IGG_Greussen--108.html HTTP/1.1" 200 27923 "" "Mozilla/5.0 (compatible; Yahoo! Slurp; http://help.yahoo.com/help/us/ysearch/slurp)"
77.13.116.106 - - [28/Apr/2011:17:59:27 +0000] "GET /root/B__rgerservice/Veterin__ramt___Lebensmittel__--167.html HTTP/1.1" 200 22102 "http://www.google.de/url?sa=t&source=web&cd=1&ved=0CCIQFjAA&url=http%3A%2F%2Fwww.kyffhaeuser.de%2Flrakyf%2Findex.php%3Fid%3D167&rct=j&q=lebensmittel%20741&ei=5465TffSG8TGswa8jsTrAw&usg=AFQjCNG66Ec6qijKtHuheGjRaXsWt2sEJA" "Mozilla/5.0 (Windows; U; Windows NT 6.1; de; rv:1.9.2.16) Gecko/20110319 Firefox/3.6.16"
90.186.0.22 - - [28/Apr/2011:17:59:50 +0000] "GET /root/B__rgerservice/Dienststelle_Artern--164.html HTTP/1.1" 200 27937 "http://www.google.de/search?q=zulassungsstelle+artern+%C3%B6ffnungszeiten&ie=UTF-8&oe=UTF-8&hl=de&client=safari" "Mozilla/5.0 (iPhone; U; CPU iPhone OS 4_3_1 like Mac OS X; de-de) AppleWebKit/533.17.9 (KHTML, like Gecko) Version/5.0.2 Mobile/8G4 Safari/6533.18.5"
66.249.72.204 - - [28/Apr/2011:18:02:01 +0000] "GET /root/Landkreis/Orte_von_A-Z/Dietenborn--242.html HTTP/1.1" 200 17864 "" "Mozilla/5.0 (compatible; Googlebot/2.1; +http://www.google.com/bot.html)"
87.182.118.10 - - [28/Apr/2011:18:04:30 +0000] "GET /root/Tourismus___Kultur/Aktuelle_Veranstaltungen--286.html HTTP/1.1" 200 22154 "http://www.kyffhaeuser.de/lrakyf/index.php?id=12" "Mozilla/5.0 (compatible; MSIE 9.0; Windows NT 6.1; Win64; x64; Trident/5.0)"
66.249.72.204 - - [28/Apr/2011:18:06:03 +0000] "GET /root/Soziales___Gesund.../Selbsthilfegruppen/Demenzkranke--217.html HTTP/1.1" 200 14665 "" "Mozilla/5.0 (compatible; Googlebot/2.1; +http://www.google.com/bot.html)"
84.184.118.55 - - [28/Apr/2011:18:06:11 +0000] "GET /root/Tourismus___Kultur/Kulturvereine/Geschichts-__Heimatvereine--218.html HTTP/1.1" 200 21291 "http://www.google.de/url?sa=t&source=web&cd=1&ved=0CBkQFjAA&url=http%3A%2F%2Fwww.kyffhaeuser.de%2Flrakyf%2Findex.php%3Fid%3D218&rct=j&q=heimatverein%20jechaburg&ei=c5C5TZ7eHIzItAag5YnrAw&usg=AFQjCNHmnHC20T_Rm_AgMS94Uj5ZC_G_Cg" "Mozilla/5.0 (Windows; U; Windows NT 5.1; de; rv:1.9.2.16) Gecko/20110319 Firefox/3.6.16 (.NET CLR 3.5.30729)"
66.249.72.204 - - [28/Apr/2011:18:10:04 +0000] "GET /root/Landkreis/Orte_von_A-Z/Borxleben--226.html HTTP/1.1" 200 18284 "" "Mozilla/5.0 (compatible; Googlebot/2.1; +http://www.google.com/bot.html)"
87.182.118.10 - - [28/Apr/2011:18:12:09 +0000] "GET /root/Tourismus___Kultur/Aktuelle_Veranstaltungen--286.html HTTP/1.1" 200 26383 "http://www.kyffhaeuser.de/lrakyf/index.php?id=12" "Mozilla/5.0 (compatible; MSIE 9.0; Windows NT 6.1; Win64; x64; Trident/5.0)"
87.182.118.10 - - [28/Apr/2011:18:13:12 +0000] "GET /root/Tourismus___Kultur/Aktuelle_Veranstaltungen--286.html HTTP/1.1" 200 26400 "http://www.kyffhaeuser.de/lrakyf/index.php?id=12" "Mozilla/5.0 (compatible; MSIE 9.0; Windows NT 6.1; Win64; x64; Trident/5.0)"
67.195.115.40 - - [28/Apr/2011:18:18:00 +0000] "GET /root/Tourismus___Kultur/KULTouren/Burgen_und_Schl__sser--380.html HTTP/1.1" 200 14886 "" "Mozilla/5.0 (compatible; Yahoo! Slurp; http://help.yahoo.com/help/us/ysearch/slurp)"
66.249.72.204 - - [28/Apr/2011:18:18:07 +0000] "GET /root/Tourismus___Kultur/Kulturvereine/Literatur-__Kunstvereine--220.html HTTP/1.1" 200 16946 "" "Mozilla/5.0 (compatible; Googlebot/2.1; +http://www.google.com/bot.html)"
87.182.118.10 - - [28/Apr/2011:18:21:34 +0000] "GET /root/Tourismus___Kultur/Aktuelle_Veranstaltungen--286.html HTTP/1.1" 200 23047 "http://www.kyffhaeuser.de/lrakyf/index.php?id=12" "Mozilla/5.0 (compatible; MSIE 9.0; Windows NT 6.1; Win64; x64; Trident/5.0)"
66.249.72.204 - - [28/Apr/2011:18:22:09 +0000] "GET /root/Landkreis/Orte_von_A-Z/Seega--343.html HTTP/1.1" 200 15358 "" "Mozilla/5.0 (compatible; Googlebot/2.1; +http://www.google.com/bot.html)"
66.249.72.204 - - [28/Apr/2011:18:24:44 +0000] "GET /root/Startseite--215.html HTTP/1.1" 200 36063 "" "Mozilla/5.0 (compatible; Googlebot/2.1; +http://www.google.com/bot.html)"
207.46.13.87 - - [28/Apr/2011:18:25:30 +0000] "GET /root/Landkreis/Orte_von_A-Z/Obertopfstedt--324.html HTTP/1.1" 200 16948 "" "Mozilla/5.0 (compatible; bingbot/2.0; +http://www.bing.com/bingbot.htm)"
87.182.118.10 - - [28/Apr/2011:18:26:49 +0000] "GET /root/Tourismus___Kultur/Aktuelle_Veranstaltungen--286.html HTTP/1.1" 200 26612 "http://www.kyffhaeuser.de/lrakyf/index.php?id=12" "Mozilla/5.0 (compatible; MSIE 9.0; Windows NT 6.1; Win64; x64; Trident/5.0)"
87.182.118.10 - - [28/Apr/2011:18:27:57 +0000] "GET /root/Tourismus___Kultur/Aktuelle_Veranstaltungen--286.html HTTP/1.1" 200 26864 "http://www.kyffhaeuser.de/lrakyf/index.php?id=12" "Mozilla/5.0 (compatible; MSIE 9.0; Windows NT 6.1; Win64; x64; Trident/5.0)"
87.182.118.10 - - [28/Apr/2011:18:28:36 +0000] "GET /root/Tourismus___Kultur/Aktuelle_Veranstaltungen--286.html HTTP/1.1" 200 26864 "http://www.kyffhaeuser.de/lrakyf/index.php?id=12" "Mozilla/5.0 (compatible; MSIE 9.0; Windows NT 6.1; Win64; x64; Trident/5.0)"
66.249.72.204 - - [28/Apr/2011:18:30:12 +0000] "GET /root/Landkreis/Orte_von_A-Z/Oldisleben--325.html HTTP/1.1" 200 20130 "" "Mozilla/5.0 (compatible; Googlebot/2.1; +http://www.google.com/bot.html)"
67.195.115.40 - - [28/Apr/2011:18:30:26 +0000] "GET /root/B__rgerservice/Kreisvolkshochschule--181.html HTTP/1.1" 200 19364 "" "Mozilla/5.0 (compatible; Yahoo! Slurp; http://help.yahoo.com/help/us/ysearch/slurp)"
87.182.118.10 - - [28/Apr/2011:18:31:13 +0000] "GET /root/Aktuelles--79.html HTTP/1.1" 200 26602 "http://www.kyffhaeuser.de/lrakyf/index.php?id=286" "Mozilla/5.0 (compatible; MSIE 9.0; Windows NT 6.1; Win64; x64; Trident/5.0)"
87.182.118.10 - - [28/Apr/2011:18:31:15 +0000] "GET /root/Aktuelles/Baustellen_im_Landkreis--264.html HTTP/1.1" 200 19923 "http://www.kyffhaeuser.de/lrakyf/index.php?id=79" "Mozilla/5.0 (compatible; MSIE 9.0; Windows NT 6.1; Win64; x64; Trident/5.0)"
66.249.72.204 - - [28/Apr/2011:18:34:13 +0000] "GET /root/Aktuelles/Pressemitteilungen/Juni_2007--312.html HTTP/1.1" 200 50446 "" "Mozilla/5.0 (compatible; Googlebot/2.1; +http://www.google.com/bot.html)"
84.184.138.176 - - [28/Apr/2011:18:36:13 +0000] "GET /root/B__rgerservice/Landratsamt--427.html HTTP/1.1" 200 26870 "http://www.google.de/search?hl=de&client=firefox-a&hs=YP&rls=org.mozilla%3Ade%3Aofficial&channel=np&q=landratsamt+kyffh%C3%A4userkreis&aq=0&aqi=g10&aql=&oq=landratsamt+k" "Mozilla/5.0 (Windows NT 6.1; WOW64; rv:2.0) Gecko/20100101 Firefox/4.0"
87.182.118.10 - - [28/Apr/2011:18:38:01 +0000] "GET /root/Aktuelles/Baustellen_im_Landkreis--264.html HTTP/1.1" 200 18916 "http://www.kyffhaeuser.de/lrakyf/index.php?id=79" "Mozilla/5.0 (compatible; MSIE 9.0; Windows NT 6.1; Win64; x64; Trident/5.0)"
66.249.72.204 - - [28/Apr/2011:18:38:15 +0000] "GET /root/Landkreis/Orte_von_A-Z/Gundersleben--271.html HTTP/1.1" 200 17012 "" "Mozilla/5.0 (compatible; Googlebot/2.1; +http://www.google.com/bot.html)"
87.182.118.10 - - [28/Apr/2011:18:40:31 +0000] "GET /root/Aktuelles/Baustellen_im_Landkreis--264.html HTTP/1.1" 200 18986 "http://www.kyffhaeuser.de/lrakyf/index.php?id=79" "Mozilla/5.0 (compatible; MSIE 9.0; Windows NT 6.1; Win64; x64; Trident/5.0)"
87.182.118.10 - - [28/Apr/2011:18:41:15 +0000] "GET /root/Startseite--215.html HTTP/1.1" 200 36063 "http://www.kyffhaeuser.de/lrakyf/index.php?id=264" "Mozilla/5.0 (compatible; MSIE 9.0; Windows NT 6.1; Win64; x64; Trident/5.0)"
66.249.72.204 - - [28/Apr/2011:18:42:16 +0000] "GET /root/Landkreis/Orte_von_A-Z/Gorsleben--258.html HTTP/1.1" 200 19071 "" "Mozilla/5.0 (compatible; Googlebot/2.1; +http://www.google.com/bot.html)"
67.195.115.40 - - [28/Apr/2011:18:42:39 +0000] "GET /root/MENUE_RECHTS/Wirtschaft___Verkehr/Firmendatenbank/Firmendatenbank--195.html HTTP/1.1" 200 15700 "" "Mozilla/5.0 (compatible; Yahoo! Slurp; http://help.yahoo.com/help/us/ysearch/slurp)"
207.46.204.233 - - [28/Apr/2011:18:43:58 +0000] "GET /root/Startseite--215.html HTTP/1.1" 200 36063 "" "Mozilla/5.0 (compatible; bingbot/2.0; +http://www.bing.com/bingbot.htm)"
87.182.118.10 - - [28/Apr/2011:18:44:01 +0000] "GET /root/MENUE_RECHTS/Wirtschaft___Verkehr--5.html HTTP/1.1" 200 18958 "http://www.kyffhaeuser.de/lrakyf/index.php?id=215" "Mozilla/5.0 (compatible; MSIE 9.0; Windows NT 6.1; Win64; x64; Trident/5.0)"
87.182.118.10 - - [28/Apr/2011:18:44:18 +0000] "GET /root/MENUE_RECHTS/Wirtschaft___Verkehr/IHK___HWK-_Informationen--97.html HTTP/1.1" 200 41746 "http://www.kyffhaeuser.de/lrakyf/index.php?id=5" "Mozilla/5.0 (compatible; MSIE 9.0; Windows NT 6.1; Win64; x64; Trident/5.0)"
87.182.118.10 - - [28/Apr/2011:18:44:42 +0000] "GET /root/MENUE_RECHTS/Wirtschaft___Verkehr--5.html HTTP/1.1" 200 18958 "http://www.kyffhaeuser.de/lrakyf/index.php?id=215" "Mozilla/5.0 (compatible; MSIE 9.0; Windows NT 6.1; Win64; x64; Trident/5.0)"
