207.46.13.52 - - [30/Apr/2011:07:44:07 +0000] "GET /root/Startseite--215.html HTTP/1.1" 200 41820 "" "Mozilla/5.0 (compatible; bingbot/2.0; +http://www.bing.com/bingbot.htm)"
87.172.122.72 - - [30/Apr/2011:07:49:57 +0000] "GET /root/Aktuelles/Pressemitteilungen/Juni_2007--312.html HTTP/1.1" 200 50446 "http://www.google.de/imgres?imgurl=http://www.kyffhaeuser.de/lrakyf/typo3temp/pics/c123f0d371.jpg&imgrefurl=http://www.kyffhaeuser.de/lrakyf/index.php%3Fid%3D312&h=240&w=400&sz=43&tbnid=T6Rlk1gLCqx5kM:&tbnh=74&tbnw=124&prev=/search%3Fq%3Dkerstin%2Berdmann%26tbm%3Disch%26tbo%3Du&zoom=1&q=kerstin+erdmann&hl=de&usg=__EqQGsd0DLbrAtZgas6Ja7pUNpb0=&sa=X&ei=BaO7TaTjEM3usga0gaWGBg&ved=0CEMQ9QEwCQ" "Mozilla/5.0 (Windows NT 6.0; rv:2.0) Gecko/20100101 Firefox/4.0"
67.195.115.40 - - [30/Apr/2011:07:51:19 +0000] "GET /root/Tourismus___Kultur/KULTouren/Kirchen--382.html HTTP/1.1" 200 14871 "" "Mozilla/5.0 (compatible; Yahoo! Slurp; http://help.yahoo.com/help/us/ysearch/slurp)"
67.195.115.40 - - [30/Apr/2011:07:51:54 +0000] "GET /root/MENUE_RECHTS/Natur___Umwelt/Abfallwirtschaft/Schadstoffkleinmengen--189.html HTTP/1.1" 200 13907 "" "Mozilla/5.0 (compatible; Yahoo! Slurp; http://help.yahoo.com/help/us/ysearch/slurp)"
67.195.115.40 - - [30/Apr/2011:07:55:38 +0000] "GET /root/MENUE_RECHTS/Bildung___Schule/Lernen_vor_Ort--512.html HTTP/1.1" 200 18816 "" "Mozilla/5.0 (compatible; Yahoo! Slurp; http://help.yahoo.com/help/us/ysearch/slurp)"
67.195.115.40 - - [30/Apr/2011:07:59:18 +0000] "GET /root/Kontakt--4.html HTTP/1.1" 200 14140 "" "Mozilla/5.0 (compatible; Yahoo! Slurp; http://help.yahoo.com/help/us/ysearch/slurp)"
139.18.13.202 - - [30/Apr/2011:08:04:45 +0000] "GET /root/Kontakt--4.html HTTP/1.1" 200 14140 "" "findlinks/2.0.4 (+http://wortschatz.uni-leipzig.de/findlinks/)"
77.20.40.148 - - [30/Apr/2011:08:10:30 +0000] "GET /root/Kreistag/Ratsinfo--495.html HTTP/1.1" 200 0 "" "findlinks/2.0.2 (+http://wortschatz.uni-leipzig.de/findlinks/)"
77.20.40.148 - - [30/Apr/2011:08:10:34 +0000] "GET /root/Kreistag/Ratsinfo--495.html HTTP/1.1" 200 0 "" "findlinks/2.0.2 (+http://wortschatz.uni-leipzig.de/findlinks/)"
139.18.13.202 - - [30/Apr/2011:08:12:08 +0000] "GET /root/MENUE_RECHTS/Bildung___Schule/Ausbildung/Freie_Tr__ger--153.html HTTP/1.1" 200 15567 "" "findlinks/2.0.4 (+http://wortschatz.uni-leipzig.de/findlinks/)"
67.195.115.40 - - [30/Apr/2011:08:13:48 +0000] "GET /root/MENUE_RECHTS/Wirtschaft___Verkehr/Firmendatenbank/Firmendatenbank--195.html HTTP/1.1" 200 20496 "" "Mozilla/5.0 (compatible; Yahoo! Slurp; http://help.yahoo.com/help/us/ysearch/slurp)"
67.195.115.40 - - [30/Apr/2011:08:16:28 +0000] "GET /root/Landkreis/Orte_von_A-Z/Wiedermuth--371.html HTTP/1.1" 200 17770 "" "Mozilla/5.0 (compatible; Yahoo! Slurp; http://help.yahoo.com/help/us/ysearch/slurp)"
67.195.115.40 - - [30/Apr/2011:08:19:09 +0000] "GET /root/Aktuelles/Bekanntmachungen/3._Quartal_2010--498.html HTTP/1.1" 200 16316 "" "Mozilla/5.0 (compatible; Yahoo! Slurp; http://help.yahoo.com/help/us/ysearch/slurp)"
157.55.17.88 - - [30/Apr/2011:08:24:42 +0000] "GET /root/Landkreis/Orte_von_A-Z/Obertopfstedt--324.html HTTP/1.1" 200 16948 "" "Mozilla/4.0 (compatible; MSIE 6.0; Windows NT 5.1; SV1; .NET CLR 1.1.4325; .NET CLR 2.0.50727; .NET CLR 3.0.30729; .NET CLR 3.5.30707; MS-RTC LM 8)"
67.195.115.40 - - [30/Apr/2011:08:24:42 +0000] "GET /root/MENUE_RECHTS/Wirtschaft___Verkehr/Firmendatenbank/Firmendatenbank--195.html HTTP/1.1" 200 14302 "" "Mozilla/5.0 (compatible; Yahoo! Slurp; http://help.yahoo.com/help/us/ysearch/slurp)"
217.253.201.222 - - [30/Apr/2011:08:34:45 +0000] "GET /root/MENUE_RECHTS/Bildung___Schule/Volkshochschule--446.html HTTP/1.1" 200 19305 "http://www.google.de/search?hl=de&client=firefox-a&hs=XJP&rls=org.mozilla%3Ade%3Aofficial&q=volkshochschulkurse+artern&aq=f&aqi=&aql=&oq=" "Mozilla/5.0 (Windows NT 6.1; rv:2.0) Gecko/20100101 Firefox/4.0"
77.188.214.157 - - [30/Apr/2011:08:38:24 +0000] "GET /root/Landkreis/Orte_von_A-Z/Oberheldrungen--322.html HTTP/1.1" 200 16920 "http://toolbar.inbox.com/search/results.aspx?tp=pts&src=pts&tbid=80456&q=oberheldrungen" "Mozilla/5.0 (Windows NT 6.0; rv:2.0) Gecko/20100101 Firefox/4.0"
67.195.115.40 - - [30/Apr/2011:08:42:23 +0000] "GET /root/Landkreis/Orte_von_A-Z/Gro__berndten--259.html HTTP/1.1" 200 18898 "" "Mozilla/5.0 (compatible; Yahoo! Slurp; http://help.yahoo.com/help/us/ysearch/slurp)"
207.46.199.47 - - [30/Apr/2011:08:51:39 +0000] "GET /root/MENUE_RECHTS/Bildung___Schule/Regelschulen--144.html HTTP/1.1" 200 17353 "" "Mozilla/5.0 (compatible; bingbot/2.0; +http://www.bing.com/bingbot.htm)"
83.171.144.90 - - [30/Apr/2011:08:57:40 +0000] "GET /root/Startseite--215.html HTTP/1.1" 200 41820 "" "Mozilla/4.0 (compatible; MSIE 8.0; Windows NT 6.1; WOW64; Trident/4.0; GTB6.6; SLCC2; .NET CLR 2.0.50727; .NET CLR 3.5.30729; .NET CLR 3.0.30729; Media Center PC 6.0; InfoPath.1; .NET4.0C)"
83.171.144.90 - - [30/Apr/2011:08:58:01 +0000] "GET /root/Kontakt--4.html HTTP/1.1" 200 14140 "http://www.kyffhaeuser.de/lrakyf/index.php" "Mozilla/4.0 (compatible; MSIE 8.0; Windows NT 6.1; WOW64; Trident/4.0; GTB6.6; SLCC2; .NET CLR 2.0.50727; .NET CLR 3.5.30729; .NET CLR 3.0.30729; Media Center PC 6.0; InfoPath.1; .NET4.0C)"
83.171.144.90 - - [30/Apr/2011:08:58:04 +0000] "GET /root/Aktuelles--79.html HTTP/1.1" 200 26602 "http://www.kyffhaeuser.de/lrakyf/index.php?id=4" "Mozilla/4.0 (compatible; MSIE 8.0; Windows NT 6.1; WOW64; Trident/4.0; GTB6.6; SLCC2; .NET CLR 2.0.50727; .NET CLR 3.5.30729; .NET CLR 3.0.30729; Media Center PC 6.0; InfoPath.1; .NET4.0C)"
83.171.144.90 - - [30/Apr/2011:08:58:11 +0000] "GET /root/Aktuelles/Gru__wort_des_Landrates--265.html HTTP/1.1" 200 15940 "http://www.kyffhaeuser.de/lrakyf/index.php?id=79" "Mozilla/4.0 (compatible; MSIE 8.0; Windows NT 6.1; WOW64; Trident/4.0; GTB6.6; SLCC2; .NET CLR 2.0.50727; .NET CLR 3.5.30729; .NET CLR 3.0.30729; Media Center PC 6.0; InfoPath.1; .NET4.0C)"
83.171.144.90 - - [30/Apr/2011:08:58:21 +0000] "GET /root/Aktuelles/Bekanntmachungen--66.html HTTP/1.1" 200 22649 "http://www.kyffhaeuser.de/lrakyf/index.php?id=265" "Mozilla/4.0 (compatible; MSIE 8.0; Windows NT 6.1; WOW64; Trident/4.0; GTB6.6; SLCC2; .NET CLR 2.0.50727; .NET CLR 3.5.30729; .NET CLR 3.0.30729; Media Center PC 6.0; InfoPath.1; .NET4.0C)"
83.171.144.90 - - [30/Apr/2011:08:58:25 +0000] "GET /root/Aktuelles/Bekanntmachungen/1._Quartal_2011--509.html HTTP/1.1" 200 16682 "http://www.kyffhaeuser.de/lrakyf/index.php?id=66" "Mozilla/4.0 (compatible; MSIE 8.0; Windows NT 6.1; WOW64; Trident/4.0; GTB6.6; SLCC2; .NET CLR 2.0.50727; .NET CLR 3.5.30729; .NET CLR 3.0.30729; Media Center PC 6.0; InfoPath.1; .NET4.0C)"
83.171.144.90 - - [30/Apr/2011:08:59:03 +0000] "GET /root/Aktuelles/Bekanntmachungen/2._Quartal_2011--513.html HTTP/1.1" 200 16180 "http://www.kyffhaeuser.de/lrakyf/index.php?id=509" "Mozilla/4.0 (compatible; MSIE 8.0; Windows NT 6.1; WOW64; Trident/4.0; GTB6.6; SLCC2; .NET CLR 2.0.50727; .NET CLR 3.5.30729; .NET CLR 3.0.30729; Media Center PC 6.0; InfoPath.1; .NET4.0C)"
83.171.144.90 - - [30/Apr/2011:08:59:34 +0000] "GET /root/Aktuelles/Bekanntmachungen/4._Quartal_2010--505.html HTTP/1.1" 200 16740 "http://www.kyffhaeuser.de/lrakyf/index.php?id=513" "Mozilla/4.0 (compatible; MSIE 8.0; Windows NT 6.1; WOW64; Trident/4.0; GTB6.6; SLCC2; .NET CLR 2.0.50727; .NET CLR 3.5.30729; .NET CLR 3.0.30729; Media Center PC 6.0; InfoPath.1; .NET4.0C)"
66.249.72.204 - - [30/Apr/2011:09:03:00 +0000] "GET /root/Tourismus___Kultur/Kulturvereine--23.html HTTP/1.1" 200 16550 "" "Mozilla/5.0 (compatible; Googlebot/2.1; +http://www.google.com/bot.html)"
207.46.204.188 - - [30/Apr/2011:09:09:07 +0000] "GET /root/MENUE_RECHTS/Formulare--55.html HTTP/1.1" 200 44128 "" "Mozilla/5.0 (compatible; bingbot/2.0; +http://www.bing.com/bingbot.htm)"
67.195.115.40 - - [30/Apr/2011:09:13:03 +0000] "GET /root/MENUE_RECHTS/Wirtschaft___Verkehr/Firmendatenbank/Firmendatenbank--195.html HTTP/1.1" 200 15338 "" "Mozilla/5.0 (compatible; Yahoo! Slurp; http://help.yahoo.com/help/us/ysearch/slurp)"
77.20.40.115 - - [30/Apr/2011:09:24:49 +0000] "GET /root/Kreistag/B__rgerinfo--42.html HTTP/1.1" 200 0 "" "findlinks/2.0.2 (+http://wortschatz.uni-leipzig.de/findlinks/)"
77.20.40.115 - - [30/Apr/2011:09:24:50 +0000] "GET /root/Kreistag/B__rgerinfo--42.html HTTP/1.1" 200 0 "" "findlinks/2.0.2 (+http://wortschatz.uni-leipzig.de/findlinks/)"
67.195.115.40 - - [30/Apr/2011:09:27:05 +0000] "GET /root/B__rgerservice/Amt_f__r_Wirtschaftsf__rderung--175.html HTTP/1.1" 200 20233 "" "Mozilla/5.0 (compatible; Yahoo! Slurp; http://help.yahoo.com/help/us/ysearch/slurp)"
66.249.72.204 - - [30/Apr/2011:09:27:27 +0000] "GET /root/B__rgerservice/Dienststelle_Artern--164.html HTTP/1.1" 200 27937 "" "Mozilla/5.0 (compatible; Googlebot/2.1; +http://www.google.com/bot.html)"
178.25.54.110 - - [30/Apr/2011:09:29:42 +0000] "GET /root/Aktuelles/Stellenausschreibungen--436.html HTTP/1.1" 200 13864 "" "Mozilla/4.0 (compatible; MSIE 8.0; Windows NT 6.0; Trident/4.0; Mozilla/4.0 (compatible; MSIE 6.0; Windows NT 5.1; SV1) ; SLCC1; .NET CLR 2.0.50727; Media Center PC 5.0; .NET CLR 3.5.30729; .NET CLR 3.0.30729; .NET4.0C)"
92.206.179.182 - - [30/Apr/2011:09:32:56 +0000] "GET /root/Startseite--215.html HTTP/1.1" 200 41820 "" "Mozilla/5.0 (Windows NT 6.1; WOW64; rv:2.0.1) Gecko/20100101 Firefox/4.0.1"
92.206.179.182 - - [30/Apr/2011:09:33:02 +0000] "GET /root/B__rgerservice--86.html HTTP/1.1" 200 19149 "http://www.kyffhaeuser.de/lrakyf/index.php" "Mozilla/5.0 (Windows NT 6.1; WOW64; rv:2.0.1) Gecko/20100101 Firefox/4.0.1"
92.206.179.182 - - [30/Apr/2011:09:33:08 +0000] "GET /root/B__rgerservice/Wunschkennzeichen--56.html HTTP/1.1" 200 16474 "http://www.kyffhaeuser.de/lrakyf/index.php?id=86" "Mozilla/5.0 (Windows NT 6.1; WOW64; rv:2.0.1) Gecko/20100101 Firefox/4.0.1"
67.195.115.40 - - [30/Apr/2011:09:34:44 +0000] "GET /root/Aktuelles/Pressemitteilungen/Archiv--65.html HTTP/1.1" 200 26406 "" "Mozilla/5.0 (compatible; Yahoo! Slurp; http://help.yahoo.com/help/us/ysearch/slurp)"
91.43.145.182 - - [30/Apr/2011:09:39:59 +0000] "GET /root/Tourismus___Kultur/Kulturvereine/Geschichts-__Heimatvereine--218.html HTTP/1.1" 200 21291 "http://search.icq.com/search/results.php?q=tag+der+vereine+bottendorf+bei+rossleben&ch_id=mrof&search_mode=web" "Mozilla/4.0 (compatible; MSIE 7.0; Windows NT 6.0; SLCC1; .NET CLR 2.0.50727; Media Center PC 5.0; .NET CLR 3.5.30729; .NET CLR 3.0.30618)"
157.55.116.34 - - [30/Apr/2011:09:40:16 +0000] "GET /root/MENUE_RECHTS/Wirtschaft___Verkehr/IHK___HWK-_Informationen--97.html HTTP/1.1" 200 40379 "" "msnbot/2.0b (+http://search.msn.com/msnbot.htm)._"
157.55.116.34 - - [30/Apr/2011:09:40:25 +0000] "GET /root/MENUE_RECHTS/Wirtschaft___Verkehr/Kyffh__user._Industriegebiet--14.html HTTP/1.1" 200 27438 "" "msnbot/2.0b (+http://search.msn.com/msnbot.htm)._"
157.55.116.34 - - [30/Apr/2011:09:40:32 +0000] "GET /root/Aktuelles/Bekanntmachungen/3._Quartal_2007--349.html HTTP/1.1" 200 27042 "" "msnbot/2.0b (+http://search.msn.com/msnbot.htm)._"
95.108.245.252 - - [30/Apr/2011:09:40:50 +0000] "GET /root/Kontakt--4.html HTTP/1.1" 200 14140 "" "Mozilla/5.0 (compatible; YandexBot/3.0; +http://yandex.com/bots)"
157.55.116.34 - - [30/Apr/2011:09:41:49 +0000] "GET /root/MENUE_RECHTS/Bildung___Schule/Lernen_vor_Ort--512.html HTTP/1.1" 200 18816 "" "msnbot/2.0b (+http://search.msn.com/msnbot.htm)._"
157.55.116.34 - - [30/Apr/2011:09:41:55 +0000] "GET /root/Kontakt--4.html HTTP/1.1" 200 14140 "" "msnbot/2.0b (+http://search.msn.com/msnbot.htm)._"
67.195.115.40 - - [30/Apr/2011:09:41:55 +0000] "GET /root/MENUE_RECHTS/Wirtschaft___Verkehr/Firmendatenbank/Firmendatenbank--195.html HTTP/1.1" 200 16075 "" "Mozilla/5.0 (compatible; Yahoo! Slurp; http://help.yahoo.com/help/us/ysearch/slurp)"
157.55.116.34 - - [30/Apr/2011:09:41:58 +0000] "GET /root/B__rgerservice/Dienststelle_Artern--164.html HTTP/1.1" 200 27937 "" "msnbot/2.0b (+http://search.msn.com/msnbot.htm)._"
157.55.116.34 - - [30/Apr/2011:09:42:07 +0000] "GET /root/MENUE_RECHTS/Natur___Umwelt--75.html HTTP/1.1" 200 15982 "" "msnbot/2.0b (+http://search.msn.com/msnbot.htm)._"
157.55.116.34 - - [30/Apr/2011:09:42:16 +0000] "GET /root/MENUE_RECHTS/Bildung___Schule/Regelschulen--144.html HTTP/1.1" 200 17353 "" "msnbot/2.0b (+http://search.msn.com/msnbot.htm)._"
157.55.116.34 - - [30/Apr/2011:09:42:18 +0000] "GET /root/Soziales___Gesund.../Soziale_Einrichtu.../Alten-_und_Pflegeheime--202.html HTTP/1.1" 200 18964 "" "msnbot/2.0b (+http://search.msn.com/msnbot.htm)._"
157.55.116.34 - - [30/Apr/2011:09:42:39 +0000] "GET /root/MENUE_RECHTS/Bildung___Schule/Volkshochschule--446.html HTTP/1.1" 200 19305 "" "msnbot/2.0b (+http://search.msn.com/msnbot.htm)._"
157.55.116.34 - - [30/Apr/2011:09:42:43 +0000] "GET /root/MENUE_RECHTS/Wirtschaft___Verkehr--5.html HTTP/1.1" 200 18958 "" "msnbot/2.0b (+http://search.msn.com/msnbot.htm)._"
157.55.116.34 - - [30/Apr/2011:09:42:49 +0000] "GET /root/B__rgerservice/Ausbildung_im_LRA--49.html HTTP/1.1" 200 23979 "" "msnbot/2.0b (+http://search.msn.com/msnbot.htm)._"
157.55.116.34 - - [30/Apr/2011:09:42:53 +0000] "GET /root/B__rgerservice/Gesundheitsamt--162.html HTTP/1.1" 200 34082 "" "msnbot/2.0b (+http://search.msn.com/msnbot.htm)._"
157.55.116.34 - - [30/Apr/2011:09:43:12 +0000] "GET /root/Aktuelles/Pressemitteilungen/M__rz_2011--511.html HTTP/1.1" 200 37245 "" "msnbot/2.0b (+http://search.msn.com/msnbot.htm)._"
157.55.116.34 - - [30/Apr/2011:09:43:16 +0000] "GET /root/Aktuelles/Bekanntmachungen/2._Quartal_2011--513.html HTTP/1.1" 200 16180 "" "msnbot/2.0b (+http://search.msn.com/msnbot.htm)._"
157.55.116.34 - - [30/Apr/2011:09:43:27 +0000] "GET /root/B__rgerservice/Amt_f__r_Kommunalaufsicht--176.html HTTP/1.1" 200 18523 "" "msnbot/2.0b (+http://search.msn.com/msnbot.htm)._"
157.55.116.34 - - [30/Apr/2011:09:43:31 +0000] "GET /root/B__rgerservice--86.html HTTP/1.1" 200 19149 "" "msnbot/2.0b (+http://search.msn.com/msnbot.htm)._"
157.55.116.34 - - [30/Apr/2011:09:43:35 +0000] "GET /root/B__rgerservice/Amt_f__r_Umwelt__Natur__Wasser--158.html HTTP/1.1" 200 22479 "" "msnbot/2.0b (+http://search.msn.com/msnbot.htm)._"
157.55.116.34 - - [30/Apr/2011:09:43:46 +0000] "GET /root/Landkreis--85.html HTTP/1.1" 200 17985 "" "msnbot/2.0b (+http://search.msn.com/msnbot.htm)._"
157.55.116.34 - - [30/Apr/2011:09:43:48 +0000] "GET /root/Landkreis/St__dte_--48.html HTTP/1.1" 200 18378 "" "msnbot/2.0b (+http://search.msn.com/msnbot.htm)._"
157.55.116.34 - - [30/Apr/2011:09:43:53 +0000] "GET /root/Landkreis/Orte_von_A-Z--47.html HTTP/1.1" 200 36162 "" "msnbot/2.0b (+http://search.msn.com/msnbot.htm)._"
157.55.116.34 - - [30/Apr/2011:09:44:06 +0000] "GET /root/MENUE_RECHTS/Bildung___Schule/Grundschulen--31.html HTTP/1.1" 200 20982 "" "msnbot/2.0b (+http://search.msn.com/msnbot.htm)._"
157.55.116.34 - - [30/Apr/2011:09:44:10 +0000] "GET /root/B__rgerservice/Landratsamt--427.html HTTP/1.1" 200 26870 "" "msnbot/2.0b (+http://search.msn.com/msnbot.htm)._"
157.55.116.34 - - [30/Apr/2011:09:44:17 +0000] "GET /root/B__rgerservice/Wunschkennzeichen--56.html HTTP/1.1" 200 16474 "" "msnbot/2.0b (+http://search.msn.com/msnbot.htm)._"
157.55.116.34 - - [30/Apr/2011:09:44:19 +0000] "GET /root/B__rgerservice/Organigramm_LRA--182.html HTTP/1.1" 200 25964 "" "msnbot/2.0b (+http://search.msn.com/msnbot.htm)._"
157.55.116.34 - - [30/Apr/2011:09:44:22 +0000] "GET /root/B__rgerservice/Bauverwaltungsamt--156.html HTTP/1.1" 200 34146 "" "msnbot/2.0b (+http://search.msn.com/msnbot.htm)._"
157.55.116.34 - - [30/Apr/2011:09:44:26 +0000] "GET /root/Aktuelles--79.html HTTP/1.1" 200 26602 "" "msnbot/2.0b (+http://search.msn.com/msnbot.htm)._"
157.55.116.34 - - [30/Apr/2011:09:44:32 +0000] "GET /root/Startseite--215.html HTTP/1.1" 200 41820 "" "msnbot/2.0b (+http://search.msn.com/msnbot.htm)._"
157.55.116.34 - - [30/Apr/2011:09:44:37 +0000] "GET /root/Tourismus___Kultur--12.html HTTP/1.1" 200 33113 "" "msnbot/2.0b (+http://search.msn.com/msnbot.htm)._"
157.55.116.34 - - [30/Apr/2011:09:44:45 +0000] "GET /root/MENUE_RECHTS/Formulare--55.html HTTP/1.1" 200 44128 "" "msnbot/2.0b (+http://search.msn.com/msnbot.htm)._"
157.55.116.34 - - [30/Apr/2011:09:44:47 +0000] "GET /root/Landkreis/Verwaltungsgemeinschaften--45.html HTTP/1.1" 200 15356 "" "msnbot/2.0b (+http://search.msn.com/msnbot.htm)._"
157.55.116.34 - - [30/Apr/2011:09:44:50 +0000] "GET /root/MENUE_RECHTS/Wirtschaft___Verkehr/Firmendatenbank--15.html HTTP/1.1" 200 30848 "" "msnbot/2.0b (+http://search.msn.com/msnbot.htm)._"
66.249.72.204 - - [30/Apr/2011:09:45:23 +0000] "GET /root/B__rgerservice/B__rgerservice__F__hrerscheins--172.html HTTP/1.1" 200 19856 "" "Mozilla/5.0 (compatible; Googlebot/2.1; +http://www.google.com/bot.html)"
77.20.40.148 - - [30/Apr/2011:09:45:38 +0000] "GET /root/MENUE_OBEN/Sitemap--82.html HTTP/1.1" 200 63147 "" "findlinks/2.0.2 (+http://wortschatz.uni-leipzig.de/findlinks/)"
67.195.115.40 - - [30/Apr/2011:09:46:46 +0000] "GET /root/Landkreis/Orte_von_A-Z/Heygendorf--279.html HTTP/1.1" 200 21568 "" "Mozilla/5.0 (compatible; Yahoo! Slurp; http://help.yahoo.com/help/us/ysearch/slurp)"
67.195.115.40 - - [30/Apr/2011:09:48:38 +0000] "GET /root/B__rgerservice/Beh__rdenwegweiser/Organigramm--60.html HTTP/1.1" 200 15553 "" "Mozilla/5.0 (compatible; Yahoo! Slurp; http://help.yahoo.com/help/us/ysearch/slurp)"
87.182.62.30 - - [30/Apr/2011:09:49:59 +0000] "GET /root/Startseite--215.html HTTP/1.1" 200 41820 "" "Mozilla/5.0 (compatible; MSIE 9.0; Windows NT 6.1; Win64; x64; Trident/5.0)"
67.195.115.40 - - [30/Apr/2011:09:51:52 +0000] "GET /root/MENUE_RECHTS/Wirtschaft___Verkehr/Gewerbe-_und_Indu.../GG_Heldrungen--99.html HTTP/1.1" 200 27058 "" "Mozilla/5.0 (compatible; Yahoo! Slurp; http://help.yahoo.com/help/us/ysearch/slurp)"
207.46.204.187 - - [30/Apr/2011:09:54:10 +0000] "GET /root/MENUE_RECHTS/Wirtschaft___Verkehr/Gewerbe-_und_Indu.../IGG_Ro__leben--199.html HTTP/1.1" 200 27638 "" "Mozilla/5.0 (compatible; bingbot/2.0; +http://www.bing.com/bingbot.htm)"
66.249.72.204 - - [30/Apr/2011:09:54:21 +0000] "GET /root/B__rgerservice/Amt_f__r_Umwelt__Natur__Wasser--158.html HTTP/1.1" 200 22479 "" "Mozilla/5.0 (compatible; Googlebot/2.1; +http://www.google.com/bot.html)"
65.52.110.87 - - [30/Apr/2011:09:54:40 +0000] "GET /root/MENUE_RECHTS/Wirtschaft___Verkehr/Firmendatenbank/Firmendatenbank--195.html HTTP/1.1" 200 15944 "" "Mozilla/5.0 (compatible; bingbot/2.0; +http://www.bing.com/bingbot.htm)"
66.249.72.204 - - [30/Apr/2011:09:58:51 +0000] "GET /root/Aktuelles--79.html HTTP/1.1" 200 26602 "" "Mozilla/5.0 (compatible; Googlebot/2.1; +http://www.google.com/bot.html)"
66.249.72.204 - - [30/Apr/2011:10:07:49 +0000] "GET /root/B__rgerservice/Jugendamt--157.html HTTP/1.1" 200 22723 "" "Mozilla/5.0 (compatible; Googlebot/2.1; +http://www.google.com/bot.html)"
88.73.200.177 - - [30/Apr/2011:10:09:02 +0000] "GET /root/Startseite--215.html HTTP/1.1" 200 41820 "" "Mozilla/5.0 (compatible; MSIE 9.0; Windows NT 6.1; Trident/5.0;(webde/1.0.0.8))"
217.185.129.214 - - [30/Apr/2011:10:09:53 +0000] "GET /root/Aktuelles/Pressemitteilungen/April_2011--514.html HTTP/1.1" 200 86972 "http://www.google.de/search?q=regiokom4&ie=utf-8&oe=utf-8&aq=t&rls=org.mozilla:de:official&client=firefox-a" "Mozilla/5.0 (Windows; U; Windows NT 5.1; de; rv:1.9.2.16) Gecko/20110319 Firefox/3.6.16"
77.21.146.8 - - [30/Apr/2011:10:10:45 +0000] "GET /root/Landkreis/Orte_von_A-Z/Steinthaleben--345.html HTTP/1.1" 200 15386 "" "findlinks/2.0.2 (+http://wortschatz.uni-leipzig.de/findlinks/)"
66.249.72.204 - - [30/Apr/2011:10:12:18 +0000] "GET /root/MENUE_RECHTS/Formulare--55.html HTTP/1.1" 200 44128 "" "Mozilla/5.0 (compatible; Googlebot/2.1; +http://www.google.com/bot.html)"
67.195.115.40 - - [30/Apr/2011:10:12:20 +0000] "GET /root/Aktuelles/Bekanntmachungen/3._Quartal_2008--414.html HTTP/1.1" 200 14676 "" "Mozilla/5.0 (compatible; Yahoo! Slurp; http://help.yahoo.com/help/us/ysearch/slurp)"
95.108.245.252 - - [30/Apr/2011:10:14:09 +0000] "GET /root/B__rgerservice/Amt_f__r_Wirtschaftsf__rderung--175.html HTTP/1.1" 200 20233 "" "Mozilla/5.0 (compatible; YandexBot/3.0; +http://yandex.com/bots)"
66.249.72.204 - - [30/Apr/2011:10:16:47 +0000] "GET /root/B__rgerservice/B__rgerservice__KFZ-_Zulassung--268.html HTTP/1.1" 200 18183 "" "Mozilla/5.0 (compatible; Googlebot/2.1; +http://www.google.com/bot.html)"
66.249.72.204 - - [30/Apr/2011:10:21:16 +0000] "GET /root/Landkreis--85.html HTTP/1.1" 200 17985 "" "Mozilla/5.0 (compatible; Googlebot/2.1; +http://www.google.com/bot.html)"
77.20.40.148 - - [30/Apr/2011:10:24:36 +0000] "GET /root/MENUE_RECHTS/Jugend___Sport/Freizeitangebote--73.html HTTP/1.1" 200 19245 "" "findlinks/2.0.2 (+http://wortschatz.uni-leipzig.de/findlinks/)"
66.249.72.204 - - [30/Apr/2011:10:25:45 +0000] "GET /root/Aktuelles/Stellenausschreibungen--436.html HTTP/1.1" 200 13864 "" "Mozilla/5.0 (compatible; Googlebot/2.1; +http://www.google.com/bot.html)"
67.195.115.40 - - [30/Apr/2011:10:27:18 +0000] "GET /root/Kontakt--4.html HTTP/1.1" 200 14140 "" "Mozilla/5.0 (compatible; Yahoo! Slurp; http://help.yahoo.com/help/us/ysearch/slurp)"
87.171.117.98 - - [30/Apr/2011:10:32:26 +0000] "GET /root/Startseite--215.html HTTP/1.1" 200 41820 "" "Mozilla/4.0 (compatible; MSIE 8.0; Windows NT 6.0; Trident/4.0; GTB6.6; SLCC1; .NET CLR 2.0.50727; Media Center PC 5.0; .NET CLR 3.5.30729; .NET CLR 3.0.30729; .NET4.0C; AskTbNRO/5.11.3.15590)"
87.171.117.98 - - [30/Apr/2011:10:32:36 +0000] "GET /root/Aktuelles--79.html HTTP/1.1" 200 26602 "http://www.kyffhaeuser.de/lrakyf/index.php" "Mozilla/4.0 (compatible; MSIE 8.0; Windows NT 6.0; Trident/4.0; GTB6.6; SLCC1; .NET CLR 2.0.50727; Media Center PC 5.0; .NET CLR 3.5.30729; .NET CLR 3.0.30729; .NET4.0C; AskTbNRO/5.11.3.15590)"
87.171.117.98 - - [30/Apr/2011:10:32:41 +0000] "GET /root/Aktuelles/Stellenausschreibungen--436.html HTTP/1.1" 200 13864 "http://www.kyffhaeuser.de/lrakyf/index.php?id=79" "Mozilla/4.0 (compatible; MSIE 8.0; Windows NT 6.0; Trident/4.0; GTB6.6; SLCC1; .NET CLR 2.0.50727; Media Center PC 5.0; .NET CLR 3.5.30729; .NET CLR 3.0.30729; .NET4.0C; AskTbNRO/5.11.3.15590)"
66.249.72.204 - - [30/Apr/2011:10:34:43 +0000] "GET /root/Landkreis/Verwaltungsgemein.../VG_Kyffh__user--315.html HTTP/1.1" 200 17889 "" "Mozilla/5.0 (compatible; Googlebot/2.1; +http://www.google.com/bot.html)"
66.249.72.204 - - [30/Apr/2011:10:35:54 +0000] "GET /root/Landkreis/St__dte_/Sondershausen--291.html HTTP/1.1" 200 18672 "" "Mozilla/5.0 (compatible; Googlebot/2.1; +http://www.google.com/bot.html)"
77.184.22.125 - - [30/Apr/2011:10:37:46 +0000] "GET /root/Landkreis/Orte_von_A-Z/Keula--285.html HTTP/1.1" 200 17237 "http://www.google.de/search?q=keula&ie=utf-8&oe=utf-8&aq=t&rls=org.mozilla:de:official&client=firefox-a" "Mozilla/5.0 (Windows; U; Windows NT 5.1; de; rv:1.9.2.16) Gecko/20110319 Firefox/3.6.16"
77.184.22.125 - - [30/Apr/2011:10:38:43 +0000] "GET /root/Landkreis/Ber__hmte_Pers__nlichkeiten--418.html HTTP/1.1" 200 25471 "http://www.kyffhaeuser.de/lrakyf/index.php?id=285" "Mozilla/5.0 (Windows; U; Windows NT 5.1; de; rv:1.9.2.16) Gecko/20110319 Firefox/3.6.16"
77.184.22.125 - - [30/Apr/2011:10:38:59 +0000] "GET /root/Landkreis--85.html HTTP/1.1" 200 17985 "http://www.kyffhaeuser.de/lrakyf/index.php?id=418" "Mozilla/5.0 (Windows; U; Windows NT 5.1; de; rv:1.9.2.16) Gecko/20110319 Firefox/3.6.16"
77.184.22.125 - - [30/Apr/2011:10:39:05 +0000] "GET /root/Landkreis/St__dte_--48.html HTTP/1.1" 200 18378 "http://www.kyffhaeuser.de/lrakyf/index.php?id=85" "Mozilla/5.0 (Windows; U; Windows NT 5.1; de; rv:1.9.2.16) Gecko/20110319 Firefox/3.6.16"
77.184.22.125 - - [30/Apr/2011:10:39:12 +0000] "GET /root/Landkreis/Orte_von_A-Z--47.html HTTP/1.1" 200 36162 "http://www.kyffhaeuser.de/lrakyf/index.php?id=85" "Mozilla/5.0 (Windows; U; Windows NT 5.1; de; rv:1.9.2.16) Gecko/20110319 Firefox/3.6.16"
66.249.72.204 - - [30/Apr/2011:10:39:13 +0000] "GET /root/MENUE_RECHTS/Wirtschaft___Verkehr/Autobahnbau_A_38___A_71_--296.html HTTP/1.1" 200 17932 "" "Mozilla/5.0 (compatible; Googlebot/2.1; +http://www.google.com/bot.html)"
77.184.22.125 - - [30/Apr/2011:10:39:16 +0000] "GET /root/Landkreis/Orte_von_A-Z/Keula--285.html HTTP/1.1" 200 17237 "http://www.kyffhaeuser.de/lrakyf/index.php?id=47" "Mozilla/5.0 (Windows; U; Windows NT 5.1; de; rv:1.9.2.16) Gecko/20110319 Firefox/3.6.16"
67.195.115.40 - - [30/Apr/2011:10:41:44 +0000] "GET /root/Landkreis/Orte_von_A-Z/Seega--343.html HTTP/1.1" 200 15358 "" "Mozilla/5.0 (compatible; Yahoo! Slurp; http://help.yahoo.com/help/us/ysearch/slurp)"
66.249.72.204 - - [30/Apr/2011:10:43:41 +0000] "GET /root/MENUE_RECHTS/Natur___Umwelt--75.html HTTP/1.1" 200 15982 "" "Mozilla/5.0 (compatible; Googlebot/2.1; +http://www.google.com/bot.html)"
87.182.62.30 - - [30/Apr/2011:10:47:29 +0000] "GET /root/Startseite--215.html HTTP/1.1" 200 41820 "" "Mozilla/5.0 (compatible; MSIE 9.0; Windows NT 6.1; WOW64; Trident/5.0)"
87.182.62.30 - - [30/Apr/2011:10:47:32 +0000] "GET /root/Tourismus___Kultur--12.html HTTP/1.1" 200 33113 "http://www.kyffhaeuser.de/lrakyf/index.php" "Mozilla/5.0 (compatible; MSI