85.25.184.24 - - [29/Apr/2011:00:02:30 +0000] "GET /root/B__rgerservice--86.html HTTP/1.1" 200 19149 "" "Mozilla/5.0 (X11; U; Linux i686; de; rv:1.9.0.1; compatible; iCjobs Stellenangebote Jobs; http://www.icjobs.de) Gecko/20100401 iCjobs/3.2.3"
85.25.184.24 - - [29/Apr/2011:00:02:33 +0000] "GET /root/Tourismus___Kultur--12.html HTTP/1.1" 200 33113 "" "Mozilla/5.0 (X11; U; Linux i686; de; rv:1.9.0.1; compatible; iCjobs Stellenangebote Jobs; http://www.icjobs.de) Gecko/20100401 iCjobs/3.2.3"
85.25.184.24 - - [29/Apr/2011:00:02:37 +0000] "GET /root/Soziales___Gesundheit--32.html HTTP/1.1" 200 17526 "" "Mozilla/5.0 (X11; U; Linux i686; de; rv:1.9.0.1; compatible; iCjobs Stellenangebote Jobs; http://www.icjobs.de) Gecko/20100401 iCjobs/3.2.3"
85.25.184.24 - - [29/Apr/2011:00:02:38 +0000] "GET /root/Aktuelles/Pressemitteilungen/April_2011--514.html HTTP/1.1" 200 78431 "" "Mozilla/5.0 (X11; U; Linux i686; de; rv:1.9.0.1; compatible; iCjobs Stellenangebote Jobs; http://www.icjobs.de) Gecko/20100401 iCjobs/3.2.3"
85.25.184.24 - - [29/Apr/2011:00:02:42 +0000] "GET /root/MENUE_RECHTS/Wirtschaft___Verkehr/IHK___HWK-_Inform.../Existenzgr__ndung--408.html HTTP/1.1" 200 24081 "" "Mozilla/5.0 (X11; U; Linux i686; de; rv:1.9.0.1; compatible; iCjobs Stellenangebote Jobs; http://www.icjobs.de) Gecko/20100401 iCjobs/3.2.3"
85.25.184.24 - - [29/Apr/2011:00:02:44 +0000] "GET /root/MENUE_RECHTS/Wirtschaft___Verkehr/Ver-__Entsorger--196.html HTTP/1.1" 200 21462 "" "Mozilla/5.0 (X11; U; Linux i686; de; rv:1.9.0.1; compatible; iCjobs Stellenangebote Jobs; http://www.icjobs.de) Gecko/20100401 iCjobs/3.2.3"
85.25.184.24 - - [29/Apr/2011:00:02:46 +0000] "GET /root/MENUE_RECHTS/Wirtschaft___Verkehr/IHK___HWK-_Informationen--97.html HTTP/1.1" 200 40379 "" "Mozilla/5.0 (X11; U; Linux i686; de; rv:1.9.0.1; compatible; iCjobs Stellenangebote Jobs; http://www.icjobs.de) Gecko/20100401 iCjobs/3.2.3"
85.25.184.24 - - [29/Apr/2011:00:02:55 +0000] "GET /root/Tourismus___Kultur/Kyffh__userbus--464.html HTTP/1.1" 200 19738 "" "Mozilla/5.0 (X11; U; Linux i686; de; rv:1.9.0.1; compatible; iCjobs Stellenangebote Jobs; http://www.icjobs.de) Gecko/20100401 iCjobs/3.2.3"
85.25.184.24 - - [29/Apr/2011:00:02:59 +0000] "GET /root/Tourismus___Kultur/Aktuelle_Veranstaltungen--286.html HTTP/1.1" 200 26889 "" "Mozilla/5.0 (X11; U; Linux i686; de; rv:1.9.0.1; compatible; iCjobs Stellenangebote Jobs; http://www.icjobs.de) Gecko/20100401 iCjobs/3.2.3"
85.25.184.24 - - [29/Apr/2011:00:03:02 +0000] "GET /root/Aktuelles/Pressemitteilungen--63.html HTTP/1.1" 200 14000 "" "Mozilla/5.0 (X11; U; Linux i686; de; rv:1.9.0.1; compatible; iCjobs Stellenangebote Jobs; http://www.icjobs.de) Gecko/20100401 iCjobs/3.2.3"
85.25.184.24 - - [29/Apr/2011:00:03:03 +0000] "GET /root/MENUE_RECHTS/Wirtschaft___Verkehr--5.html HTTP/1.1" 200 18958 "" "Mozilla/5.0 (X11; U; Linux i686; de; rv:1.9.0.1; compatible; iCjobs Stellenangebote Jobs; http://www.icjobs.de) Gecko/20100401 iCjobs/3.2.3"
85.25.184.24 - - [29/Apr/2011:00:03:04 +0000] "GET /root/MENUE_RECHTS/Bildung___Schule--67.html HTTP/1.1" 200 21602 "" "Mozilla/5.0 (X11; U; Linux i686; de; rv:1.9.0.1; compatible; iCjobs Stellenangebote Jobs; http://www.icjobs.de) Gecko/20100401 iCjobs/3.2.3"
85.25.184.24 - - [29/Apr/2011:00:03:05 +0000] "GET /root/MENUE_RECHTS/Bildung___Schule/Ausbildung--359.html HTTP/1.1" 200 13817 "" "Mozilla/5.0 (X11; U; Linux i686; de; rv:1.9.0.1; compatible; iCjobs Stellenangebote Jobs; http://www.icjobs.de) Gecko/20100401 iCjobs/3.2.3"
85.25.184.24 - - [29/Apr/2011:00:03:06 +0000] "GET /root/MENUE_RECHTS/Natur___Umwelt--75.html HTTP/1.1" 200 15982 "" "Mozilla/5.0 (X11; U; Linux i686; de; rv:1.9.0.1; compatible; iCjobs Stellenangebote Jobs; http://www.icjobs.de) Gecko/20100401 iCjobs/3.2.3"
85.25.184.24 - - [29/Apr/2011:00:03:07 +0000] "GET /root/MENUE_RECHTS/Jugend___Sport--72.html HTTP/1.1" 200 17257 "" "Mozilla/5.0 (X11; U; Linux i686; de; rv:1.9.0.1; compatible; iCjobs Stellenangebote Jobs; http://www.icjobs.de) Gecko/20100401 iCjobs/3.2.3"
67.195.115.40 - - [29/Apr/2011:00:03:53 +0000] "GET /root/Tourismus___Kultur/19._Kunstmarkt_--469.html HTTP/1.1" 200 15177 "" "Mozilla/5.0 (compatible; Yahoo! Slurp; http://help.yahoo.com/help/us/ysearch/slurp)"
84.184.70.182 - - [29/Apr/2011:00:05:34 +0000] "GET /root/B__rgerservice/Hochbau__Tiefbau--166.html HTTP/1.1" 200 18957 "http://www.google.de/search?as_q=dirk+meissner+sondershausen&as_epq=&as_oq=&as_eq=&hl=de&biw=1152&bih=676&num=10&lr=&cr=&as_ft=i&as_filetype=&as_qdr=all&as_occt=any&as_dt=i&as_sitesearch=&as_rights=&safe=images&btnG=Google-Suche" "Mozilla/5.0 (Windows NT 5.1; rv:2.0) Gecko/20100101 Firefox/4.0"
85.25.184.24 - - [29/Apr/2011:00:05:37 +0000] "GET /root/MENUE_RECHTS/Formulare--55.html HTTP/1.1" 200 44128 "" "Mozilla/5.0 (X11; U; Linux i686; de; rv:1.9.0.1; compatible; iCjobs Stellenangebote Jobs; http://www.icjobs.de) Gecko/20100401 iCjobs/3.2.3"
85.25.184.24 - - [29/Apr/2011:00:09:10 +0000] "GET /root/MENUE_RECHTS/Notrufnummern--91.html HTTP/1.1" 200 19490 "" "Mozilla/5.0 (X11; U; Linux i686; de; rv:1.9.0.1; compatible; iCjobs Stellenangebote Jobs; http://www.icjobs.de) Gecko/20100401 iCjobs/3.2.3"
85.25.184.24 - - [29/Apr/2011:00:09:13 +0000] "GET /root/Kontakt--4.html HTTP/1.1" 200 14140 "http://www.kyffhaeuser.de/lrakyf/index.php?id=4&no_cache=1&tx_ricrotation_pi1[banneruid]=6" "Mozilla/5.0 (X11; U; Linux i686; de; rv:1.9.0.1; compatible; iCjobs Stellenangebote Jobs; http://www.icjobs.de) Gecko/20100401 iCjobs/3.2.3"
85.25.184.24 - - [29/Apr/2011:00:09:14 +0000] "GET /root/Kontakt--4.html HTTP/1.1" 200 14140 "http://www.kyffhaeuser.de/lrakyf/index.php?id=82&no_cache=1&tx_ricrotation_pi1[banneruid]=6" "Mozilla/5.0 (X11; U; Linux i686; de; rv:1.9.0.1; compatible; iCjobs Stellenangebote Jobs; http://www.icjobs.de) Gecko/20100401 iCjobs/3.2.3"
85.25.184.24 - - [29/Apr/2011:00:09:15 +0000] "GET /root/Aktuelles/Bekanntmachungen--66.html HTTP/1.1" 200 22649 "" "Mozilla/5.0 (X11; U; Linux i686; de; rv:1.9.0.1; compatible; iCjobs Stellenangebote Jobs; http://www.icjobs.de) Gecko/20100401 iCjobs/3.2.3"
85.25.184.24 - - [29/Apr/2011:00:09:16 +0000] "GET /root/Aktuelles/Bekanntmachungen/2._Quartal_2011--513.html HTTP/1.1" 200 16180 "" "Mozilla/5.0 (X11; U; Linux i686; de; rv:1.9.0.1; compatible; iCjobs Stellenangebote Jobs; http://www.icjobs.de) Gecko/20100401 iCjobs/3.2.3"
85.25.184.24 - - [29/Apr/2011:00:09:18 +0000] "GET /root/Aktuelles/Bekanntmachungen/1._Quartal_2011--509.html HTTP/1.1" 200 16682 "" "Mozilla/5.0 (X11; U; Linux i686; de; rv:1.9.0.1; compatible; iCjobs Stellenangebote Jobs; http://www.icjobs.de) Gecko/20100401 iCjobs/3.2.3"
207.46.199.55 - - [29/Apr/2011:00:09:29 +0000] "GET /root/B__rgerservice/Ausl__nderbeh__rde--169.html HTTP/1.1" 200 23517 "" "Mozilla/5.0 (compatible; bingbot/2.0; +http://www.bing.com/bingbot.htm)"
85.25.184.24 - - [29/Apr/2011:00:09:44 +0000] "GET /root/Aktuelles/Bekanntmachungen/4._Quartal_2010--505.html HTTP/1.1" 200 16740 "" "Mozilla/5.0 (X11; U; Linux i686; de; rv:1.9.0.1; compatible; iCjobs Stellenangebote Jobs; http://www.icjobs.de) Gecko/20100401 iCjobs/3.2.3"
85.25.184.24 - - [29/Apr/2011:00:09:45 +0000] "GET /root/Aktuelles/Bekanntmachungen/3._Quartal_2010--498.html HTTP/1.1" 200 16316 "" "Mozilla/5.0 (X11; U; Linux i686; de; rv:1.9.0.1; compatible; iCjobs Stellenangebote Jobs; http://www.icjobs.de) Gecko/20100401 iCjobs/3.2.3"
85.25.184.24 - - [29/Apr/2011:00:09:47 +0000] "GET /root/Aktuelles/Bekanntmachungen/2._Quartal_2010--493.html HTTP/1.1" 200 14715 "" "Mozilla/5.0 (X11; U; Linux i686; de; rv:1.9.0.1; compatible; iCjobs Stellenangebote Jobs; http://www.icjobs.de) Gecko/20100401 iCjobs/3.2.3"
85.25.184.24 - - [29/Apr/2011:00:09:48 +0000] "GET /root/Aktuelles/Bekanntmachungen/1._Quartal_2010--486.html HTTP/1.1" 200 15870 "" "Mozilla/5.0 (X11; U; Linux i686; de; rv:1.9.0.1; compatible; iCjobs Stellenangebote Jobs; http://www.icjobs.de) Gecko/20100401 iCjobs/3.2.3"
85.25.184.24 - - [29/Apr/2011:00:09:49 +0000] "GET /root/Aktuelles/Vergaben--501.html HTTP/1.1" 200 13033 "" "Mozilla/5.0 (X11; U; Linux i686; de; rv:1.9.0.1; compatible; iCjobs Stellenangebote Jobs; http://www.icjobs.de) Gecko/20100401 iCjobs/3.2.3"
85.25.184.24 - - [29/Apr/2011:00:09:50 +0000] "GET /root/Aktuelles/Ausschreibungen--183.html HTTP/1.1" 200 16993 "" "Mozilla/5.0 (X11; U; Linux i686; de; rv:1.9.0.1; compatible; iCjobs Stellenangebote Jobs; http://www.icjobs.de) Gecko/20100401 iCjobs/3.2.3"
85.25.184.24 - - [29/Apr/2011:00:09:51 +0000] "GET /root/Aktuelles/Pressemitteilungen/Mai_2011--515.html HTTP/1.1" 200 13952 "" "Mozilla/5.0 (X11; U; Linux i686; de; rv:1.9.0.1; compatible; iCjobs Stellenangebote Jobs; http://www.icjobs.de) Gecko/20100401 iCjobs/3.2.3"
85.25.184.24 - - [29/Apr/2011:00:09:52 +0000] "GET /root/Aktuelles/Pressemitteilungen/M__rz_2011--511.html HTTP/1.1" 200 37245 "" "Mozilla/5.0 (X11; U; Linux i686; de; rv:1.9.0.1; compatible; iCjobs Stellenangebote Jobs; http://www.icjobs.de) Gecko/20100401 iCjobs/3.2.3"
85.25.184.24 - - [29/Apr/2011:00:09:54 +0000] "GET /root/Aktuelles/Pressemitteilungen/Februar_2011--510.html HTTP/1.1" 200 49675 "" "Mozilla/5.0 (X11; U; Linux i686; de; rv:1.9.0.1; compatible; iCjobs Stellenangebote Jobs; http://www.icjobs.de) Gecko/20100401 iCjobs/3.2.3"
85.25.184.24 - - [29/Apr/2011:00:10:00 +0000] "GET /root/Aktuelles/Pressemitteilungen/Januar_2011--508.html HTTP/1.1" 200 80999 "" "Mozilla/5.0 (X11; U; Linux i686; de; rv:1.9.0.1; compatible; iCjobs Stellenangebote Jobs; http://www.icjobs.de) Gecko/20100401 iCjobs/3.2.3"
85.25.184.24 - - [29/Apr/2011:00:10:11 +0000] "GET /root/Aktuelles/Pressemitteilungen/Archiv--65.html HTTP/1.1" 200 26406 "" "Mozilla/5.0 (X11; U; Linux i686; de; rv:1.9.0.1; compatible; iCjobs Stellenangebote Jobs; http://www.icjobs.de) Gecko/20100401 iCjobs/3.2.3"
85.25.184.24 - - [29/Apr/2011:00:10:12 +0000] "GET /root/Kreistag/B__rgerinfo--42.html HTTP/1.1" 200 0 "" "Mozilla/5.0 (X11; U; Linux i686; de; rv:1.9.0.1; compatible; iCjobs Stellenangebote Jobs; http://www.icjobs.de) Gecko/20100401 iCjobs/3.2.3"
85.25.184.24 - - [29/Apr/2011:00:10:13 +0000] "GET /root/Kreistag/Ratsinfo--495.html HTTP/1.1" 200 0 "" "Mozilla/5.0 (X11; U; Linux i686; de; rv:1.9.0.1; compatible; iCjobs Stellenangebote Jobs; http://www.icjobs.de) Gecko/20100401 iCjobs/3.2.3"
85.25.184.24 - - [29/Apr/2011:00:10:13 +0000] "GET /root/Kreistag/HH_Satzung_und_HH_Plan_2010_11--502.html HTTP/1.1" 200 31482 "" "Mozilla/5.0 (X11; U; Linux i686; de; rv:1.9.0.1; compatible; iCjobs Stellenangebote Jobs; http://www.icjobs.de) Gecko/20100401 iCjobs/3.2.3"
66.249.72.204 - - [29/Apr/2011:00:11:51 +0000] "GET /root/MENUE_RECHTS/Wirtschaft___Verkehr/Firmendatenbank/Firmendatenbank--195.html HTTP/1.1" 200 14302 "" "Mozilla/5.0 (compatible; Googlebot/2.1; +http://www.google.com/bot.html)"
65.52.110.72 - - [29/Apr/2011:00:17:10 +0000] "GET /root/Kontakt--4.html HTTP/1.1" 200 14140 "" "Mozilla/5.0 (compatible; bingbot/2.0; +http://www.bing.com/bingbot.htm)"
66.249.72.204 - - [29/Apr/2011:00:17:31 +0000] "GET /root/Kontakt--4.html HTTP/1.1" 200 14140 "" "Mozilla/5.0 (compatible; Googlebot/2.1; +http://www.google.com/bot.html)"
66.249.72.204 - - [29/Apr/2011:00:19:54 +0000] "GET /root/B__rgerservice/Zentralamt--160.html HTTP/1.1" 200 20708 "" "Mozilla/5.0 (compatible; Googlebot/2.1; +http://www.google.com/bot.html)"
85.25.184.24 - - [29/Apr/2011:00:20:59 +0000] "GET /root/Kreistag/Kreissatzungen--110.html HTTP/1.1" 200 27946 "" "Mozilla/5.0 (X11; U; Linux i686; de; rv:1.9.0.1; compatible; iCjobs Stellenangebote Jobs; http://www.icjobs.de) Gecko/20100401 iCjobs/3.2.3"
66.249.72.204 - - [29/Apr/2011:00:23:53 +0000] "GET /root/MENUE_RECHTS/Wirtschaft___Verkehr/Firmendatenbank/Firmendatenbank--195.html HTTP/1.1" 200 14302 "" "Mozilla/5.0 (compatible; Googlebot/2.1; +http://www.google.com/bot.html)"
85.25.184.24 - - [29/Apr/2011:00:32:53 +0000] "GET /root/Landkreis/Abgeordnete_MdB___MdL--252.html HTTP/1.1" 200 23978 "" "Mozilla/5.0 (X11; U; Linux i686; de; rv:1.9.0.1; compatible; iCjobs Stellenangebote Jobs; http://www.icjobs.de) Gecko/20100401 iCjobs/3.2.3"
67.195.115.40 - - [29/Apr/2011:00:33:05 +0000] "GET /root/Aktuelles/Pressemitteilungen/Mai_2011--515.html HTTP/1.1" 200 13952 "" "Mozilla/5.0 (compatible; Yahoo! Slurp; http://help.yahoo.com/help/us/ysearch/slurp)"
85.25.184.24 - - [29/Apr/2011:00:33:07 +0000] "GET /root/Landkreis/St__dte_--48.html HTTP/1.1" 200 18378 "" "Mozilla/5.0 (X11; U; Linux i686; de; rv:1.9.0.1; compatible; iCjobs Stellenangebote Jobs; http://www.icjobs.de) Gecko/20100401 iCjobs/3.2.3"
85.25.184.24 - - [29/Apr/2011:00:33:10 +0000] "GET /root/Landkreis/St__dte_/Artern--231.html HTTP/1.1" 200 20017 "" "Mozilla/5.0 (X11; U; Linux i686; de; rv:1.9.0.1; compatible; iCjobs Stellenangebote Jobs; http://www.icjobs.de) Gecko/20100401 iCjobs/3.2.3"
85.25.184.24 - - [29/Apr/2011:00:33:11 +0000] "GET /root/Landkreis/St__dte_/Bad_Frankenhausen--236.html HTTP/1.1" 200 24165 "" "Mozilla/5.0 (X11; U; Linux i686; de; rv:1.9.0.1; compatible; iCjobs Stellenangebote Jobs; http://www.icjobs.de) Gecko/20100401 iCjobs/3.2.3"
85.25.184.24 - - [29/Apr/2011:00:33:12 +0000] "GET /root/Landkreis/St__dte_/Clingen--294.html HTTP/1.1" 200 17802 "" "Mozilla/5.0 (X11; U; Linux i686; de; rv:1.9.0.1; compatible; iCjobs Stellenangebote Jobs; http://www.icjobs.de) Gecko/20100401 iCjobs/3.2.3"
85.25.184.24 - - [29/Apr/2011:00:33:13 +0000] "GET /root/Landkreis/St__dte_/Ebeleben--295.html HTTP/1.1" 200 19454 "" "Mozilla/5.0 (X11; U; Linux i686; de; rv:1.9.0.1; compatible; iCjobs Stellenangebote Jobs; http://www.icjobs.de) Gecko/20100401 iCjobs/3.2.3"
85.25.184.24 - - [29/Apr/2011:00:33:15 +0000] "GET /root/Landkreis/St__dte_/Greu__en--288.html HTTP/1.1" 200 18882 "" "Mozilla/5.0 (X11; U; Linux i686; de; rv:1.9.0.1; compatible; iCjobs Stellenangebote Jobs; http://www.icjobs.de) Gecko/20100401 iCjobs/3.2.3"
85.25.184.24 - - [29/Apr/2011:00:33:16 +0000] "GET /root/Landkreis/St__dte_/Gro__enehrich--293.html HTTP/1.1" 200 23594 "" "Mozilla/5.0 (X11; U; Linux i686; de; rv:1.9.0.1; compatible; iCjobs Stellenangebote Jobs; http://www.icjobs.de) Gecko/20100401 iCjobs/3.2.3"
85.25.184.24 - - [29/Apr/2011:00:33:18 +0000] "GET /root/Landkreis/St__dte_/Heldrungen--289.html HTTP/1.1" 200 17620 "" "Mozilla/5.0 (X11; U; Linux i686; de; rv:1.9.0.1; compatible; iCjobs Stellenangebote Jobs; http://www.icjobs.de) Gecko/20100401 iCjobs/3.2.3"
85.25.184.24 - - [29/Apr/2011:00:33:19 +0000] "GET /root/Landkreis/St__dte_/Ro__leben--290.html HTTP/1.1" 200 25672 "" "Mozilla/5.0 (X11; U; Linux i686; de; rv:1.9.0.1; compatible; iCjobs Stellenangebote Jobs; http://www.icjobs.de) Gecko/20100401 iCjobs/3.2.3"
85.25.184.24 - - [29/Apr/2011:00:33:21 +0000] "GET /root/Landkreis/St__dte_/Sondershausen--291.html HTTP/1.1" 200 18672 "" "Mozilla/5.0 (X11; U; Linux i686; de; rv:1.9.0.1; compatible; iCjobs Stellenangebote Jobs; http://www.icjobs.de) Gecko/20100401 iCjobs/3.2.3"
85.25.184.24 - - [29/Apr/2011:00:33:22 +0000] "GET /root/Landkreis/St__dte_/Wiehe--292.html HTTP/1.1" 200 20090 "" "Mozilla/5.0 (X11; U; Linux i686; de; rv:1.9.0.1; compatible; iCjobs Stellenangebote Jobs; http://www.icjobs.de) Gecko/20100401 iCjobs/3.2.3"
85.25.184.24 - - [29/Apr/2011:00:33:24 +0000] "GET /root/Landkreis/Verwaltungsgemeinschaften--45.html HTTP/1.1" 200 15356 "" "Mozilla/5.0 (X11; U; Linux i686; de; rv:1.9.0.1; compatible; iCjobs Stellenangebote Jobs; http://www.icjobs.de) Gecko/20100401 iCjobs/3.2.3"
85.25.184.24 - - [29/Apr/2011:00:33:25 +0000] "GET /root/Landkreis/Verwaltungsgemein.../VG_Greu__en--314.html HTTP/1.1" 200 16026 "" "Mozilla/5.0 (X11; U; Linux i686; de; rv:1.9.0.1; compatible; iCjobs Stellenangebote Jobs; http://www.icjobs.de) Gecko/20100401 iCjobs/3.2.3"
85.25.184.24 - - [29/Apr/2011:00:33:26 +0000] "GET /root/Landkreis/Verwaltungsgemein.../VG_Kyffh__user--315.html HTTP/1.1" 200 17889 "" "Mozilla/5.0 (X11; U; Linux i686; de; rv:1.9.0.1; compatible; iCjobs Stellenangebote Jobs; http://www.icjobs.de) Gecko/20100401 iCjobs/3.2.3"
85.25.184.24 - - [29/Apr/2011:00:33:27 +0000] "GET /root/Landkreis/Verwaltungsgemein.../VG_Mittelzentrum--316.html HTTP/1.1" 200 16666 "" "Mozilla/5.0 (X11; U; Linux i686; de; rv:1.9.0.1; compatible; iCjobs Stellenangebote Jobs; http://www.icjobs.de) Gecko/20100401 iCjobs/3.2.3"
85.25.184.24 - - [29/Apr/2011:00:33:28 +0000] "GET /root/Landkreis/Verwaltungsgemein.../VG_An_der_Schm__cke--317.html HTTP/1.1" 200 17797 "" "Mozilla/5.0 (X11; U; Linux i686; de; rv:1.9.0.1; compatible; iCjobs Stellenangebote Jobs; http://www.icjobs.de) Gecko/20100401 iCjobs/3.2.3"
85.25.184.24 - - [29/Apr/2011:00:33:29 +0000] "GET /root/Landkreis/Orte_von_A-Z--47.html HTTP/1.1" 200 36162 "" "Mozilla/5.0 (X11; U; Linux i686; de; rv:1.9.0.1; compatible; iCjobs Stellenangebote Jobs; http://www.icjobs.de) Gecko/20100401 iCjobs/3.2.3"
85.25.184.24 - - [29/Apr/2011:00:33:31 +0000] "GET /root/Landkreis/Vorstellung_Landrat--111.html HTTP/1.1" 200 29446 "" "Mozilla/5.0 (X11; U; Linux i686; de; rv:1.9.0.1; compatible; iCjobs Stellenangebote Jobs; http://www.icjobs.de) Gecko/20100401 iCjobs/3.2.3"
85.25.184.24 - - [29/Apr/2011:00:33:35 +0000] "GET /root/Landkreis/Geschichte___Geog.../Wappen--9.html HTTP/1.1" 200 17087 "" "Mozilla/5.0 (X11; U; Linux i686; de; rv:1.9.0.1; compatible; iCjobs Stellenangebote Jobs; http://www.icjobs.de) Gecko/20100401 iCjobs/3.2.3"
85.25.184.24 - - [29/Apr/2011:00:33:36 +0000] "GET /root/Landkreis/Geschichte___Geog.../Wappen--9.html HTTP/1.1" 200 17087 "" "Mozilla/5.0 (X11; U; Linux i686; de; rv:1.9.0.1; compatible; iCjobs Stellenangebote Jobs; http://www.icjobs.de) Gecko/20100401 iCjobs/3.2.3"
85.25.184.24 - - [29/Apr/2011:00:33:36 +0000] "GET /root/Landkreis/Geschichte___Geog.../Geografie--8.html HTTP/1.1" 200 15540 "" "Mozilla/5.0 (X11; U; Linux i686; de; rv:1.9.0.1; compatible; iCjobs Stellenangebote Jobs; http://www.icjobs.de) Gecko/20100401 iCjobs/3.2.3"
85.25.184.24 - - [29/Apr/2011:00:33:37 +0000] "GET /root/Landkreis/Ber__hmte_Pers__nlichkeiten--418.html HTTP/1.1" 200 25471 "" "Mozilla/5.0 (X11; U; Linux i686; de; rv:1.9.0.1; compatible; iCjobs Stellenangebote Jobs; http://www.icjobs.de) Gecko/20100401 iCjobs/3.2.3"
85.25.184.24 - - [29/Apr/2011:00:33:39 +0000] "GET /root/B__rgerservice/Landratsamt--427.html HTTP/1.1" 200 26870 "" "Mozilla/5.0 (X11; U; Linux i686; de; rv:1.9.0.1; compatible; iCjobs Stellenangebote Jobs; http://www.icjobs.de) Gecko/20100401 iCjobs/3.2.3"
85.25.184.24 - - [29/Apr/2011:00:33:40 +0000] "GET /root/B__rgerservice/Organigramm_LRA--182.html HTTP/1.1" 200 25964 "" "Mozilla/5.0 (X11; U; Linux i686; de; rv:1.9.0.1; compatible; iCjobs Stellenangebote Jobs; http://www.icjobs.de) Gecko/20100401 iCjobs/3.2.3"
85.25.184.24 - - [29/Apr/2011:00:33:42 +0000] "GET /root/B__rgerservice/Amt_f__r_Kommunalaufsicht--176.html HTTP/1.1" 200 18523 "" "Mozilla/5.0 (X11; U; Linux i686; de; rv:1.9.0.1; compatible; iCjobs Stellenangebote Jobs; http://www.icjobs.de) Gecko/20100401 iCjobs/3.2.3"
85.25.184.24 - - [29/Apr/2011:00:33:45 +0000] "GET /root/B__rgerservice/Amt_f__r_Wirtschaftsf__rderung--175.html HTTP/1.1" 200 20233 "" "Mozilla/5.0 (X11; U; Linux i686; de; rv:1.9.0.1; compatible; iCjobs Stellenangebote Jobs; http://www.icjobs.de) Gecko/20100401 iCjobs/3.2.3"
85.25.184.24 - - [29/Apr/2011:00:33:46 +0000] "GET /root/B__rgerservice/Ausl__nderbeh__rde--169.html HTTP/1.1" 200 23517 "" "Mozilla/5.0 (X11; U; Linux i686; de; rv:1.9.0.1; compatible; iCjobs Stellenangebote Jobs; http://www.icjobs.de) Gecko/20100401 iCjobs/3.2.3"
85.25.184.24 - - [29/Apr/2011:00:33:48 +0000] "GET /root/B__rgerservice/Bauverwaltungsamt--156.html HTTP/1.1" 200 34146 "" "Mozilla/5.0 (X11; U; Linux i686; de; rv:1.9.0.1; compatible; iCjobs Stellenangebote Jobs; http://www.icjobs.de) Gecko/20100401 iCjobs/3.2.3"
85.25.184.24 - - [29/Apr/2011:00:33:58 +0000] "GET /root/B__rgerservice/Brand-_Katastrophenschutz--168.html HTTP/1.1" 200 18451 "" "Mozilla/5.0 (X11; U; Linux i686; de; rv:1.9.0.1; compatible; iCjobs Stellenangebote Jobs; http://www.icjobs.de) Gecko/20100401 iCjobs/3.2.3"
85.25.184.24 - - [29/Apr/2011:00:34:00 +0000] "GET /root/B__rgerservice/B__ro_des_Kreistages--177.html HTTP/1.1" 200 18888 "" "Mozilla/5.0 (X11; U; Linux i686; de; rv:1.9.0.1; compatible; iCjobs Stellenangebote Jobs; http://www.icjobs.de) Gecko/20100401 iCjobs/3.2.3"
85.25.184.24 - - [29/Apr/2011:00:34:01 +0000] "GET /root/B__rgerservice/B__rgerservice__KFZ-_Zulassung--268.html HTTP/1.1" 200 18183 "" "Mozilla/5.0 (X11; U; Linux i686; de; rv:1.9.0.1; compatible; iCjobs Stellenangebote Jobs; http://www.icjobs.de) Gecko/20100401 iCjobs/3.2.3"
85.25.184.24 - - [29/Apr/2011:00:34:03 +0000] "GET /root/B__rgerservice/Gesundheitsamt--162.html HTTP/1.1" 200 34082 "" "Mozilla/5.0 (X11; U; Linux i686; de; rv:1.9.0.1; compatible; iCjobs Stellenangebote Jobs; http://www.icjobs.de) Gecko/20100401 iCjobs/3.2.3"
85.25.184.24 - - [29/Apr/2011:00:34:05 +0000] "GET /root/B__rgerservice/Gewerbe-_und_Ordnungsamt--159.html HTTP/1.1" 200 21551 "" "Mozilla/5.0 (X11; U; Linux i686; de; rv:1.9.0.1; compatible; iCjobs Stellenangebote Jobs; http://www.icjobs.de) Gecko/20100401 iCjobs/3.2.3"
66.249.72.204 - - [29/Apr/2011:00:35:52 +0000] "GET /root/Aktuelles/Pressemitteilungen/Februar_2007--64.html HTTP/1.1" 200 21713 "" "Mozilla/5.0 (compatible; Googlebot/2.1; +http://www.google.com/bot.html)"
85.25.184.24 - - [29/Apr/2011:00:38:08 +0000] "GET /root/B__rgerservice/Jugendamt--157.html HTTP/1.1" 200 22723 "" "Mozilla/5.0 (X11; U; Linux i686; de; rv:1.9.0.1; compatible; iCjobs Stellenangebote Jobs; http://www.icjobs.de) Gecko/20100401 iCjobs/3.2.3"
85.25.184.24 - - [29/Apr/2011:00:38:09 +0000] "GET /root/B__rgerservice/Kreisk__mmerei--165.html HTTP/1.1" 200 18685 "" "Mozilla/5.0 (X11; U; Linux i686; de; rv:1.9.0.1; compatible; iCjobs Stellenangebote Jobs; http://www.icjobs.de) Gecko/20100401 iCjobs/3.2.3"
85.25.184.24 - - [29/Apr/2011:00:38:11 +0000] "GET /root/B__rgerservice/Kreisvolkshochschule--181.html HTTP/1.1" 200 19364 "" "Mozilla/5.0 (X11; U; Linux i686; de; rv:1.9.0.1; compatible; iCjobs Stellenangebote Jobs; http://www.icjobs.de) Gecko/20100401 iCjobs/3.2.3"
85.25.184.24 - - [29/Apr/2011:00:38:12 +0000] "GET /root/B__rgerservice/Kreismusikschule_--180.html HTTP/1.1" 200 20314 "" "Mozilla/5.0 (X11; U; Linux i686; de; rv:1.9.0.1; compatible; iCjobs Stellenangebote Jobs; http://www.icjobs.de) Gecko/20100401 iCjobs/3.2.3"
85.25.184.24 - - [29/Apr/2011:00:38:14 +0000] "GET /root/B__rgerservice/Lernen_vor_Ort--481.html HTTP/1.1" 200 19287 "" "Mozilla/5.0 (X11; U; Linux i686; de; rv:1.9.0.1; compatible; iCjobs Stellenangebote Jobs; http://www.icjobs.de) Gecko/20100401 iCjobs/3.2.3"
85.25.184.24 - - [29/Apr/2011:00:38:15 +0000] "GET /root/B__rgerservice/Rechnungspr__fungsamt--174.html HTTP/1.1" 200 19124 "" "Mozilla/5.0 (X11; U; Linux i686; de; rv:1.9.0.1; compatible; iCjobs Stellenangebote Jobs; http://www.icjobs.de) Gecko/20100401 iCjobs/3.2.3"
85.25.184.24 - - [29/Apr/2011:00:38:17 +0000] "GET /root/B__rgerservice/Rechtsamt--173.html HTTP/1.1" 200 21480 "" "Mozilla/5.0 (X11; U; Linux i686; de; rv:1.9.0.1; compatible; iCjobs Stellenangebote Jobs; http://www.icjobs.de) Gecko/20100401 iCjobs/3.2.3"
85.25.184.24 - - [29/Apr/2011:00:38:18 +0000] "GET /root/B__rgerservice/Schulverwaltungsamt--163.html HTTP/1.1" 200 19154 "" "Mozilla/5.0 (X11; U; Linux i686; de; rv:1.9.0.1; compatible; iCjobs Stellenangebote Jobs; http://www.icjobs.de) Gecko/20100401 iCjobs/3.2.3"
85.25.184.24 - - [29/Apr/2011:00:38:20 +0000] "GET /root/B__rgerservice/Sozialamt--161.html HTTP/1.1" 200 22575 "" "Mozilla/5.0 (X11; U; Linux i686; de; rv:1.9.0.1; compatible; iCjobs Stellenangebote Jobs; http://www.icjobs.de) Gecko/20100401 iCjobs/3.2.3"
85.25.184.24 - - [29/Apr/2011:00:38:21 +0000] "GET /root/B__rgerservice/Stra__enverkehr--170.html HTTP/1.1" 200 18021 "" "Mozilla/5.0 (X11; U; Linux i686; de; rv:1.9.0.1; compatible; iCjobs Stellenangebote Jobs; http://www.icjobs.de) Gecko/20100401 iCjobs/3.2.3"
85.25.184.24 - - [29/Apr/2011:00:38:22 +0000] "GET /root/B__rgerservice/Amt_f__r_Umwelt__Natur__Wasser--158.html HTTP/1.1" 200 22479 "" "Mozilla/5.0 (X11; U; Linux i686; de; rv:1.9.0.1; compatible; iCjobs Stellenangebote Jobs; http://www.icjobs.de) Gecko/20100401 iCjobs/3.2.3"
85.25.184.24 - - [29/Apr/2011:00:38:23 +0000] "GET /root/B__rgerservice/Zentralamt--160.html HTTP/1.1" 200 20708 "" "Mozilla/5.0 (X11; U; Linux i686; de; rv:1.9.0.1; compatible; iCjobs Stellenangebote Jobs; http://www.icjobs.de) Gecko/20100401 iCjobs/3.2.3"
85.25.184.24 - - [29/Apr/2011:00:38:24 +0000] "GET /root/B__rgerservice/Wunschkennzeichen--56.html HTTP/1.1" 200 16474 "" "Mozilla/5.0 (X11; U; Linux i686; de; rv:1.9.0.1; compatible; iCjobs Stellenangebote Jobs; http://www.icjobs.de) Gecko/20100401 iCjobs/3.2.3"
85.25.184.24 - - [29/Apr/2011:00:38:25 +0000] "GET /root/Tourismus___Kultur/Ausstellungen--223.html HTTP/1.1" 200 15930 "" "Mozilla/5.0 (X11; U; Linux i686; de; rv:1.9.0.1; compatible; iCjobs Stellenangebote Jobs; http://www.icjobs.de) Gecko/20100401 iCjobs/3.2.3"
85.25.184.24 - - [29/Apr/2011:00:38:29 +0000] "GET /root/Tourismus___Kultur/Kyffh__user--20.html HTTP/1.1" 200 22730 "" "Mozilla/5.0 (X11; U; Linux i686; de; rv:1.9.0.1; compatible; iCjobs Stellenangebote Jobs; http://www.icjobs.de) Gecko/20100401 iCjobs/3.2.3"
85.25.184.24 - - [29/Apr/2011:00:38:35 +0000] "GET /root/Tourismus___Kultur/Kyffh__user/Kyffh__user_aktuell--331.html HTTP/1.1" 200 29872 "" "Mozilla/5.0 (X11; U; Linux i686; de; rv:1.9.0.1; compatible; iCjobs Stellenangebote Jobs; http://www.icjobs.de) Gecko/20100401 iCjobs/3.2.3"
85.25.184.24 - - [29/Apr/2011:00:39:08 +0000] "GET /root/Tourismus___Kultur/K__nstler_/Reiner_Ende--437.html HTTP/1.1" 200 19400 "" "Mozilla/5.0 (X11; U; Linux i686; de; rv:1.9.0.1; compatible; iCjobs Stellenangebote Jobs; http://www.icjobs.de) Gecko/20100401 iCjobs/3.2.3"
85.25.184.24 - - [29/Apr/2011:00:39:15 +0000] "GET /root/Tourismus___Kultur/K__nstler_/Timm_Kregel--439.html HTTP/1.1" 200 37588 "" "Mozilla/5.0 (X11; U; Linux i686; de; rv:1.9.0.1; compatible; iCjobs Stellenangebote Jobs; http://www.icjobs.de) Gecko/20100401 iCjobs/3.2.3"
85.25.184.24 - - [29/Apr/2011:00:39:19 +0000] "GET /root/Tourismus___Kultur/K__nstler_/Gerd_Mackensen--440.html HTTP/1.1" 200 24313 "" "Mozilla/5.0 (X11; U; Linux i686; de; rv:1.9.0.1; compatible; iCjobs Stellenangebote Jobs; http://www.icjobs.de) Gecko/20100401 iCjobs/3.2.3"
85.25.184.24 - - [29/Apr/2011:00:39:24 +0000] "GET /root/Tourismus___Kultur/K__nstler_/Grit_Piolka--441.html HTTP/1.1" 200 18127 "" "Mozilla/5.0 (X11; U; Linux i686; de; rv:1.9.0.1; compatible; iCjobs Stellenangebote Jobs; http://www.icjobs.de) Gecko/20100401 iCjobs/3.2.3"
85.25.184.24 - - [29/Apr/2011:00:39:27 +0000] "GET /root/Tourismus___Kultur/K__nstler_/Sabine_Kremer--442.html HTTP/1.1" 200 18778 "" "Mozilla/5.0 (X11; U; Linux i686; de; rv:1.9.0.1; compatible; iCjobs Stellenangebote Jobs; http://www.icjobs.de) Gecko/20100401 iCjobs/3.2.3"
85.25.184.24 - - [29/Apr/2011:00:39:29 +0000] "GET /root/Tourismus___Kultur/Funkenburg_Westgreussen--21.html HTTP/1.1" 200 19717 "" "Mozilla/5.0 (X11; U; Linux i686; de; rv:1.9.0.1; compatible; iCjobs Stellenangebote Jobs; http://www.icjobs.de) Gecko/20100401 iCjobs/3.2.3"
85.25.184.24 - - [29/Apr/2011:00:39:34 +0000] "GET /root/Tourismus___Kultur/Kulturvereine--23.html HTTP/1.1" 200 16550 "" "Mozilla/5.0 (X11; U; Linux i686; de; rv:1.9.0.1; compatible; iCjobs Stellenangebote Jobs; http://www.icjobs.de) Gecko/20100401 iCjobs/3.2.3"
85.25.184.24 - - [29/Apr/2011:00:39:37 +0000] "GET /root/Tourismus___Kultur/Kulturvereine/Geschichts-__Heimatvereine--218.html HTTP/1.1" 200 21291 "" "Mozilla/5.0 (X11; U; Linux i686; de; rv:1.9.0.1; compatible; iCjobs Stellenangebote Jobs; http://www.icjobs.de) Gecko/20100401 iCjobs/3.2.3"
85.25.184.24 - - [29/Apr/2011:00:39:39 +0000] "GET /root/Tourismus___Kultur/Kulturvereine/Literatur-__Kunstvereine--220.html HTTP/1.1" 200 16946 "" "Mozilla/5.0 (X11; U; Linux i686; de; rv:1.9.0.1; compatible; iCjobs Stellenangebote Jobs; http://www.icjobs.de) Gecko/20100401 iCjobs/3.2.3"
85.25.184.24 - - [29/Apr/2011:00:39:41 +0000] "GET /root/Tourismus___Kultur/Kulturvereine/Theater-__Musikvereine--221.html HTTP/1.1" 200 15606 "" "Mozilla/5.0 (X11; U; Linux i686; de; rv:1.9.0.1; compatible; iCjobs Stellenangebote Jobs; http://www.icjobs.de) Gecko/20100401 iCjobs/3.2.3"
85.25.184.24 - - [29/Apr/2011:00:39:42 +0000] "GET /root/Tourismus___Kultur/Tag_des_offenen_Denkmals_2010--487.html HTTP/1.1" 200 28045 "" "Mozilla/5.0 (X11; U; Linux i686; de; rv:1.9.0.1; compatible; iCjobs Stellenangebote Jobs; http://www.icjobs.de) Gecko/20100401 iCjobs/3.2.3"
85.25.184.24 - - [29/Apr/2011:00:39:44 +0000] "GET /root/Tourismus___Kultur/Tag_der_Heimatgeschichte--25.html HTTP/1.1" 200 24720 "" "Mozilla/5.0 (X11; U; Linux i686; de; rv:1.9.0.1; compatible; iCjobs Stellenangebote Jobs; http://www.icjobs.de) Gecko/20100401 iCjobs/3.2.3"
85.25.184.24 - - [29/Apr/2011:00:40:11 +0000] "GET /root/Tourismus___Kultur/Theater___Orchester--26.html HTTP/1.1" 200 29405 "" "Mozilla/5.0 (X11; U; Linux i686; de; rv:1.9.0.1; compatible; iCjobs Stellenangebote Jobs; http://www.icjobs.de) Gecko/20100401 iCjobs/3.2.3"
85.25.184.24 - - [29/Apr/2011:00:40:20 +0000] "GET /root/Tourismus___Kultur/Landesmusikakademie--395.html HTTP/1.1" 200 20679 "" "Mozilla/5.0 (X11; U; Linux i686; de; rv:1.9.0.1; compatible; iCjobs Stellenangebote Jobs; http://www.icjobs.de) Gecko/20100401 iCjobs/3.2.3"
85.25.184.24 - - [29/Apr/2011:00:40:22 +0000] "GET /root/Soziales___Gesund.../Soziale_Einrichtu.../Kindertagesst__tten--303.html HTTP/1.1" 200 14030 "" "Mozilla/5.0 (X11; U; Linux i686; de; rv:1.9.0.1; compatible; iCjobs Stellenangebote Jobs; http://www.icjobs.de) Gecko/20100401 iCjobs/3.2.3"
85.25.184.24 - - [29/Apr/2011:00:40:24 +0000] "GET /root/Soziales___Gesund.../Soziale_Einrichtu.../Krankenh__user--34.html HTTP/1.1" 200 17698 "" "Mozilla/5.0 (X11; U; Linux i686; de; rv:1.9.0.1; compatible; iCjobs Stellenangebote Jobs; http://www.icjobs.de) Gecko/20100401 iCjobs/3.2.3"
85.25.184.24 - - [29/Apr/2011:00:40:25 +0000] "GET /root/Soziales___Gesund.../Soziale_Einrichtu.../Alten-_und_Pflegeheime--202.html HTTP/1.1" 200 18964 "" "Mozilla/5.0 (X11; U; Linux i686; de; rv:1.9.0.1; compatible; iCjobs Stellenangebote Jobs; http://www.icjobs.de) Gecko/20100401 iCjobs/3.2.3"
85.25.184.24 - - [29/Apr/2011:00:40:28 +0000] "GET /root/Soziales___Gesund.../Selbsthilfegruppen--87.html HTTP/1.1" 200 20833 "" "Mozilla/5.0 (X11; U; Linux i686; de; rv:1.9.0.1; compatible; iCjobs Stellenangebote Jobs; http://www.icjobs.de) Gecko/20100401 iCjobs/3.2.3"
85.25.184.24 - - [29/Apr/2011:00:40:30 +0000] "GET /root/Soziales___Gesund.../Selbsthilfegruppen/Demenzkranke--217.html HTTP/1.1" 200 14665 "" "Mozilla/5.0 (X11; U; Linux i686; de; rv:1.9.0.1; compatible; iCjobs Stellenangebote Jobs; http://www.icjobs.de) Gecko/20100401 iCjobs/3.2.3"
85.25.184.24 - - [29/Apr/2011:00:40:31 +0000] "GET /root/Soziales___Gesund.../Selbsthilfegruppen/Osteoporose--211.html HTTP/1.1" 200 44554 "" "Mozilla/5.0 (X11; U; Linux i686; de; rv:1.9.0.1; compatible; iCjobs Stellenangebote Jobs; http://www.icjobs.de) Gecko/20100401 iCjobs/3.2.3"
85.25.184.24 - - [29/Apr/2011:00:40:33 +0000] "GET /root/Soziales___Gesund.../Selbsthilfegruppen/Senioren_Frauen_Soziales--213.html HTTP/1.1" 200 22449 "" "Mozilla/5.0 (X11; U; Linux i686; de; rv:1.9.0.1; compatible; iCjobs Stellenangebote Jobs; http://www.icjobs.de) Gecko/20100401 iCjobs/3.2.3"
85.25.184.24 - - [29/Apr/2011:00:40:35 +0000] "GET /root/Soziales___Gesund.../Selbsthilfegruppen/Sucht_Drogen_Angeh__rige--214.html HTTP/1.1" 200 14664 "" "Mozilla/5.0 (X11; U; Linux i686; de; rv:1.9.0.1; compatible; iCjobs Stellenangebote Jobs; http://www.icjobs.de) Gecko/20100401 iCjobs/3.2.3"
85.25.184.24 - - [29/Apr/2011:00:40:36 +0000] "GET /root/Soziales___Gesund.../Psychiatrieangebote--216.html HTTP/1.1" 200 18437 "" "Mozilla/5.0 (X11; U; Linux i686; de; rv:1.9.0.1; compatible; iCjobs Stellenangebote Jobs; http://www.icjobs.de) Gecko/20100401 iCjobs/3.2.3"
85.25.184.24 - - [29/Apr/2011:00:40:38 +0000] "GET /root/Soziales___Gesund.../Ehrenamt--397.html HTTP/1.1" 200 18680 "" "Mozilla/5.0 (X11; U; Linux i686; de; rv:1.9.0.1; compatible; iCjobs Stellenangebote Jobs; http://www.icjobs.de) Gecko/20100401 iCjobs/3.2.3"
85.25.184.24 - - [29/Apr/2011:00:40:40 +0000] "GET /root/Soziales___Gesund.../Behindertenbeauftragte--36.html HTTP/1.1" 200 15234 "" "Mozilla/5.0 (X11; U; Linux i686; de; rv:1.9.0.1; compatible; iCjobs Stellenangebote Jobs; http://www.icjobs.de) Gecko/20100401 iCjobs/3.2.3"
85.25.184.24 - - [29/Apr/2011:00:40:41 +0000] "GET /root/Soziales___Gesund.../Familie___Kinder--38.html HTTP/1.1" 200 23881 "" "Mozilla/5.0 (X11; U; Linux i686; de; rv:1.9.0.1; compatible; iCjobs Stellenangebote Jobs; http://www.icjobs.de) Gecko/20100401 iCjobs/3.2.3"
85.25.184.24 - - [29/Apr/2011:00:41:11 +0000] "GET /root/Soziales___Gesund.../Infos_zur_Schweinegrippe--287.html HTTP/1.1" 200 23819 "" "Mozilla/5.0 (X11; U; Linux i686; de; rv:1.9.0.1; compatible; iCjobs Stellenangebote Jobs; http://www.icjobs.de) Gecko/20100401 iCjobs/3.2.3"
85.25.184.24 - - [29/Apr/2011:00:41:15 +0000] "GET /root/Kontakt--4.html HTTP/1.1" 200 14140 "http://www.kyffhaeuser.de/lrakyf/index.php?id=49&no_cache=1&tx_ricrotation_pi1[banneruid]=2" "Mozilla/5.0 (X11; U; Linux i686; de; rv:1.9.0.1; compatible; iCjobs Stellenangebote Jobs; http://www.icjobs.de) Gecko/20100401 iCjobs/3.2.3"
85.25.184.24 - - [29/Apr/2011:00:41:15 +0000] "GET /root/Kontakt--4.html HTTP/1.1" 200 14140 "http://www.kyffhaeuser.de/lrakyf/index.php?id=436&no_cache=1&tx_ricrotation_pi1[banneruid]=3" "Mozilla/5.0 (X11; U; Linux i686; de; rv:1.9.0.1; compatible; iCjobs Stellenangebote Jobs; http://www.icjobs.de) Gecko/20100401 iCjobs/3.2.3"
85.25.184.24 - - [29/Apr/2011:00:41:16 +0000] "GET /root/Kontakt--4.html HTTP/1.1" 200 14140 "http://www.kyffhaeuser.de/lrakyf/index.php?id=179&no_cache=1&tx_ricrotation_pi1[banneruid]=6" "Mozilla/5.0 (X11; U; Linux i686; de; rv:1.9.0.1; compatible; iCjobs Stellenangebote Jobs; http://www.icjobs.de) Gecko/20100401 iCjobs/3.2.3"
85.25.184.24 - - [29/Apr/2011:00:41:16 +0000] "GET /root/Kontakt--4.html HTTP/1.1" 200 14140 "http://www.kyffhaeuser.de/lrakyf/index.php?id=428&no_cache=1&tx_ricrotation_pi1[banneruid]=1" "Mozilla/5.0 (X11; U; Linux i686; de; rv:1.9.0.1; compatible; iCjobs Stellenangebote Jobs; http://www.icjobs.de) Gecko/20100401 iCjobs/3.2.3"
85.25.184.24 - - [29/Apr/2011:00:41:17 +0000] "GET /root/Kontakt--4.html HTTP/1.1" 200 14140 "http://www.kyffhaeuser.de/lrakyf/index.php?id=264&no_cache=1&tx_ricrotation_pi1[banneruid]=6" "Mozilla/5.0 (X11; U; Linux i686; de; rv:1.9.0.1; compatible; iCjobs Stellenangebote Jobs; http://www.icjobs.de) Gecko/20100401 iCjobs/3.2.3"
85.25.184.24 - - [29/Apr/2011:00:41:18 +0000] "GET /root/Kontakt--4.html HTTP/1.1" 200 14140 "http://www.kyffhaeuser.de/lrakyf/index.php?id=361&no_cache=1&tx_ricrotation_pi1[banneruid]=9" "Mozilla/5.0 (X11; U; Linux i686; de; rv:1.9.0.1; compatible; iCjobs Stellenangebote Jobs; http://www.icjobs.de) Gecko/20100401 iCjobs/3.2.3"
139.18.13.202 - - [29/Apr/2011:00:43:59 +0000] "GET /root/Landkreis/Ber__hmte_Pers__nlichkeiten--418.html HTTP/1.1" 200 25471 "" "findlinks/2.0.4 (+http://wortschatz.uni-leipzig.de/findlinks/)"
85.25.184.24 - - [29/Apr/2011:00:45:32 +0000] "GET /root/Kontakt--4.html HTTP/1.1" 200 14140 "http://www.kyffhaeuser.de/lrakyf/index.php?id=164&no_cache=1&tx_ricrotation_pi1[banneruid]=3" "Mozilla/5.0 (X11; U; Linux i686; de; rv:1.9.0.1; compatible; iCjobs Stellenangebote Jobs; http://www.icjobs.de) Gecko/20100401 iCjobs/3.2.3"
85.25.184.24 - - [29/Apr/2011:00:45:33 +0000] "GET /root/Kontakt--4.html HTTP/1.1" 200 14140 "http://www.kyffhaeuser.de/lrakyf/index.php?id=172&no_cache=1&tx_ricrotation_pi1[banneruid]=9" "Mozilla/5.0 (X11; U; Linux i686; de; rv:1.9.0.1; compatible; iCjobs Stellenangebote Jobs; http://www.icjobs.de) Gecko/20100401 iCjobs/3.2.3"
85.25.184.24 - - [29/Apr/2011:00:45:33 +0000] "GET /root/Kontakt--4.html HTTP/1.1" 200 14140 "http://www.kyffhaeuser.de/lrakyf/index.php?id=79&no_cache=1&tx_ricrotation_pi1[banneruid]=3" "Mozilla/5.0 (X11; U; Linux i686; de; rv:1.9.0.1; compatible; iCjobs Stellenangebote Jobs; http://www.icjobs.de) Gecko/20100401 iCjobs/3.2.3"
66.249.72.204 - - [29/Apr/2011:00:51:51 +0000] "GET /root/MENUE_RECHTS/Wirtschaft___Verkehr/Firmendatenbank/Firmendatenbank--195.html HTTP/1.1" 200 14302 "" "Mozilla/5.0 (compatible; Googlebot/2.1; +http://www.google.com/bot.html)"
85.25.184.24 - - [29/Apr/2011:00:53:31 +0000] "GET /root/Kontakt--4.html HTTP/1.1" 200 14140 "http://www.kyffhaeuser.de/lrakyf/index.php?id=4&no_cache=1&tx_ricrotation_pi1[banneruid]=3" "Mozilla/5.0 (X11; U; Linux i686; de; rv:1.9.0.1; compatible; iCjobs Stellenangebote Jobs; http://www.icjobs.de) Gecko/20100401 iCjobs/3.2.3"
85.25.184.24 - - [29/Apr/2011:00:53:32 +0000] "GET /root/Kontakt--4.html HTTP/1.1" 200 14140 "http://www.kyffhaeuser.de/lrakyf/index.php?id=167&no_cache=1&tx_ricrotation_pi1[banneruid]=2" "Mozilla/5.0 (X11; U; Linux i686; de; rv:1.9.0.1; compatible; iCjobs Stellenangebote Jobs; http://www.icjobs.de) Gecko/20100401 iCjobs/3.2.3"
88.131.106.5 - - [29/Apr/2011:00:54:26 +0000] "GET /root/Kontakt--4.html HTTP/1.1" 200 14140 "" "Mozilla/5.0 (Windows; U; Windows NT 5.1; en-US) Speedy Spider (http://www.entireweb.com/about/search_tech/speedy_spider/)"
88.131.106.5 - - [29/Apr/2011:00:56:37 +0000] "GET /root/Kontakt--4.html HTTP/1.1" 200 14140 "" "Mozilla/5.0 (Windows; U; Windows NT 5.1; en-US) Speedy Spider (http://www.entireweb.com/about/search_tech/speedy_spider/)"
207.46.195.232 - - [29/Apr/2011:00:58:30 +0000] "GET /root/B__rgerservice/B__rgerservice__F__hrerscheins--172.html HTTP/1.1" 200 19856 "" "Mozilla/5.0 (compatible; bingbot/2.0; +http://www.bing.com/bingbot.htm)"
67.195.115.40 - - [29/Apr/2011:01:09:42 +0000] "GET /root/Landkreis/Orte_von_A-Z/Abtsbessingen--229.html HTTP/1.1" 200 20711 "" "Mozilla/5.0 (compatible; Yahoo! Slurp; http://help.yahoo.com/help/us/ysearch/slurp)"
67.195.115.40 - - [29/Apr/2011:01:11:22 +0000] "GET /root/Landkreis/Orte_von_A-Z/Nausitz--308.html HTTP/1.1" 200 17606 "" "Mozilla/5.0 (compatible; Yahoo! Slurp; http://help.yahoo.com/help/us/ysearch/slurp)"
67.195.115.40 - - [29/Apr/2011:01:12:42 +0000] "GET /root/Startseite--215.html HTTP/1.1" 200 39592 "" "Mozilla/5.0 (compatible; Yahoo! Slurp; http://help.yahoo.com/help/us/ysearch/slurp)"
67.195.115.40 - - [29/Apr/2011:01:16:06 +0000] "GET /root/Landkreis/Orte_von_A-Z/M__nchpfiffel--307.html HTTP/1.1" 200 16501 "" "Mozilla/5.0 (compatible; Yahoo! Slurp; http://help.yahoo.com/help/us/ysearch/slurp)"
67.195.115.40 - - [29/Apr/2011:01:16:15 +0000] "GET /root/Kontakt--4.html HTTP/1.1" 200 14140 "" "Mozilla/5.0 (compatible; Yahoo! Slurp; http://help.yahoo.com/help/us/ysearch/slurp)"
77.189.81.124 - - [29/Apr/2011:01:18:52 +0000] "GET /root/MENUE_RECHTS/Wirtschaft___Verkehr/Autobahnbau_A_38___A_71_--296.html HTTP/1.1" 200 17932 "" "Mozilla/5.0 (Windows; U; Windows NT 5.1; en-US; rv:1.8.1.13) Gecko/20080311 Firefox/2.0.0.13"
65.52.110.38 - - [29/Apr/2011:01:28:30 +0000] "GET /root/MENUE_RECHTS/Wirtschaft___Verkehr/Firmendatenbank/Firmendatenbank--195.html HTTP/1.1" 200 15420 "" "Mozilla/5.0 (compatible; bingbot/2.0; +http://www.bing.com/bingbot.htm)"
67.195.115.40 - - [29/Apr/2011:01:31:10 +0000] "GET /root/Kontakt--4.html HTTP/1.1" 200 14140 "" "Mozilla/5.0 (compatible; Yahoo! Slurp; http://help.yahoo.com/help/us/ysearch/slurp)"
66.249.72.204 - - [29/Apr/2011:01:31:49 +0000] "GET /root/MENUE_RECHTS/Wirtschaft___Verkehr/Firmendatenbank/Firmendatenbank--195.html HTTP/1.1" 200 17859 "" "Mozilla/5.0 (compatible; Googlebot/2.1; +http://www.google.com/bot.html)"
207.46.204.233 - - [29/Apr/2011:01:32:59 +0000] "GET /root/B__rgerservice/Jugendamt--157.html HTTP/1.1" 200 22723 "" "Mozilla/5.0 (compatible; bingbot/2.0; +http://www.bing.com/bingbot.htm)"
67.195.115.40 - - [29/Apr/2011:01:36:40 +0000] "GET /root/Landkreis/Orte_von_A-Z/Seehausen--344.html HTTP/1.1" 200 15174 "" "Mozilla/5.0 (compatible; Yahoo! Slurp; http://help.yahoo.com/help/us/ysearch/slurp)"
66.249.72.204 - - [29/Apr/2011:01:43:48 +0000] "GET /root/MENUE_RECHTS/Wirtschaft___Verkehr/Firmendatenbank/Firmendatenbank--195.html HTTP/1.1" 200 16868 "" "Mozilla/5.0 (compatible; Googlebot/2.1; +http://www.google.com/bot.html)"
79.248.189.57 - - [29/Apr/2011:01:51:14 +0000] "GET /root/Landkreis/Orte_von_A-Z/Holzthaleben--300.html HTTP/1.1" 200 21155 "http://www.bing.com/search?FORM=IEFM1&q=holzthaleben" "Mozilla/5.0 (Windows NT 5.1; rv:2.0) Gecko/20100101 Firefox/4.0"
79.248.189.57 - - [29/Apr/2011:01:51:27 +0000] "GET /root/Soziales___Gesundheit--32.html HTTP/1.1" 200 17526 "http://www.kyffhaeuser.de/lrakyf/index.php?id=300" "Mozilla/5.0 (Windows NT 5.1; rv:2.0) Gecko/20100101 Firefox/4.0"
79.248.189.57 - - [29/Apr/2011:01:51:36 +0000] "GET /root/Tourismus___Kultur--12.html HTTP/1.1" 200 33113 "http://www.kyffhaeuser.de/lrakyf/index.php?id=32" "Mozilla/5.0 (Windows NT 5.1; rv:2.0) Gecko/20100101 Firefox/4.0"
220.181.108.86 - - [29/Apr/2011:01:51:37 +0000] "GET /root/Startseite--215.html HTTP/1.1" 200 39592 "" "Baiduspider+(+http://www.baidu.com/search/spider.htm)"
79.248.189.57 - - [29/Apr/2011:01:51:52 +0000] "GET /root/MENUE_RECHTS/Jugend___Sport--72.html HTTP/1.1" 200 17257 "http://www.kyffhaeuser.de/lrakyf/index.php?id=12" "Mozilla/5.0 (Windows NT 5.1; rv:2.0) Gecko/20100101 Firefox/4.0"
220.181.108.88 - - [29/Apr/2011:01:51:51 +0000] "GET /root/Kreistag--39.html HTTP/1.1" 200 15091 "" "Baiduspider+(+http://www.baidu.com/search/spider.htm)"
79.248.189.57 - - [29/Apr/2011:01:51:58 +0000] "GET /root/MENUE_RECHTS/Jugend___Sport/Sport--379.html HTTP/1.1" 200 22547 "http://www.kyffhaeuser.de/lrakyf/index.php?id=72" "Mozilla/5.0 (Windows NT 5.1; rv:2.0) Gecko/20100101 Firefox/4.0"
79.248.189.57 - - [29/Apr/2011:01:52:11 +0000] "GET /root/Tourismus___Kultur--12.html HTTP/1.1" 200 33113 "http://www.kyffhaeuser.de/lrakyf/index.php?id=379" "Mozilla/5.0 (Windows NT 5.1; rv:2.0) Gecko/20100101 Firefox/4.0"
79.248.189.57 - - [29/Apr/2011:01:52:19 +0000] "GET /root/Tourismus___Kultur/Kulturvereine--23.html HTTP/1.1" 200 16550 "http://www.kyffhaeuser.de/lrakyf/index.php?id=12" "Mozilla/5.0 (Windows NT 5.1; rv:2.0) Gecko/20100101 Firefox/4.0"
79.248.189.57 - - [29/Apr/2011:01:52:25 +0000] "GET /root/Tourismus___Kultur/Kulturvereine/Geschichts-__Heimatvereine--218.html HTTP/1.1" 200 21291 "http://www.kyffhaeuser.de/lrakyf/index.php?id=23" "Mozilla/5.0 (Windows NT 5.1; rv:2.0) Gecko/20100101 Firefox/4.0"
79.248.189.57 - - [29/Apr/2011:01:52:37 +0000] "GET /root/MENUE_RECHTS/Jugend___Sport--72.html HTTP/1.1" 200 17257 "http://www.kyffhaeuser.de/lrakyf/index.php?id=218" "Mozilla/5.0 (Windows NT 5.1; rv:2.0) Gecko/20100101 Firefox/4.0"
79.248.189.57 - - [29/Apr/2011:01:52:42 +0000] "GET /root/MENUE_RECHTS/Jugend___Sport/Sport--379.html HTTP/1.1" 200 22547 "http://www.kyffhaeuser.de/lrakyf/index.php?id=72" "Mozilla/5.0 (Windows NT 5.1; rv:2.0) Gecko/20100101 Firefox/4.0"
79.248.189.57 - - [29/Apr/2011:01:52:48 +0000] "GET /root/MENUE_RECHTS/Jugend___Sport/Freizeitangebote--73.html HTTP/1.1" 200 19245 "http://www.kyffhaeuser.de/lrakyf/index.php?id=379" "Mozilla/5.0 (Windows NT 5.1; rv:2.0) Gecko/20100101 Firefox/4.0"
79.248.189.57 - - [29/Apr/2011:01:52:52 +0000] "GET /root/MENUE_RECHTS/Jugend___Sport/Freizeitangebote--73.html HTTP/1.1" 200 19245 "http://www.kyffhaeuser.de/lrakyf/index.php?id=73" "Mozilla/5.0 (Windows NT 5.1; rv:2.0) Gecko/20100101 Firefox/4.0"
79.248.189.57 - - [29/Apr/2011:01:53:04 +0000] "GET /root/Tourismus___Kultur--12.html HTTP/1.1" 200 33113 "http://www.kyffhaeuser.de/lrakyf/index.php?id=73" "Mozilla/5.0 (Windows NT 5.1; rv:2.0) Gecko/20100101 Firefox/4.0"
79.248.189.57 - - [29/Apr/2011:01:53:15 +0000] "GET /root/Soziales___Gesundheit--32.html HTTP/1.1" 200 17526 "http://www.kyffhaeuser.de/lrakyf/index.php?id=12" "Mozilla/5.0 (Windows NT 5.1; rv:2.0) Gecko/20100101 Firefox/4.0"
79.248.189.57 - - [29/Apr/2011:01:53:23 +0000] "GET /root/Aktuelles--79.html HTTP/1.1" 200 26602 "http://www.kyffhaeuser.de/lrakyf/index.php?id=32" "Mozilla/5.0 (Windows NT 5.1; rv:2.0) Gecko/20100101 Firefox/4.0"
79.248.189.57 - - [29/Apr/2011:01:53:28 +0000] "GET /root/Kreistag--39.html HTTP/1.1" 200 15091 "http://www.kyffhaeuser.de/lrakyf/index.php?id=79" "Mozilla/5.0 (Windows NT 5.1; rv:2.0) Gecko/20100101 Firefox/4.0"
79.248.189.57 - - [29/Apr/2011:01:53:55 +0000] "GET /root/MENUE_OBEN/Suche--2.html HTTP/1.1" 200 15186 "http://www.kyffhaeuser.de/lrakyf/index.php?id=39" "Mozilla/5.0 (Windows NT 5.1; rv:2.0) Gecko/20100101 Firefox/4.0"
67.195.115.40 - - [29/Apr/2011:01:55:11 +0000] "GET /root/MENUE_RECHTS/Wirtschaft___Verkehr/Gewerbe-_und_Indu.../GG_Bad_Frankenhausen--94.html HTTP/1.1" 200 25037 "" "Mozilla/5.0 (compatible; Yahoo! Slurp; http://help.yahoo.com/help/us/ysearch/slurp)"
65.52.110.76 - - [29/Apr/2011:01:58:59 +0000] "GET /root/Landkreis--85.html HTTP/1.1" 200 17985 "" "Mozilla/5.0 (compatible; bingbot/2.0; +http://www.bing.com/bingbot.htm)"
67.195.115.40 - - [29/Apr/2011:02:03:11 +0000] "GET /root/Soziales___Gesund.../Psychiatrieangebote--216.html HTTP/1.1" 200 18437 "" "Mozilla/5.0 (compatible; Yahoo! Slurp; http://help.yahoo.com/help/us/ysearch/slurp)"
67.195.115.40 - - [29/Apr/2011:02:07:35 +0000] "GET /root/MENUE_RECHTS/Bildung___Schule/Kinderg__rten--445.html HTTP/1.1" 200 16286 "" "Mozilla/5.0 (compatible; Yahoo! Slurp; http://help.yahoo.com/help/us/ysearch/slurp)"
67.195.115.40 - - [29/Apr/2011:02:10:49 +0000] "GET /root/Aktuelles/Pressemitteilungen/Dezember_2010--507.html HTTP/1.1" 200 47479 "" "Mozilla/5.0 (compatible; Yahoo! Slurp; http://help.yahoo.com/help/us/ysearch/slurp)"
67.195.115.40 - - [29/Apr/2011:02:11:21 +0000] "GET /root/B__rgerservice/Landratsamt--427.html HTTP/1.1" 200 26870 "" "Mozilla/5.0 (compatible; Yahoo! Slurp; http://help.yahoo.com/help/us/ysearch/slurp)"
77.20.40.115 - - [29/Apr/2011:02:11:52 +0000] "GET /root/B__rgerservice--86.html HTTP/1.1" 200 19149 "" "findlinks/2.0.2 (+http://wortschatz.uni-leipzig.de/findlinks/)"
67.195.115.40 - - [29/Apr/2011:02:17:44 +0000] "GET /root/MENUE_RECHTS/Jugend___Sport--72.html HTTP/1.1" 200 17257 "" "Mozilla/5.0 (compatible; Yahoo! Slurp; http://help.yahoo.com/help/us/ysearch/slurp)"
77.21.146.8 - - [29/Apr/2011:02:23:12 +0000] "GET /root/MENUE_RECHTS/Jugend___Sport/Sport--379.html HTTP/1.1" 200 22547 "" "findlinks/2.0.2 (+http://wortschatz.uni-leipzig.de/findlinks/)"
84.148.232.140 - - [29/Apr/2011:02:25:03 +0000] "GET /root/MENUE_RECHTS/Wirtschaft___Verkehr/Autobahnbau_A_38___A_71_--296.html HTTP/1.1" 200 17932 "http://www.google.de/search?source=ig&hl=de&rlz=1R2SUNC_deDE429&q=a71&aq=0&aqi=g10&aql=&oq=A71" "Mozilla/4.0 (compatible; MSIE 6.0; Windows NT 5.1; SV1; GTB6.6)"
84.148.232.140 - - [29/Apr/2011:02:26:35 +0000] "GET /root/MENUE_RECHTS/Wirtschaft___Verkehr/Autobahnbau_A_38___A_71_--296.html HTTP/1.1" 200 17932 "http://www.kyffhaeuser.de/lrakyf/index.php?id=296" "Mozilla/4.0 (compatible; MSIE 6.0; Windows NT 5.1; SV1; GTB6.6)"
65.52.110.14 - - [29/Apr/2011:02:29:25 +0000] "GET /root/Startseite--215.html HTTP/1.1" 200 39592 "" "Mozilla/5.0 (compatible; bingbot/2.0; +http://www.bing.com/bingbot.htm)"
91.201.66.56 - - [29/Apr/2011:02:32:00 +0000] "GET /root/Startseite--215.html HTTP/1.1" 200 39592 "http://www.kyffhaeuser.de/lrakyf/index.php" "Mozilla/4.0 (compatible; MSIE 6.0; Windows NT 5.1; TheFreeDictionary.com; .NET CLR 1.1.4322; .NET CLR 1.0.3705; .NET CLR 2.0.50727)"
95.108.245.252 - - [29/Apr/2011:02:38:26 +0000] "GET /root/Landkreis/St__dte_--48.html HTTP/1.1" 200 18378 "" "Mozilla/5.0 (compatible; YandexBot/3.0; +http://yandex.com/bots)"
65.52.108.14 - - [29/Apr/2011:02:39:52 +0000] "GET /root/Kontakt--4.html HTTP/1.1" 200 14140 "" "Mozilla/5.0 (compatible; bingbot/2.0; +http://www.bing.com/bingbot.htm)"
66.249.72.204 - - [29/Apr/2011:02:39:53 +0000] "GET /root/Aktuelles/Bekanntmachungen/1._Quartal_2008--403.html HTTP/1.1" 200 18780 "" "Mozilla/5.0 (compatible; Googlebot/2.1; +http://www.google.com/bot.html)"
119.63.196.126 - - [29/Apr/2011:02:44:49 +0000] "GET /root/Aktuelles/Baustellen_im_Landkreis--264.html HTTP/1.1" 200 18986 "" "Baiduspider+(+http://www.baidu.jp/spider/)"
67.195.115.40 - - [29/Apr/2011:02:46:18 +0000] "GET /root/Tourismus___Kultur/Landesmusikakademie--395.html HTTP/1.1" 200 20679 "" "Mozilla/5.0 (compatible; Yahoo! Slurp; http://help.yahoo.com/help/us/ysearch/slurp)"
66.249.72.204 - - [29/Apr/2011:02:48:01 +0000] "GET /root/MENUE_RECHTS/Wirtschaft___Verkehr/Firmendatenbank/Firmendatenbank--195.html HTTP/1.1" 200 14302 "" "Mozilla/5.0 (compatible; Googlebot/2.1; +http://www.google.com/bot.html)"
67.195.115.40 - - [29/Apr/2011:02:52:22 +0000] "GET /root/Aktuelles/Pressemitteilungen/Februar_2007--64.html HTTP/1.1" 200 21713 "" "Mozilla/5.0 (compatible; Yahoo! Slurp; http://help.yahoo.com/help/us/ysearch/slurp)"
81.30.151.154 - - [29/Apr/2011:02:53:42 +0000] "GET /root/MENUE_RECHTS/Wirtschaft___Verkehr/Gewerbe-_und_Indu.../IGG_Artern--106.html HTTP/1.1" 200 27338 "" "Mozilla/5.0"
81.30.151.154 - - [29/Apr/2011:02:53:47 +0000] "GET /root/Startseite--215.html HTTP/1.1" 200 39592 "" "Mozilla/5.0"
67.195.115.40 - - [29/Apr/2011:02:57:13 +0000] "GET /root/MENUE_RECHTS/Wirtschaft___Verkehr/Gewerbe-_und_Indu.../IGG_Ebeleben--107.html HTTP/1.1" 200 25295 "" "Mozilla/5.0 (compatible; Yahoo! Slurp; http://help.yahoo.com/help/us/ysearch/slurp)"
67.195.115.40 - - [29/Apr/2011:02:57:18 +0000] "GET /root/MENUE_RECHTS/Wirtschaft___Verkehr/Kyffh__user._Indu.../Kartenmaterial--248.html HTTP/1.1" 200 15742 "" "Mozilla/5.0 (compatible; Yahoo! Slurp; http://help.yahoo.com/help/us/ysearch/slurp)"
66.249.72.204 - - [29/Apr/2011:03:00:17 +0000] "GET /root/MENUE_RECHTS/Wirtschaft___Verkehr/Firmendatenbank/Firmendatenbank--195.html HTTP/1.1" 200 15950 "" "Mozilla/5.0 (compatible; Googlebot/2.1; +http://www.google.com/bot.html)"
